000
CXUS53 KEAX 010645
CLMDMO

CLIMATE REPORT
NATIONAL WEATHER SERVICE
139 AM CDT WED APR 01 2020

...................................

...THE SEDALIA MO CLIMATE SUMMARY FOR THE MONTH OF MARCH 2020...

CLIMATE NORMAL PERIOD: 1981 TO 2010
CLIMATE RECORD PERIOD: 9999 TO 9999

WEATHER         OBSERVED          NORMAL  DEPART   LAST YEAR`S
                VALUE   DATE(S)   VALUE   FROM     VALUE DATE(S)
                                          NORMAL
................................................................
TEMPERATURE (F)
HIGHEST           79   03/27         79       0       71  03/27
LOWEST            27   03/21         15      12       -2  03/04
AVG. MAXIMUM    59.0               56.7     2.3     50.5
AVG. MINIMUM    40.4               35.8     4.6     32.4
MEAN            49.7               46.2     3.5     41.4
DAYS MAX >= 90     0                0.0     0.0        0
DAYS MAX <= 32     0                0.9    -0.9        4
DAYS MIN <= 32     4               16.3   -12.3       13
DAYS MIN <= 0      0                0.0     0.0        1

PRECIPITATION (INCHES)
TOTALS          4.81               2.61    2.20     3.38
DAILY AVG.      0.16               0.08    0.08     0.11
DAYS >= .01       11                9.1     1.9        9
DAYS >= .10        8                5.8     2.2        5
DAYS >= .50        4                1.8     2.2        4
DAYS >= 1.00       2                0.3     1.7        1
GREATEST
 24 HR. TOTAL   1.15   03/09 TO 03/09


DEGREE DAYS
HEATING TOTAL    467                585    -118      723
 SINCE 7/1      4094               4202    -108     4897
COOLING TOTAL      1                  3      -2        0
 SINCE 1/1         1                  3      -2        0
................................................................

WIND (MPH)
AVERAGE WIND SPEED              10.0
HIGHEST WIND SPEED/DIRECTION    39/220    DATE  03/28
HIGHEST GUST SPEED/DIRECTION    53/200    DATE  03/28

SKY COVER
POSSIBLE SUNSHINE (PERCENT)   MM
AVERAGE SKY COVER           0.47
NUMBER OF DAYS FAIR           12
NUMBER OF DAYS PC             10
NUMBER OF DAYS CLOUDY          9

AVERAGE RH (PERCENT)     68

WEATHER CONDITIONS. NUMBER OF DAYS WITH
THUNDERSTORM              5     MIXED PRECIP               0
HEAVY RAIN                5     RAIN                       9
LIGHT RAIN               12     FREEZING RAIN              0
LT FREEZING RAIN          0     HAIL                       0
HEAVY SNOW                0     SNOW                       0
LIGHT SNOW                2     SLEET                      0
FOG                      17     FOG W/VIS <= 1/4 MILE      1
HAZE                      5

-  INDICATES NEGATIVE NUMBERS.
R  INDICATES RECORD WAS SET OR TIED.
MM INDICATES DATA IS MISSING.
T  INDICATES TRACE AMOUNT.

$$


USA.gov is the U.S. government's official web portal to all federal, state and local government web resources and services.
  • National Weather Service
  • WSO Pago Pago Weather Service Office
  • Pago Pago, AS
  • (684) 699-9130
  • Page Author: PPG Webmaster
  • Incorrect Region Format!
  • Web Master's E-mail:
  • Page last modified: Mar 10th, 2020 21:02 UTC