000
CXUS52 KCAE 011852
CLMDNL


CLIMATE REPORT
NATIONAL WEATHER SERVICE COLUMBIA SC
239 PM EDT WED APR 1 2020

...................................

...THE AUGUSTA DANIEL FIELD GA CLIMATE SUMMARY FOR THE MONTH OF MARCH 2020...

CLIMATE NORMAL PERIOD 1981 TO 2010
CLIMATE RECORD PERIOD 9999 TO 9999

WEATHER         OBSERVED          NORMAL  DEPART
                 VALUE   DATE(S)  VALUE   FROM
                                          NORMAL
................................................
TEMPERATURE (F)
HIGHEST            88   03/28        MM      MM
LOWEST             34   03/01        MM      MM
AVG. MAXIMUM     73.8              68.2     5.6
AVG. MINIMUM     55.6              47.1     8.5
MEAN             64.7              57.6     7.1
DAYS MAX >= 90      0               0.0     0.0
DAYS MAX <= 32      0               0.0     0.0
DAYS MIN <= 32      0               0.9    -0.9
DAYS MIN <= 0       0               0.0     0.0

PRECIPITATION (INCHES)
TOTALS           5.94              4.31    1.63
DAYS >= .01        12                MM      MM
DAYS >= .10         9                MM      MM
DAYS >= .50         4                MM      MM
DAYS >= 1.00        3                MM      MM
GREATEST
 24 HR. TOTAL    1.23   03/23 TO 03/23

SNOWFALL (INCHES)
DAYS >= TRACE       0

DEGREE_DAYS
HEATING TOTAL     112               250    -138
 SINCE 7/1       1472              2063    -591
COOLING TOTAL     111                22      89
 SINCE 1/1        144                26     118
.................................................

WIND (MPH)
AVERAGE WIND SPEED              6.3
RESULTANT WIND SPEED/DIRECTION   1/195
HIGHEST WIND SPEED/DIRECTION    28/310    DATE  03/06
HIGHEST GUST SPEED/DIRECTION    40/310    DATE  03/06

SKY COVER
POSSIBLE SUNSHINE (PERCENT)   MM
AVERAGE SKY COVER           0.40
NUMBER OF DAYS FAIR           15
NUMBER OF DAYS PC             10
NUMBER OF DAYS CLOUDY          6

AVERAGE RH (PERCENT)     67

WEATHER CONDITIONS. NUMBER OF DAYS WITH
THUNDERSTORM              3     MIXED PRECIP               0
HEAVY RAIN                8     RAIN                       9
LIGHT RAIN               15     FREEZING RAIN              0
LT FREEZING RAIN          0     HAIL                       0
HEAVY SNOW                0     SNOW                       0
LIGHT SNOW                0     SLEET                      0
FOG                      13     FOG W/VIS <= 1/4 MILE      3
HAZE                      1


-  INDICATES NEGATIVE NUMBERS.
R  INDICATES RECORD WAS SET OR TIED.
MM INDICATES DATA IS MISSING.
T  INDICATES TRACE AMOUNT.

$$



USA.gov is the U.S. government's official web portal to all federal, state and local government web resources and services.
  • National Weather Service
  • WSO Pago Pago Weather Service Office
  • Pago Pago, AS
  • (684) 699-9130
  • Page Author: PPG Webmaster
  • Incorrect Region Format!
  • Web Master's E-mail:
  • Page last modified: Mar 10th, 2020 21:02 UTC