000
CXUS55 KGJT 011236
CLMDRO


CLIMATE REPORT
NATIONAL WEATHER SERVICE GRAND JUNCTION CO
449 AM MST SUN MAR 1 2020

...................................

...THE DURANGO AIRPORT CO CLIMATE SUMMARY FOR THE MONTH OF FEBRUARY 2020...

CLIMATE NORMAL PERIOD 1981 TO 2010
CLIMATE RECORD PERIOD 9999 TO 9999

WEATHER         OBSERVED          NORMAL  DEPART  LAST YEAR`S
                 VALUE   DATE(S)  VALUE   FROM    VALUE  DATE(S)
                                          NORMAL
................................................................
TEMPERATURE (F)
HIGHEST            54   02/29        MM      MM       49  02/27
LOWEST              3   02/05        MM      MM      -12  02/20
AVG. MAXIMUM     44.7              42.6     2.1     35.4
AVG. MINIMUM     18.9              14.5     4.4      7.7
MEAN             31.8              28.5     3.3     21.5
DAYS MAX >= 90      0               0.0     0.0        0
DAYS MAX <= 32      2               2.1    -0.1        9
DAYS MIN <= 32     29              27.6     1.4       28
DAYS MIN <= 0       0               2.7    -2.7        8

PRECIPITATION (INCHES)
TOTALS           0.39              1.16   -0.77     2.28
DAILY AVG.       0.01                MM      MM     0.08
DAYS >= .01         2                MM      MM       14
DAYS >= .10         1                MM      MM        7
DAYS >= .50         0                MM      MM        1
DAYS >= 1.00        0                MM      MM        0
GREATEST
 24 HR. TOTAL    0.37   02/22 TO 02/22              0.79

SNOWFALL (INCHES)
TOTALS             MM                MM      MM       MM
SINCE 7/1          MM                MM      MM       MM
SNOWDEPTH AVG.     MM                MM      MM       MM
DAYS >= 1.0        MM                MM      MM       MM
GREATEST
 SNOW DEPTH        MM                                 MM  MM
 24 HR TOTAL       MM                                 MM

DEGREE_DAYS
HEATING TOTAL     958              1021     -63     1211
 SINCE 7/1       5129              5207     -78     5409
COOLING TOTAL       0                 0       0        0
 SINCE 1/1          0                 0       0        0
.................................................................

WIND (MPH)
AVERAGE WIND SPEED              6.4
HIGHEST WIND SPEED/DIRECTION    39/300    DATE  02/24
HIGHEST GUST SPEED/DIRECTION    55/270    DATE  02/24

SKY COVER
POSSIBLE SUNSHINE (PERCENT)   MM
AVERAGE SKY COVER           0.20
NUMBER OF DAYS FAIR           19
NUMBER OF DAYS PC              9
NUMBER OF DAYS CLOUDY          1

AVERAGE RH (PERCENT)     58

WEATHER CONDITIONS. NUMBER OF DAYS WITH
THUNDERSTORM              0     MIXED PRECIP                0
HEAVY RAIN                1     RAIN                        2
LIGHT RAIN                2     FREEZING RAIN               0
LT FREEZING RAIN          0     HAIL                        0
HEAVY SNOW                0     SNOW                        0
LIGHT SNOW                3     SLEET                       0
FOG                       4     FOG W/VIS <= 1/4 MILE       2
HAZE                      1


-  INDICATES NEGATIVE NUMBERS.
R  INDICATES RECORD WAS SET OR TIED.
MM INDICATES DATA IS MISSING.
T  INDICATES TRACE AMOUNT.

$$





USA.gov is the U.S. government's official web portal to all federal, state and local government web resources and services.
  • National Weather Service
  • WSO Pago Pago Weather Service Office
  • Pago Pago, AS
  • (684) 699-9130
  • Page Author: PPG Webmaster
  • Incorrect Region Format!
  • Web Master's E-mail:
  • Page last modified: Mar 10th, 2020 21:02 UTC