000
CXUS55 KTWC 020437
CLMDUG

CLIMATE REPORT
NATIONAL WEATHER SERVICE TUCSON AZ
937 PM MST SUN MAR 01 2020

...................................

...THE DOUGLAS AZ CLIMATE SUMMARY FOR THE MONTH OF FEBRUARY 2020...

CLIMATE NORMAL PERIOD 1981 TO 2010
CLIMATE RECORD PERIOD 1948 TO 2020

WEATHER         OBSERVED          NORMAL  DEPART   LAST YEAR`S
                VALUE   DATE(S)   VALUE   FROM     VALUE
                                          NORMAL
..............................................................
TEMPERATURE (F)
RECORD
 HIGH             86   02/10/2017
                       02/23/2009
                       02/14/1957
 LOW               0   02/04/2011
HIGHEST           74   02/18         78      -4
                       02/19
                       02/29
LOWEST            18   02/06         20      -2
AVG. MAXIMUM    64.8               66.4    -1.6
AVG. MINIMUM    32.4               32.8    -0.4
MEAN            48.6               49.6    -1.0
DAYS MAX >= 90     0                0.0     0.0
DAYS MAX >= 100    0
DAYS MIN <= 32    14               13.0     1.0
DAYS MIN >= 80     0

PRECIPITATION (INCHES)
RECORD
 MAXIMUM        2.33   1980
 MINIMUM        0.00   1999
TOTALS          0.51               0.65   -0.14     0.51
DAILY AVG.      0.02               0.02    0.00     0.02
DAYS >= .01        4                4.5    -0.5        6
DAYS >= .10        2                2.0     0.0        1
DAYS >= .50        0                0.2    -0.2        0
DAYS >= 1.00       0                0.0     0.0        0
GREATEST
 24 HR. TOTAL   0.43   02/10 TO 02/11               0.37


DEGREE DAYS
HEATING TOTAL    370                431     -61      539
 SINCE 7/1      1896               2062    -166     2285
COOLING TOTAL      0                  0       0        0
 SINCE 1/1         0                  0       0        0
..............................................................

WIND (MPH)
AVERAGE WIND SPEED              7.3
HIGHEST WIND SPEED/DIRECTION    33/180    DATE  02/10
HIGHEST GUST SPEED/DIRECTION    42/180    DATE  02/10

AVERAGE RH (PERCENT)     51


-  INDICATES NEGATIVE NUMBERS.
R  INDICATES RECORD WAS SET OR TIED.
MM INDICATES DATA IS MISSING.
T  INDICATES TRACE AMOUNT.

$$



USA.gov is the U.S. government's official web portal to all federal, state and local government web resources and services.
  • National Weather Service
  • WSO Pago Pago Weather Service Office
  • Pago Pago, AS
  • (684) 699-9130
  • Page Author: PPG Webmaster
  • Incorrect Region Format!
  • Web Master's E-mail:
  • Page last modified: Mar 10th, 2020 21:02 UTC