000
CXUS51 KPBZ 011349
CLMDUJ


CLIMATE REPORT
NATIONAL WEATHER SERVICE PITTSBURGH PA
949 AM EDT SUN SEP 1 2019

...................................

...THE DUBOIS CLIMATE SUMMARY FOR THE SEASON, FROM
6/1/2019 TO 8/31/2019...

CLIMATE NORMAL PERIOD 1981 TO 2010
CLIMATE RECORD PERIOD 1960 TO 2019

WEATHER         OBSERVED          NORMAL  DEPART  LAST YEAR`S
                 VALUE   DATE(S)  VALUE   FROM    VALUE  DATE(S)
                                          NORMAL
................................................................
TEMPERATURE (F)
RECORD
 HIGH              98   MM
 LOW               34   06/04/2019
HIGHEST            86   07/21        MM      MM       MM  MM
                        07/20
LOWEST             34R  06/04        MM      MM       MM  MM
AVG. MAXIMUM     77.3              77.1     0.2       MM
AVG. MINIMUM     57.3              56.4     0.9       MM
MEAN             67.3              66.8     0.5       MM
DAYS MAX >= 90      0               1.2    -1.2       MM
DAYS MAX <= 32      0               0.0     0.0       MM
DAYS MIN <= 32      0               0.0     0.0       MM
DAYS MIN <= 0       0               0.0     0.0       MM

PRECIPITATION (INCHES)
RECORD
 MAXIMUM           MM   MM
 MINIMUM           MM   MM
TOTALS          15.91             13.02    2.89       MM
DAILY AVG.       0.17              0.14    0.03       MM
DAYS >= .01        44              38.3     5.7       MM
DAYS >= .10        34              24.5     9.5       MM
DAYS >= .50        11               9.4     1.6       MM
DAYS >= 1.00        3               2.8     0.2       MM
GREATEST
 24 HR. TOTAL    1.26   MM
 STORM TOTAL       MM
 (MM/DD(HH))            MM

DEGREE_DAYS
HEATING TOTAL     112               148     -36       MM
 SINCE 7/1         27                62     -35       MM
COOLING TOTAL     355               309      46       MM
 SINCE 1/1        375               331      44       MM
.................................................................

WIND (MPH)
AVERAGE WIND SPEED              5.9
HIGHEST WIND SPEED/DIRECTION    31/310    DATE  08/18
HIGHEST GUST SPEED/DIRECTION    40/350    DATE  08/17

AVERAGE RH (PERCENT)     75

WEATHER CONDITIONS. NUMBER OF DAYS WITH
THUNDERSTORM             28     MIXED PRECIP               0
HEAVY RAIN               15     RAIN                      25
LIGHT RAIN               46     FREEZING RAIN              0
LT FREEZING RAIN          0     HAIL                       0
HEAVY SNOW                0     SNOW                       0
LIGHT SNOW                0     SLEET                      0
FOG                      64     FOG W/VIS <= 1/4 MILE     26
HAZE                      9

-  INDICATES NEGATIVE NUMBERS.
R  INDICATES RECORD WAS SET OR TIED.
MM INDICATES DATA IS MISSING.
T  INDICATES TRACE AMOUNT.

$$


USA.gov is the U.S. government's official web portal to all federal, state and local government web resources and services.
  • National Weather Service
  • WSO Pago Pago Weather Service Office
  • Pago Pago, AS
  • (684) 699-9130
  • Page Author: PPG Webmaster
  • Incorrect Region Format!
  • Web Master's E-mail:
  • Page last modified: Mar 10th, 2020 21:02 UTC