000
CXUS53 KDVN 042335
CLMDVN

CLIMATE REPORT
NATIONAL WEATHER SERVICE QUAD CITIES IA IL
412 AM CDT WED APR 1 2020

...................................

...THE DAVENPORT IA CLIMATE SUMMARY FOR THE MONTH OF MARCH 2020...

CLIMATE NORMAL PERIOD 1981 TO 2010
CLIMATE RECORD PERIOD 9999 TO 9999

WEATHER         OBSERVED          NORMAL  DEPART
                 VALUE   DATE(S)  VALUE   FROM
                                          NORMAL
................................................
TEMPERATURE (F)
HIGHEST            69   03/08        56      13
LOWEST             24   03/07        23       1
AVG. MAXIMUM     50.4              48.2     2.2
AVG. MINIMUM     33.7              28.1     5.6
MEAN             42.0              38.2     3.8
DAYS MAX >= 90      0
DAYS MAX <= 32      0
DAYS MIN <= 32     13
DAYS MIN <= 0       0

PRECIPITATION (INCHES)
TOTALS           3.09              2.52    0.57
DAILY AVG.       0.10              0.08    0.02
DAYS >= .01        10
DAYS >= .10         8
DAYS >= .50         1
DAYS >= 1.00        1
GREATEST
 24 HR. TOTAL    1.20   03/09 TO 03/09

SNOWFALL (INCHES)
TOTALS            5.1
SINCE 7/1        34.1
SNOWDEPTH AVG.      0
DAYS >= TRACE       6
DAYS >= 1.0         2
GREATEST
 SNOW DEPTH         3   03/23
 24 HR TOTAL      3.4   03/22 TO 03/22

DEGREE_DAYS
HEATING TOTAL     705               833    -128
 SINCE 7/1       5373              5858    -485
COOLING TOTAL       0                 0       0
 SINCE 1/1          0                 0       0
.................................................

WIND (MPH)
AVERAGE WIND SPEED              11.7
HIGHEST WIND SPEED/DIRECTION    37/270    DATE  03/29
HIGHEST GUST SPEED/DIRECTION    50/280    DATE  03/29

SKY COVER
POSSIBLE SUNSHINE (PERCENT)   MM
AVERAGE SKY COVER           0.60
NUMBER OF DAYS FAIR            8
NUMBER OF DAYS PC             10
NUMBER OF DAYS CLOUDY         13

AVERAGE RH (PERCENT)     71

WEATHER CONDITIONS. NUMBER OF DAYS WITH
THUNDERSTORM              3     HAIL                     0
SLEET                     0     FOG                     19
FOG W/VIS <= 1/4 MILE     7     HAZE                     9

-  INDICATES NEGATIVE NUMBERS.
R  INDICATES RECORD WAS SET OR TIED.
MM INDICATES DATA IS MISSING.
T  INDICATES TRACE AMOUNT.

$$

NOTE: SUPPLEMENTAL CLIMATE DATA WAS USED FROM A NEARBY
CLIMATOLOGICALLY REPRESENTATIVE STATION.



USA.gov is the U.S. government's official web portal to all federal, state and local government web resources and services.
  • National Weather Service
  • WSO Pago Pago Weather Service Office
  • Pago Pago, AS
  • (684) 699-9130
  • Page Author: PPG Webmaster
  • Incorrect Region Format!
  • Web Master's E-mail:
  • Page last modified: Mar 10th, 2020 21:02 UTC