000
CXUS53 KGID 031914 CCA
CLMEAR

CLIMATE REPORT...CORRECTED
NATIONAL WEATHER SERVICE HASTINGS NE
1239 PM CST SUN MAR 1 2020

...CORRECTED TYPOGRAPHICAL ERROR...

...................................

...THE KEARNEY CLIMATE SUMMARY FOR THE MONTH OF FEBRUARY 2020...

CLIMATE NORMAL PERIOD 1981 TO 2010
CLIMATE RECORD PERIOD 1894 TO 2020

WEATHER         OBSERVED          NORMAL  DEPART  LAST YEAR`S
                 VALUE   DATE(S)  VALUE   FROM    VALUE  DATE(S)
                                          NORMAL
................................................................
TEMPERATURE (F)
HIGHEST            65   02/29        66      -1       58  02/01
                        02/22
                        02/02
LOWEST             -6   02/20        -5      -1       -8  02/25
                                                          02/08
AVG. MAXIMUM     43.5              39.7     3.8     27.5
AVG. MINIMUM     18.7              16.6     2.1      9.4
MEAN             31.1              28.1     3.0     18.4
DAYS MAX >= 90      0               0.0     0.0        0
DAYS MAX <= 32      3               8.6    -5.6       21
DAYS MIN <= 32     28              26.5     1.5       28
DAYS MIN <= 0       2               3.0    -1.0        7

PRECIPITATION (INCHES)
TOTALS             MM              0.55      MM       MM
DAILY AVG.         MM                MM      MM
DAYS >= .01         M               4.2      MM
DAYS >= .10         M               1.7      MM
DAYS >= .50         M               0.2      MM
DAYS >= 1.00        M               0.0      MM
GREATEST
 24 HR. TOTAL       M

DEGREE_DAYS
HEATING TOTAL     975              1032     -57     1298
 SINCE 7/1       4604              4959    -355     5087
COOLING TOTAL       0                 0       0        0
 SINCE 1/1          0                 0       0        0
.................................................................

WIND (MPH)
AVERAGE WIND SPEED              11.9
HIGHEST WIND SPEED/DIRECTION    40/350
HIGHEST GUST SPEED/DIRECTION    46/350

AVERAGE RH (PERCENT)     65


-  INDICATES NEGATIVE NUMBERS.
R  INDICATES RECORD WAS SET OR TIED.
MM INDICATES DATA IS MISSING.
T  INDICATES TRACE AMOUNT.

&&

THE OFFICIAL PRECIPITATION...SNOWFALL...AND SNOW DEPTH OBSERVATION
FOR KEARNEY IS RECORDED DAILY BY THE COOPERATIVE OBSERVER AT 7 AM.
THAT INFORMATION FOLLOWS...

...KEARNEY 4NE COOPERATIVE OBSERVER REPORT FOR FEBRUARY 2020...

PRECIPITATION (IN)
     MONTH TO DATE......................  0.27
     YEAR TO DATE.......................  1.09

SNOWFALL (IN)
     MONTH TO DATE......................  2.9
     SEASONAL TOTAL (SINCE JULY 1ST).... 28.2
$$
JMBW/REED



USA.gov is the U.S. government's official web portal to all federal, state and local government web resources and services.
  • National Weather Service
  • WSO Pago Pago Weather Service Office
  • Pago Pago, AS
  • (684) 699-9130
  • Page Author: PPG Webmaster
  • Incorrect Region Format!
  • Web Master's E-mail:
  • Page last modified: Mar 10th, 2020 21:02 UTC