000
CXUS56 KOTX 020138 CCA
CLMEAT

CLIMATE REPORT
NATIONAL WEATHER SERVICE SPOKANE, WA
442 AM PST SUN MAR 1 2020

...................................

...THE WENATCHEE WA PANGBORN FIELD CLIMATE SUMMARY FOR THE MONTH OF FEBRUARY 2020...

CLIMATE NORMAL PERIOD 1981 TO 2010
CLIMATE RECORD PERIOD 1959 TO 2020

WEATHER         OBSERVED          NORMAL  DEPART  LAST YEAR`S
                 VALUE   DATE(S)  VALUE   FROM    VALUE  DATE(S)
                                          NORMAL
................................................................
TEMPERATURE (F)
RECORD
 HIGH              65   02/21/1988
 LOW              -15   02/03/1996
HIGHEST            57   02/27        42      15       39  02/21
                        02/26
                        02/01
LOWEST             21   02/19        28      -7        5  02/07
                                                          02/06
AVG. MAXIMUM     47.2              42.2     5.0     27.4
AVG. MINIMUM     28.6              27.1     1.5     16.4
MEAN             37.9              34.8     3.1     21.9
DAYS MAX >= 90      0                MM      MM        0
DAYS MAX <= 32      1                MM      MM       24
DAYS MIN <= 32     26                MM      MM       28
DAYS MIN <= 0       0                MM      MM        0

PRECIPITATION (INCHES)
RECORD
 MAXIMUM         2.30   1998
 MINIMUM         0.00   1988
TOTALS           0.10              0.81   -0.71     1.06
DAILY AVG.       0.00              0.03   -0.03     0.04
DAYS >= .01         3                MM      MM       10
DAYS >= .10         0                MM      MM        5
DAYS >= .50         0                MM      MM        0
DAYS >= 1.00        0                MM      MM        0
GREATEST
 24 HR. TOTAL    0.07   02/06 TO 02/06              0.21

DEGREE_DAYS
HEATING TOTAL     775               844     -69     1203
 SINCE 7/1       4426              4490     -64     4579
COOLING TOTAL       0                 0       0        0
 SINCE 1/1          0                 0       0        0
.................................................................

WIND (MPH)
AVERAGE WIND SPEED              6.7
HIGHEST WIND SPEED/DIRECTION    39/280    DATE  02/01
HIGHEST GUST SPEED/DIRECTION    49/300    DATE  02/01

SKY COVER
POSSIBLE SUNSHINE (PERCENT)   MM
AVERAGE SKY COVER           0.20
NUMBER OF DAYS FAIR           21
NUMBER OF DAYS PC              7
NUMBER OF DAYS CLOUDY          1

AVERAGE RH (PERCENT)     61

WEATHER CONDITIONS. NUMBER OF DAYS WITH
THUNDERSTORM              0     MIXED PRECIP               0
HEAVY RAIN                0     RAIN                       0
LIGHT RAIN                4     FREEZING RAIN              0
LT FREEZING RAIN          0     HAIL                       0
HEAVY SNOW                0     SNOW                       0
LIGHT SNOW                1     SLEET                      0
FOG                       4     FOG W/VIS <= 1/4 MILE      1
HAZE                      1

-  INDICATES NEGATIVE NUMBERS.
R  INDICATES RECORD WAS SET OR TIED.
MM INDICATES DATA IS MISSING.
T  INDICATES TRACE AMOUNT.

$$

FEBRUARY 2020 BROUGHT WARMER THAN NORMAL AND DRIER THAN NORMAL
CONDITIONS TO NORTH CENTRAL WASHINGTON.  EXCEPTION IS NEAR THE
CASCADE CREST WHERE AN EXCEPTIONALLY WET PERIOD FROM THE 1ST THROUGH
THE 8TH BROUGHT SEVERAL ROUNDS OF RAIN AND SNOW.  DURING THIS PERIOD
HOLDEN VILLAGE (LOCATED IN THE MOUNTAINS NEAR THE UPPER END OF LAKE
CHELAN) RECEIVED 4.53 INCHES OF PRECIPITATION WHILE WENATCHEE IN THE
PRECIPITATION SHADOW OFF THE CASCADES ONLY RECEIVED 0.08 INCHES.
ALSO NOTEWORTHY DURING THIS STRETCH WAS MILD AND WINDY CONDITIONS ON
THE 1ST WHEN WENATCHEE REACHED 57F WITH A PEAK WIND OF 49 MPH. THE
NORTH PORTION OF THE OKANOGAN VALLEY ALSO RECEIVED MODERATE SNOWFALL
ON THE 5TH AND 6TH WITH OROVILLE COMING IN WITH 9 INCHES AND
TONASKET 7 INCHES. A THE NEXT SIGNIFICANT EVENT OCCURRED ON THE
23RD. A STRONG COLD FRONT PASSAGE PRODUCED HEAVY MOUNTAIN SNOW ALONG
THE CASCADE CREST, AND WINDY CONDITIONS FOR WENATCHEE. PEAK WIND
GUSTS INCLUDE 61 MPH MATTAWA, 53 MPH I-90 DODSON ROAD WEST OF MOSES
LAKE, 49 MPH MOSES LAKE, 45 MPH EPHRATA, AND 42 MPH WENATCHEE. AN
AREA OF BLOWING DUST ALSO OCCURRED ON I-90 BETWEEN MOSES LAKE AND
RITZVILLE.

THE HIGH TEMPERATURE OF 57F AT THE WENATCHEE AIRPORT ON THE 1ST
BROKE A RECORD FOR THE DATE.


USA.gov is the U.S. government's official web portal to all federal, state and local government web resources and services.
  • National Weather Service
  • WSO Pago Pago Weather Service Office
  • Pago Pago, AS
  • (684) 699-9130
  • Page Author: PPG Webmaster
  • Incorrect Region Format!
  • Web Master's E-mail:
  • Page last modified: Mar 10th, 2020 21:02 UTC