000
CXUS53 KMPX 022122 CCA
CLMEAU

CLIMATE REPORT
NATIONAL WEATHER SERVICE CHANHASSEN MN
427 AM CST SUN MAR 1 2020

...................................

...THE EAU CLAIRE WI CLIMATE SUMMARY FOR THE MONTH OF FEBRUARY 2020...

CLIMATE NORMAL PERIOD 1981 TO 2010
CLIMATE RECORD PERIOD 1893 TO 2020

WEATHER         OBSERVED          NORMAL  DEPART  LAST YEAR`S
                 VALUE   DATE(S)  VALUE   FROM    VALUE  DATE(S)
                                          NORMAL
................................................................
TEMPERATURE (F)
RECORD
 HIGH              61   02/27/2016
                        02/24/1931
 LOW              -40   02/10/1899
HIGHEST            47   02/02        44       3       41  02/03
LOWEST            -16   02/14       -10      -6      -21  02/09
AVG. MAXIMUM     29.9              28.9     1.0     21.7
AVG. MINIMUM      8.0               9.9    -1.9      2.7
MEAN             18.9              19.4    -0.5     12.2
DAYS MAX >= 90      0               0.0     0.0        0
DAYS MAX <= 32     17              15.8     1.2       25
DAYS MIN <= 32     29              27.1     1.9       27
DAYS MIN <= 0       7               7.7    -0.7       11

PRECIPITATION (INCHES)
RECORD
 MAXIMUM         3.87   2019
 MINIMUM         0.02   1958
TOTALS           0.35              0.81   -0.46     3.87
DAILY AVG.       0.01                MM      MM     0.14
DAYS >= .01         4               7.2    -3.2       12
DAYS >= .10         2               2.3    -0.3        9
DAYS >= .50         0               0.3    -0.3        3
DAYS >= 1.00        0               0.0     0.0        0
GREATEST
 24 HR. TOTAL    0.19   02/09 TO 02/09

SNOWFALL (INCHES)
RECORDS
 TOTAL           53.7   2019
TOTALS            6.6               7.3    -0.7     53.7
SINCE 7/1        50.3              36.3    14.0     77.2
SNOWDEPTH AVG.      9                MM      MM       13
DAYS >= 1.0         2               2.6    -0.6       10
GREATEST
 SNOW DEPTH        13   02/10                         24  02/27
 24 HR TOTAL      4.0   02/09 TO 02/09

DEGREE_DAYS
HEATING TOTAL    1326              1276      50     1473
 SINCE 7/1       5773              6061    -288     6364
COOLING TOTAL       0                 0       0        0
 SINCE 1/1          0                 0       0        0
.................................................................

WIND (MPH)
AVERAGE WIND SPEED              6.8
HIGHEST WIND SPEED/DIRECTION    26/230    DATE  02/21
HIGHEST GUST SPEED/DIRECTION    37/230    DATE  02/21

SKY COVER
POSSIBLE SUNSHINE (PERCENT)   MM
AVERAGE SKY COVER           0.30
NUMBER OF DAYS FAIR           17
NUMBER OF DAYS PC              9
NUMBER OF DAYS CLOUDY          3

AVERAGE RH (PERCENT)     64


-  INDICATES NEGATIVE NUMBERS.
R  INDICATES RECORD WAS SET OR TIED.
MM INDICATES DATA IS MISSING.
T  INDICATES TRACE AMOUNT.

$$


USA.gov is the U.S. government's official web portal to all federal, state and local government web resources and services.
  • National Weather Service
  • WSO Pago Pago Weather Service Office
  • Pago Pago, AS
  • (684) 699-9130
  • Page Author: PPG Webmaster
  • Incorrect Region Format!
  • Web Master's E-mail:
  • Page last modified: Mar 10th, 2020 21:02 UTC