000
CXUS52 KAKQ 031115
CLMECG


CLIMATE REPORT
NATIONAL WEATHER SERVICE WAKEFIELD, VA
600 AM EST TUE MAR 3 2020

...................................

...THE ELIZABETH CITY NC CLIMATE SUMMARY FOR THE MONTH OF FEBRUARY 2020...

CLIMATE NORMAL PERIOD 1981 TO 2010
CLIMATE RECORD PERIOD 1934 TO 2020

WEATHER         OBSERVED          NORMAL  DEPART  LAST YEAR`S
                 VALUE   DATE(S)  VALUE   FROM    VALUE  DATE(S)
                                          NORMAL
................................................................
TEMPERATURE (F)
RECORD
 HIGH              82   02/12/2017
                        02/27/1997
                        02/03/1989
 LOW                5   02/05/1996
HIGHEST            78   02/13        75       3       78  02/08
                                                          02/07
LOWEST             23   02/22        20       3       27  02/01
AVG. MAXIMUM     59.9              53.9     6.0     59.3
AVG. MINIMUM     40.2              34.4     5.8     40.1
MEAN             50.1              44.1     6.0     49.7
DAYS MAX >= 90      0               0.0     0.0        0
DAYS MAX <= 32      0               0.1    -0.1        0
DAYS MIN <= 32      6              10.8    -4.8        4
DAYS MIN <= 0       0               0.0     0.0        0

PRECIPITATION (INCHES)
RECORD
 MAXIMUM           MM   MM
 MINIMUM           MM   MM
TOTALS           6.86              3.18    3.68     4.33
DAILY AVG.       0.24                MM      MM     0.15
DAYS >= .01        18               8.7     9.3       14
DAYS >= .10         9               5.3     3.7        8
DAYS >= .50         2               2.0     0.0        3
DAYS >= 1.00        2               0.6     1.4        1
GREATEST
 24 HR. TOTAL    3.09   02/06 TO 02/06

SNOWFALL (INCHES)
RECORDS
 TOTAL             MM   MM
TOTALS            1.4
SINCE 7/1         1.4                MM      MM        T
SNOWDEPTH AVG.      0                MM      MM        0
DAYS >= 1.0         1                MM      MM        0
GREATEST
 SNOW DEPTH         1   02/21                          0  MM
 24 HR TOTAL      1.1   02/20 TO 02/20           02/20 TO 02/20
                                                          02/20 TO 02/20EATHER         OBSERVED          NORMAL  DEPART  LAST YEAR`S
                                                          02/20 TO 02/20EATHER         OBSERVED          NORMAL  DEPART  LAST YEAR`S

DEGREE_DAYS
HEATING TOTAL     432               585    -153      424
 SINCE 7/1       1849              2491    -642     2124
COOLING TOTAL       4                 1       3        4
 SINCE 1/1         14                 2      12        4
.................................................................

WIND (MPH)
AVERAGE WIND SPEED              9.6
HIGHEST WIND SPEED/DIRECTION    44/230    DATE  02/07
HIGHEST GUST SPEED/DIRECTION    60/230    DATE  02/07

SKY COVER
POSSIBLE SUNSHINE (PERCENT)   MM
AVERAGE SKY COVER           0.50

AVERAGE RH (PERCENT)     67

WEATHER CONDITIONS. NUMBER OF DAYS WITH
THUNDERSTORM              0     MIXED PRECIP               0
HEAVY RAIN                4     RAIN                       6
LIGHT RAIN                18    FREEZING RAIN              0
LT FREEZING RAIN          0     HAIL                       0
HEAVY SNOW                0     SNOW                       1
LIGHT SNOW                2     SLEET                      0
FOG                       15    FOG W/VIS <= 1/4 MILE      6
HAZE                      3

-  INDICATES NEGATIVE NUMBERS.
R  INDICATES RECORD WAS SET OR TIED.
MM INDICATES DATA IS MISSING.
T  INDICATES TRACE AMOUNT.

$$



USA.gov is the U.S. government's official web portal to all federal, state and local government web resources and services.
  • National Weather Service
  • WSO Pago Pago Weather Service Office
  • Pago Pago, AS
  • (684) 699-9130
  • Page Author: PPG Webmaster
  • Incorrect Region Format!
  • Web Master's E-mail:
  • Page last modified: Mar 10th, 2020 21:02 UTC