000
CXUS55 KGJT 011236
CLMEEO


CLIMATE REPORT
NATIONAL WEATHER SERVICE GRAND JUNCTION CO
449 AM MST SUN MAR 1 2020

...................................

...THE MEEKER CO CLIMATE SUMMARY FOR THE MONTH OF FEBRUARY 2020...

CLIMATE NORMAL PERIOD 1981 TO 2010
CLIMATE RECORD PERIOD 9999 TO 9999

WEATHER         OBSERVED          NORMAL  DEPART  LAST YEAR`S
                 VALUE   DATE(S)  VALUE   FROM    VALUE  DATE(S)
                                          NORMAL
................................................................
TEMPERATURE (F)
HIGHEST            52   02/02        MM      MM       48  02/02
LOWEST            -16   02/05        MM      MM      -10  02/23
                                                          02/08
AVG. MAXIMUM     34.3              37.9    -3.6     36.6
AVG. MINIMUM      2.9              11.8    -8.9     11.5
MEAN             18.6              24.9    -6.3     24.1
DAYS MAX >= 90      0               0.0     0.0        0
DAYS MAX <= 32     12               6.7     5.3        7
DAYS MIN <= 32     29              27.5     1.5       27
DAYS MIN <= 0      11               4.9     6.1        7

PRECIPITATION (INCHES)
TOTALS           0.83              1.02   -0.19     0.71
DAILY AVG.       0.03                MM      MM     0.03
DAYS >= .01         8                MM      MM       12
DAYS >= .10         3                MM      MM        3
DAYS >= .50         0                MM      MM        0
DAYS >= 1.00        0                MM      MM        0
GREATEST
 24 HR. TOTAL    0.42   02/06 TO 02/06              0.13

SNOWFALL (INCHES)
TOTALS             MM                MM      MM       MM
SINCE 7/1          MM                MM      MM       MM
SNOWDEPTH AVG.     MM                MM      MM       MM
DAYS >= 1.0        MM                MM      MM       MM
GREATEST
 SNOW DEPTH        MM                                 MM  MM
 24 HR TOTAL       MM                                 MM

DEGREE_DAYS
HEATING TOTAL    1339              1124     215     1140
 SINCE 7/1       6079              5840     239     5729
COOLING TOTAL       0                 0       0        0
 SINCE 1/1          0                 0       0        0
.................................................................

WIND (MPH)
AVERAGE WIND SPEED              4.4
HIGHEST WIND SPEED/DIRECTION    36/030    DATE  02/08
HIGHEST GUST SPEED/DIRECTION    52/180    DATE  02/02

SKY COVER
POSSIBLE SUNSHINE (PERCENT)   MM
AVERAGE SKY COVER           0.40
NUMBER OF DAYS FAIR           12
NUMBER OF DAYS PC             12
NUMBER OF DAYS CLOUDY          5

AVERAGE RH (PERCENT)     67

WEATHER CONDITIONS. NUMBER OF DAYS WITH
THUNDERSTORM              0     MIXED PRECIP                0
HEAVY RAIN                0     RAIN                        0
LIGHT RAIN                2     FREEZING RAIN               0
LT FREEZING RAIN          0     HAIL                        0
HEAVY SNOW                2     SNOW                        4
LIGHT SNOW               15     SLEET                       0
FOG                      13     FOG W/VIS <= 1/4 MILE       2
HAZE                      4


-  INDICATES NEGATIVE NUMBERS.
R  INDICATES RECORD WAS SET OR TIED.
MM INDICATES DATA IS MISSING.
T  INDICATES TRACE AMOUNT.

$$





USA.gov is the U.S. government's official web portal to all federal, state and local government web resources and services.
  • National Weather Service
  • WSO Pago Pago Weather Service Office
  • Pago Pago, AS
  • (684) 699-9130
  • Page Author: PPG Webmaster
  • Incorrect Region Format!
  • Web Master's E-mail:
  • Page last modified: Mar 10th, 2020 21:02 UTC