000
CXUS56 KEKA 041309
CLMEKA

CLIMATE REPORT
NATIONAL WEATHER SERVICE EUREKA CA
539 AM PDT SAT APR 4 2020

...................................

...THE EUREKA CA CLIMATE SUMMARY FOR THE MONTH OF MARCH 2020...

CLIMATE NORMAL PERIOD 1981 TO 2010
CLIMATE RECORD PERIOD 1886 TO 2020

WEATHER         OBSERVED          NORMAL  DEPART  LAST YEAR`S
                 VALUE   DATE(S)  VALUE   FROM    VALUE
                                          NORMAL
.............................................................
TEMPERATURE (F)
RECORD
 HIGH              78   03/27/1930
                        03/19/1914
 LOW               29   03/01/1917
                        03/03/1896

HIGHEST            59   03/29                MM
LOWEST             32   03/16                MM
AVG. MAXIMUM     53.8                      -2.9
AVG. MINIMUM     40.7                      -1.9
MEAN             47.3                      -2.4

PRECIPITATION (INCHES)
RECORD
 MAXIMUM        19.05   1904
 MINIMUM         0.07   1926
TOTALS           3.69              5.30   -1.61
DAYS >= .01        14              16.2    -2.2       14
DAYS >= .10         7              11.3    -4.3       11
DAYS >= .50         3               3.9    -0.9        2
DAYS >= 1.00        0               0.9    -0.9        2
GREATEST
 24 HR. TOTAL    1.15   03/14 TO 03/15

SNOWFALL (INCHES)
 LIQUID 7/1      0.00                        MM

DEGREE_DAYS
HEATING TOTAL     544               476      68      500
 SINCE 7/1       3241              3398    -157     3474
COOLING TOTAL       0                 0       0        0
 SINCE 1/1          0                 0       0        0
..............................................................

WIND (MPH)
AVERAGE WIND SPEED              5.2
HIGHEST WIND SPEED/DIRECTION    21/360    DATE  03/01
HIGHEST GUST SPEED/DIRECTION    38/MM     DATE  03/01

SKY COVER
POSSIBLE SUNSHINE (PERCENT)   MM
AVERAGE SKY COVER           0.60
NUMBER OF DAYS FAIR            7
NUMBER OF DAYS PC             11
NUMBER OF DAYS CLOUDY         13


WEATHER CONDITIONS. NUMBER OF DAYS WITH
THUNDERSTORM              0     HEAVY RAIN                 1
RAIN                      1     LIGHT RAIN                16
HAIL                      1     SLEET                      0
FOG                       9     FOG W/VIS <= 1/4 MILE      2
HAZE                      2

-  INDICATES NEGATIVE NUMBERS.
R  INDICATES RECORD WAS SET OR TIED.
MM INDICATES DATA IS MISSING.
T  INDICATES TRACE AMOUNT.
.REMARKS...A SERIES OF WEAK WEATHER SYSTEMS BROUGHT SOME WELCOME
RAIN TO EUREKA THROUGH THE MONTH OF MARCH. RAINFALL STILL ENDED THE
MONTH BELOW NORMAL, BUT IT WAS 70 PERCENT OF NORMAL. THIS WAS A
SIGNIFICANT IMPROVEMENT OVER LAST MONTH WHEN EUREKA SAW ONLY 10
PERCENT OF ITS NORMAL RAINFALL. TEMPERATURES ENDED THE MONTH BELOW
NORMAL, ESPECIALLY THE HIGH TEMPERATURES WHICH WERE NEARLY 3 DEGREES
BELOW NORMAL. THIS WAS PARTIALLY JUST DUE TO A COOL AIRMASS OVER THE
AREA. HOWEVER, THE ABSENCE OF SOUTHERLY WINDS AHEAD OF STRONG
WEATHER SYSTEMS MAY HAVE ALSO PLAYED A ROLE IN KEEPING TEMPERATURES
COOL. MKK

$$



USA.gov is the U.S. government's official web portal to all federal, state and local government web resources and services.
  • National Weather Service
  • WSO Pago Pago Weather Service Office
  • Pago Pago, AS
  • (684) 699-9130
  • Page Author: PPG Webmaster
  • Incorrect Region Format!
  • Web Master's E-mail:
  • Page last modified: Mar 10th, 2020 21:02 UTC