000
CXUS51 KRLX 030354
CLMEKN


CLIMATE REPORT
NATIONAL WEATHER SERVICE CHARLESTON WV
1152 PM EDT THU APR 2 2020

...................................

...THE ELKINS WV CLIMATE SUMMARY FOR THE MONTH OF MARCH 2020...

CLIMATE NORMAL PERIOD 1981 TO 2010
CLIMATE RECORD PERIOD 1899 TO 2020

WEATHER         OBSERVED          NORMAL  DEPART  LAST YEAR`S
                 VALUE   DATE(S)  VALUE   FROM    VALUE
                                          NORMAL
.............................................................
TEMPERATURE (F)
RECORD
 HIGH              86   03/25/1929
 LOW              -15   03/02/1978
HIGHEST            84   03/28                         77
LOWEST             10   03/01                          9
AVG. MAXIMUM     59.7              51.7     8.0     51.2
AVG. MINIMUM     36.1              28.0     8.1     27.8
MEAN             47.9              39.8     8.1     39.5
DAYS MAX >= 90      0               0.0     0.0        0
DAYS MAX <= 32      0               1.8    -1.8
DAYS MIN <= 32     11              20.4    -9.4       22
DAYS MIN <= 0       0               0.2    -0.2        0

PRECIPITATION (INCHES)
RECORD
 MAXIMUM         8.85   1963
 MINIMUM         0.68   1910
TOTALS           3.05              3.96   -0.91     2.13
DAILY AVG.       0.10              0.13   -0.03     0.07
DAYS >= .01        21              16.4     4.6       15
DAYS >= .10        12               9.6     2.4        8
DAYS >= .50         0               2.4    -2.4        0
DAYS >= 1.00        0               0.5    -0.5        0
GREATEST
 24 HR. TOTAL    0.42   03/02 TO 03/02

SNOWFALL (INCHES)
RECORDS
 TOTAL           41.6   1999
 24 HR TOTAL     16.9   03/13/1993 TO 03/13/1993
 SNOW DEPTH        20   03/21/1936
TOTALS            3.0              12.5    -9.5      5.8
SINCE 7/1        33.1              78.0   -44.9     35.0
SNOWDEPTH AVG.      0
DAYS >= TRACE       2               7.4    -5.4        9
DAYS >= 1.0         2               3.8    -1.8        3
GREATEST
 24 HR TOTAL      2.0   03/06 TO 03/06

DEGREE_DAYS
HEATING TOTAL     527               780    -253      783
 SINCE 7/1       4062              5101   -1039     4677
COOLING TOTAL       6                 0       6        0
 SINCE 1/1          6                 0       6        0
..............................................................

WIND (MPH)
AVERAGE WIND SPEED              6.1
HIGHEST WIND SPEED/DIRECTION    31/250    DATE  03/30
HIGHEST GUST SPEED/DIRECTION    48/260    DATE  03/03

SKY COVER
POSSIBLE SUNSHINE (PERCENT)   MM
AVERAGE SKY COVER           0.60
NUMBER OF DAYS FAIR            8
NUMBER OF DAYS PC             11
NUMBER OF DAYS CLOUDY         12

AVERAGE RH (PERCENT)     63

-  INDICATES NEGATIVE NUMBERS.
R  INDICATES RECORD WAS SET OR TIED.
MM INDICATES DATA IS MISSING.
T  INDICATES TRACE AMOUNT.

$$




USA.gov is the U.S. government's official web portal to all federal, state and local government web resources and services.
  • National Weather Service
  • WSO Pago Pago Weather Service Office
  • Pago Pago, AS
  • (684) 699-9130
  • Page Author: PPG Webmaster
  • Incorrect Region Format!
  • Web Master's E-mail:
  • Page last modified: Mar 10th, 2020 21:02 UTC