000
CXUS53 KTOP 011424
CLMEMP


CLIMATE REPORT
NATIONAL WEATHER SERVICE TOPEKA KS
913 AM CDT WED APR 1 2020

...................................

...THE EMPORIA KS CLIMATE SUMMARY FOR THE MONTH OF MARCH 2020...

CLIMATE NORMAL PERIOD 1981 TO 2010
CLIMATE RECORD PERIOD 9999 TO 9999

WEATHER         OBSERVED          NORMAL  DEPART  LAST YEAR`S
                 VALUE   DATE(S)  VALUE   FROM    VALUE
                                          NORMAL
.............................................................
TEMPERATURE (F)
HIGHEST            76   03/25                         75
LOWEST             22   03/21                         -3
AVG. MAXIMUM     59.8              57.4     2.4     51.5
AVG. MINIMUM     39.0              33.4     5.6     30.0
MEAN             49.4              45.4     4.0     40.7
DAYS MAX >= 90      0               0.0     0.0        0
DAYS MAX <= 32      0               0.8    -0.8        3
DAYS MIN <= 32      5              13.9    -8.9       19
DAYS MIN <= 0       0               0.0     0.0        1

PRECIPITATION (INCHES)
TOTALS           2.67              2.53    0.14     2.11
DAILY AVG.       0.09                               0.07
DAYS >= .01        13                                  9
DAYS >= .10         9                                  3
DAYS >= .50         0                                  2
DAYS >= 1.00        0                                  0
GREATEST
 24 HR. TOTAL    0.49   03/11 TO 03/11              0.76
                        03/09 TO 03/09

DEGREE_DAYS
HEATING TOTAL     475               610    -135      744
 SINCE 7/1       4150              4432    -282     4787
COOLING TOTAL       0                 2      -2        0
 SINCE 1/1          0                 2      -2        0
..............................................................

WIND (MPH)
AVERAGE WIND SPEED              10.9
HIGHEST WIND SPEED/DIRECTION    41/190    DATE  03/08
HIGHEST GUST SPEED/DIRECTION    56/190    DATE  03/08

SKY COVER
POSSIBLE SUNSHINE (PERCENT)   MM
AVERAGE SKY COVER           0.50
NUMBER OF DAYS FAIR           13
NUMBER OF DAYS PC              8
NUMBER OF DAYS CLOUDY         10

AVERAGE RH (PERCENT)     72


-  INDICATES NEGATIVE NUMBERS.
R  INDICATES RECORD WAS SET OR TIED.
MM INDICATES DATA IS MISSING.
T  INDICATES TRACE AMOUNT.

$$



USA.gov is the U.S. government's official web portal to all federal, state and local government web resources and services.
  • National Weather Service
  • WSO Pago Pago Weather Service Office
  • Pago Pago, AS
  • (684) 699-9130
  • Page Author: PPG Webmaster
  • Incorrect Region Format!
  • Web Master's E-mail:
  • Page last modified: Mar 10th, 2020 21:02 UTC