000
CXUS51 KCLE 011554
CLMERI


CLIMATE REPORT
NATIONAL WEATHER SERVICE CLEVELAND OH
1143 AM EDT WED APR 1 2020

...................................

...THE ERIE PA CLIMATE SUMMARY FOR THE MONTH OF MARCH 2020...

CLIMATE NORMAL PERIOD 1981 TO 2010
CLIMATE RECORD PERIOD 1873 TO 2020

WEATHER         OBSERVED          NORMAL  DEPART  LAST YEAR`S
                 VALUE   DATE(S)  VALUE   FROM    VALUE
                                          NORMAL
.............................................................
TEMPERATURE (F)
RECORD
 HIGH              82   03/31/1998
                        03/30/1998
                        03/28/1945
 LOW              -10   03/12/1948
HIGHEST            76   03/29
LOWEST             19   03/22
AVG. MAXIMUM     50.9              43.8     7.1     41.3
AVG. MINIMUM     34.7              27.5     7.2     25.7
MEAN             42.8              35.7     7.1     33.5
DAYS MAX >= 90      0               0.0     0.0        0
DAYS MAX <= 32      1               5.4    -4.4        7
DAYS MIN <= 32     11              21.9   -10.9       24
DAYS MIN <= 0       0               0.0     0.0        0

PRECIPITATION (INCHES)
RECORD
 MAXIMUM         7.36   1913
 MINIMUM         0.53   1910
TOTALS           3.70              2.95    0.75     3.49
DAYS >= .01        19              14.3     4.7       16
DAYS >= .10        11               7.9     3.1        6
DAYS >= .50         3               1.3     1.7        2
DAYS >= 1.00        0               0.4    -0.4        1
GREATEST
 24 HR. TOTAL    0.68   03/29 TO 03/29              1.08

SNOWFALL (INCHES)
RECORDS
 TOTAL           36.0   2018
TOTALS              T              13.7   -13.7      5.1
SINCE 7/1        66.3              97.7   -31.4     90.3
DAYS >= 1.0         0               3.8    -3.8        2
GREATEST
 24 HR TOTAL        T   03/21 TO 03/21

DEGREE_DAYS
HEATING TOTAL     680               911    -231      967
 SINCE 7/1       4473              5276    -803     5173
COOLING TOTAL       0                 1      -1        0
 SINCE 1/1          0                 1      -1        0
..............................................................

WIND (MPH)
AVERAGE WIND SPEED              10.0
HIGHEST WIND SPEED/DIRECTION    35/250    DATE  03/20
HIGHEST GUST SPEED/DIRECTION    48/250    DATE  03/20

SKY COVER
AVERAGE SKY COVER           0.60

AVERAGE RH (PERCENT)     69

WEATHER CONDITIONS. NUMBER OF DAYS WITH
THUNDER 1
FOG 20
DENSE FOG 3
HAZE 12

-  INDICATES NEGATIVE NUMBERS.
R  INDICATES RECORD WAS SET OR TIED.
MM INDICATES DATA IS MISSING.
T  INDICATES TRACE AMOUNT.

$$



USA.gov is the U.S. government's official web portal to all federal, state and local government web resources and services.
  • National Weather Service
  • WSO Pago Pago Weather Service Office
  • Pago Pago, AS
  • (684) 699-9130
  • Page Author: PPG Webmaster
  • Incorrect Region Format!
  • Web Master's E-mail:
  • Page last modified: Mar 10th, 2020 21:02 UTC