000
CXUS56 KPQR 011441
CLMEUG

CLIMATE REPORT
NATIONAL WEATHER SERVICE PORTLAND OREGON
736 AM PDT WED APR 1 2020

...................................

...THE EUGENE OR CLIMATE SUMMARY FOR THE MONTH OF MARCH 2020...

CLIMATE NORMAL PERIOD 1981 TO 2010
CLIMATE RECORD PERIOD 1892 TO 2020

WEATHER         OBSERVED          NORMAL  DEPART  LAST YEAR`S
                 VALUE   DATE(S)  VALUE   FROM    VALUE  DATE(S)
                                          NORMAL
................................................................
TEMPERATURE (F)
HIGHEST            69                                 77  03/18
LOWEST             28                                 23  03/04
AVG. MAXIMUM     55.8              56.2    -0.4     56.3
AVG. MINIMUM     35.0              37.1    -2.1     33.7
MEAN             45.4              46.7    -1.3     45.0
DAYS MAX >= 90      0               0.0     0.0        0
DAYS MAX <= 32      0               0.0     0.0        0
DAYS MIN <= 32     13               6.1     6.9       13
DAYS MIN <= 0       0               0.0     0.0        0

PRECIPITATION (INCHES)
RECORD
 MAXIMUM        12.46   1974
 MINIMUM         0.40   1926
TOTALS           3.00              4.99   -1.99     1.09
DAYS >= .01        13              17.7    -4.7       13
DAYS >= .10        10              11.7    -1.7        5
DAYS >= .50         2               3.2    -1.2        0
DAYS >= 1.00        0               0.7    -0.7        0
GREATEST
 24 HR. TOTAL    0.77   03/30 TO 03/30

DEGREE_DAYS
HEATING TOTAL     599               569      30      612
 SINCE 7/1       3735              3896    -161     3781
COOLING TOTAL       0                 0       0        0
 SINCE 1/1          0                 0       0        0
.................................................................

WIND (MPH)
AVERAGE WIND SPEED              6.8
RESULTANT WIND SPEED/DIRECTION   1/240
HIGHEST WIND SPEED/DIRECTION    26/290    DATE  03/31
HIGHEST GUST SPEED/DIRECTION    33/020    DATE  03/16

SKY COVER
POSSIBLE SUNSHINE (PERCENT)   MM
AVERAGE SKY COVER           0.60
NUMBER OF DAYS FAIR            6
NUMBER OF DAYS PC             13
NUMBER OF DAYS CLOUDY         12

AVERAGE RH (PERCENT)     74

WEATHER CONDITIONS. NUMBER OF DAYS WITH
THUNDERSTORMS             1     MIXED PRECIP                0
HEAVY RAIN                0     RAIN                        4
LIGHT RAIN               17     FREEZING RAIN               0
LT FREEZING RAIN          0     HAIL                        1
HEAVY SNOW                0     SNOW                        1
LIGHT SNOW                2     SLEET                       0
FOG                      15     FOG W/VIS <= 1/4 MILE       2
HAZE                      5

-  INDICATES NEGATIVE NUMBERS.
R  INDICATES RECORD WAS SET OR TIED.
MM INDICATES DATA IS MISSING.
T  INDICATES TRACE AMOUNT.

$$


USA.gov is the U.S. government's official web portal to all federal, state and local government web resources and services.
  • National Weather Service
  • WSO Pago Pago Weather Service Office
  • Pago Pago, AS
  • (684) 699-9130
  • Page Author: PPG Webmaster
  • Incorrect Region Format!
  • Web Master's E-mail:
  • Page last modified: Mar 10th, 2020 21:02 UTC