000
CXUS52 KMHX 021556
CLMEWN


CLIMATE REPORT
NATIONAL WEATHER SERVICE NEWPORT/MOREHEAD CITY NC
1039 AM EST MON MAR 2 2020

...................................

...THE NEW BERN NC CLIMATE SUMMARY FOR THE MONTH OF FEBRUARY 2020...

CLIMATE NORMAL PERIOD 1981 TO 2010
CLIMATE RECORD PERIOD 1948 TO 2020

WEATHER         OBSERVED          NORMAL  DEPART  LAST YEAR`S
                 VALUE   DATE(S)  VALUE   FROM    VALUE  DATE(S)
                                          NORMAL
................................................................
TEMPERATURE (F)
RECORD
 HIGH              88   02/28/1962
 LOW                6   02/13/1973
HIGHEST            83   02/13                         82  02/08
                                                          02/07
LOWEST             22   02/22                         24  02/01
AVG. MAXIMUM     61.4              57.9     3.5     63.2
AVG. MINIMUM     40.5              36.1     4.4     40.7
MEAN             50.9              47.0     3.9     52.0
DAYS MAX >= 90      0               0.0     0.0        0
DAYS MAX <= 32      0               0.0     0.0        0
DAYS MIN <= 32      7              10.4    -3.4        4
DAYS MIN <= 0       0               0.0     0.0        0

PRECIPITATION (INCHES)
RECORD
 MAXIMUM         9.39   1983
 MINIMUM         1.28   1977
TOTALS           6.52              3.66    2.86     3.60
DAILY AVG.       0.22                MM      MM     0.13
DAYS >= .01        12               9.3     2.7       13
DAYS >= .10        10               6.2     3.8        7
DAYS >= .50         5               2.6     2.4        4
DAYS >= 1.00        3               0.9     2.1        0
GREATEST
 24 HR. TOTAL    1.37   02/20 TO 02/20

SNOWFALL (INCHES)
RECORDS
 TOTAL             MM   5
 24 HR TOTAL       MM
 SNOW DEPTH        MM   MM
TOTALS            1.0               0.3     0.7      0.0
 LIQUID EQUIV    0.10              0.00    0.10     0.00
SINCE 7/1         1.0               1.4    -0.4      0.0
 LIQUID 7/1      0.10              0.10    0.00     0.00
SNOWDEPTH AVG.      0                MM      MM        0
DAYS >= TRACE       1               0.1     0.9        0
DAYS >= 1.0         1               0.1     0.9        0
GREATEST
 SNOW DEPTH         1   02/21                          0  MM
 24 HR TOTAL      1.0   02/21 TO 02/21
 STORM TOTAL       MM                                 MM
 (MM/DD(HH))

DEGREE_DAYS
HEATING TOTAL     411               506     -95      367
 SINCE 7/1       1768              2162    -394     1922
.................................................................

WIND (MPH)
AVERAGE WIND SPEED              8.2
RESULTANT WIND SPEED/DIRECTION   2/266
HIGHEST WIND SPEED/DIRECTION    39/250    DATE  02/07
HIGHEST GUST SPEED/DIRECTION    55/250    DATE  02/07

SKY COVER
POSSIBLE SUNSHINE (PERCENT)   MM
AVERAGE SKY COVER           0.40
NUMBER OF DAYS FAIR           13
NUMBER OF DAYS PC              8
NUMBER OF DAYS CLOUDY          6

AVERAGE RH (PERCENT)     68

WEATHER CONDITIONS. NUMBER OF DAYS WITH
THUNDERSTORM              2
SNOW                      1
FOG                       16
FOG W/VIS <= 1/4 MILE     1
SMOKE OR HAZE             1


-  INDICATES NEGATIVE NUMBERS.
R  INDICATES RECORD WAS SET OR TIED.
MM INDICATES DATA IS MISSING.
T  INDICATES TRACE AMOUNT.

$$



USA.gov is the U.S. government's official web portal to all federal, state and local government web resources and services.
  • National Weather Service
  • WSO Pago Pago Weather Service Office
  • Pago Pago, AS
  • (684) 699-9130
  • Page Author: PPG Webmaster
  • Incorrect Region Format!
  • Web Master's E-mail:
  • Page last modified: Mar 10th, 2020 21:02 UTC