000
CXUS51 KOKX 011550 RRA
CLMEWR

NYCCLMEWR 000
TTAA00 KOKX 011125


CLIMATE REPORT
NATIONAL WEATHER SERVICE NEW YORK NY
725 AM EDT WED APR 1 2020

...................................

...THE NEWARK NJ CLIMATE SUMMARY FOR THE MONTH OF MARCH 2020...

CLIMATE NORMAL PERIOD 1981 TO 2010
CLIMATE RECORD PERIOD 1893 TO 2020

WEATHER         OBSERVED          NORMAL  DEPART  LAST YEAR`S
                 VALUE   DATE(S)  VALUE   FROM    VALUE  DATE(S)
                                          NORMAL
................................................................
TEMPERATURE (F)
RECORD
 HIGH              89   03/29/1945
 LOW                6   03/04/1943
HIGHEST            80   03/20        MM      MM       77  03/15
LOWEST             24   03/01        MM      MM       15  03/07
AVG. MAXIMUM     56.0              50.7     5.3     48.8
AVG. MINIMUM     39.8              33.6     6.2     33.0
MEAN             47.9              42.1     5.8     40.9
DAYS MAX >= 90      0               0.0     0.0        0
DAYS MAX <= 32      0               0.7    -0.7        3
DAYS MIN <= 32      3              12.4    -9.4       16
DAYS MIN <= 0       0               0.0     0.0        0

PRECIPITATION (INCHES)
RECORD
 MAXIMUM        11.14   1983
 MINIMUM         0.79   2006
TOTALS           3.76              4.18   -0.42     4.20
DAILY AVG.       0.12              0.13   -0.01     0.14
DAYS >= .01        12              11.0     1.0        9
DAYS >= .10         8               6.9     1.1        7
DAYS >= .50         2               2.7    -0.7        5
DAYS >= 1.00        2               0.9     1.1        1
GREATEST
 24 HR. TOTAL    1.13   03/23 TO 03/23           03/21 TO 03/21
                                                          03/02 TO 03/02EATHER         OBSERVED          NORMAL  DEPART  LAST YEAR`S
                                                          03/02 TO 03/02EATHER         OBSERVED          NORMAL  DEPART  LAST YEAR`S
 STORM TOTAL       MM                                 MM
 (MM/DD(HH))            MM                    03/21(00) TO 03/21(00)
                                                 03/02(00) TO 03/02(00)2EATHER         OBSERVED          NORMAL  DEPART  LAST YEAR`S
                                                 03/02(00) TO 03/02(00)2EATHER         OBSERVED          NORMAL  DEPART  LAST YEAR`S

SNOWFALL (INCHES)
TOTALS              T               4.6    -4.6      9.9
 LIQUID EQUIV      MM              0.50      MM     0.99
SINCE 7/1         6.9              27.6   -20.7     22.0
 LIQUID 7/1      0.69              2.80   -2.11     2.20
SNOWDEPTH AVG.      0                MM      MM        0
DAYS >= TRACE       2               2.4    -0.4        7
DAYS >= 1.0         0               1.3    -1.3        3
GREATEST
 SNOW DEPTH         0   MM                             4  03/04
                                                          03/02
 24 HR TOTAL        T   03/23 TO 03/23           03/02 TO 03/02
                                                          03/02 TO 03/02EATHER         OBSERVED          NORMAL  DEPART  LAST YEAR`S
                                                          03/02 TO 03/02EATHER         OBSERVED          NORMAL  DEPART  LAST YEAR`S
 STORM TOTAL       MM                                 MM
 (MM/DD(HH))            MM                    03/02(00) TO 03/02(00)
                                                 03/02(00) TO 03/02(00)2EATHER         OBSERVED          NORMAL  DEPART  LAST YEAR`S
                                                 03/02(00) TO 03/02(00)2EATHER         OBSERVED          NORMAL  DEPART  LAST YEAR`S

DEGREE_DAYS
HEATING TOTAL     523               709    -186      741
 SINCE 7/1       3724              4344    -620     4298
COOLING TOTAL       0                 1      -1        0
 SINCE 1/1          0                 1      -1        0
.................................................................

WIND (MPH)
AVERAGE WIND SPEED              10.3
HIGHEST WIND SPEED/DIRECTION    35/270    DATE  03/13
HIGHEST GUST SPEED/DIRECTION    47/250    DATE  03/13


WEATHER CONDITIONS. NUMBER OF DAYS WITH
THUNDERSTORM              1     MIXED PRECIP               0
HEAVY RAIN                2     RAIN                       7
LIGHT RAIN               19     FREEZING RAIN              0
LT FREEZING RAIN          0     HAIL                       0
HEAVY SNOW                0     SNOW                       3
LIGHT SNOW                0     SLEET                      1
FOG                      12     FOG W/VIS <= 1/4 MILE      1
HAZE                      4

-  INDICATES NEGATIVE NUMBERS.
R  INDICATES RECORD WAS SET OR TIED.
MM INDICATES DATA IS MISSING.
T  INDICATES TRACE AMOUNT.

$$


USA.gov is the U.S. government's official web portal to all federal, state and local government web resources and services.
  • National Weather Service
  • WSO Pago Pago Weather Service Office
  • Pago Pago, AS
  • (684) 699-9130
  • Page Author: PPG Webmaster
  • Incorrect Region Format!
  • Web Master's E-mail:
  • Page last modified: Mar 10th, 2020 21:02 UTC