000
CXUS52 KKEY 022143 CCA
CLMEYW

CLIMATE REPORT
NATIONAL WEATHER SERVICE KEY WEST, FL
330 PM EDT WED APR 1 2020

...................................

...THE KEY WEST CLIMATE SUMMARY FOR THE MONTH OF MARCH 2020...

CLIMATE NORMAL PERIOD 1981 TO 2010
CLIMATE RECORD PERIOD 1871 TO 2020

WEATHER         OBSERVED          NORMAL  DEPART  LAST YEAR`S
                 VALUE   DATE(S)  VALUE   FROM    VALUE  DATE(S)
                                          NORMAL
................................................................
TEMPERATURE (F)
RECORD
 HIGH              89   03/01/1874
                        03/25/1873
 LOW               47   03/03/1986
HIGHEST            85   03/30                         85  03/12
                        03/29
                        03/26
LOWEST             61   03/01                         62  03/23
                                                          03/06
AVG. MAXIMUM     81.6              78.2     3.4     80.8
AVG. MINIMUM     73.2              68.3     4.9     71.3
MEAN             77.4              73.2     4.2     76.1
DAYS MAX >= 90      0               0.0     0.0        0
DAYS MAX <= 32      0               0.0     0.0        0
DAYS MIN <= 32      0               0.0     0.0        0
DAYS MIN <= 0       0               0.0     0.0        0

PRECIPITATION (INCHES)
RECORD
 MAXIMUM         9.69   1987
 MINIMUM            T   1971
                        1907
                        1893
TOTALS           0.02              2.05   -2.03     1.80
DAILY AVG.       0.00              0.07   -0.07     0.06
DAYS >= .01         2               5.8    -3.8        3
DAYS >= .10         0               3.5    -3.5        2
DAYS >= .50         0               1.4    -1.4        1
DAYS >= 1.00        0               0.5    -0.5        1
GREATEST
 24 HR. TOTAL    0.01   03/09 TO 03/09
                        03/06 TO 03/06

SNOWFALL (INCHES)
RECORDS
 TOTAL            0.0
TOTALS            0.0               0.0     0.0      0.0
SINCE 7/1         0.0               0.0     0.0      0.0

DEGREE_DAYS
HEATING TOTAL       0                 7      -7        0
 SINCE 7/1         11                73     -62       12
COOLING TOTAL     393               262     131      351
 SINCE 1/1        939               610     329      909
.................................................................

WIND (MPH)
AVERAGE WIND SPEED              11.6
HIGHEST WIND SPEED/DIRECTION    26/090    DATE  03/09
HIGHEST GUST SPEED/DIRECTION    36/090    DATE  03/09

SKY COVER
POSSIBLE SUNSHINE (PERCENT)   MM
AVERAGE SKY COVER           0.20
NUMBER OF DAYS FAIR           25
NUMBER OF DAYS PC              6
NUMBER OF DAYS CLOUDY          0

AVERAGE RH (PERCENT)     70

WEATHER CONDITIONS. NUMBER OF DAYS WITH
THUNDERSTORM              0     MIXED PRECIP                0
HEAVY RAIN                0     RAIN                        0
LIGHT RAIN                6     FREEZING RAIN               0
LT FREEZING RAIN          0     HAIL                        0
HEAVY SNOW                0     SNOW                        0
LIGHT SNOW                0     SLEET                       0
FOG                       2     FOG W/VIS <= 1/4 MILE       0
HAZE                      2

-  INDICATES NEGATIVE NUMBERS.
R  INDICATES RECORD WAS SET OR TIED.
MM INDICATES DATA IS MISSING.
T  INDICATES TRACE AMOUNT.

$$

KEY WEST DAILY RECORDS, MARCH 2020 AND YEAR-TO-DATE

RECORD                    MAR 2020   2020 YTD
======                    ========   ========
MAXIMUM TEMPERATURE           0          3
COOL MAXIMUM TEMPERATURE      0          0
WARM MINIMUM TEMPERATURE      5         14
MINIMUM TEMPERATURE           0          0
RAINFALL                      0          0


TOP 10 WARMEST MONTHLY AVERAGE TEMPERATURES FOR MARCH

RANKING    YEAR    AVERAGE (DEG F)
=======    ====    ===============
   1       1948         78.3
   2       2003         77.8
   3       2020         77.4
           1997         77.4
           1913         77.4
   6       1880         77.3
   7       1874         77.2
   8       1982         77.1
           1945         77.1
  10       1976         77.0


TOP 10 DRIEST MARCHES AT KEY WEST

RANKING    YEAR    TOTAL (INCHES)
=======    ====    ==============
   1       1971        TRACE
           1907        TRACE
           1893        TRACE
   4       1956         0.01
           1882         0.01
   6       2020         0.02
   7       1945         0.04
           1873         0.04
   9       2006         0.05
           1976         0.05

CORRECTED TOP 10 WARMEST MONTHLY AVERAGE TEMPS FOR MARCH

DDR/SDR



USA.gov is the U.S. government's official web portal to all federal, state and local government web resources and services.
  • National Weather Service
  • WSO Pago Pago Weather Service Office
  • Pago Pago, AS
  • (684) 699-9130
  • Page Author: PPG Webmaster
  • Incorrect Region Format!
  • Web Master's E-mail:
  • Page last modified: Mar 10th, 2020 21:02 UTC