000
CXUS52 KRAH 011419
CLMFAY


CLIMATE REPORT
NATIONAL WEATHER SERVICE RALEIGH NC
1019 AM EDT WED APR 1 2020

...................................

...THE FAYETTEVILLE REGL AIRPORT NC CLIMATE SUMMARY FOR THE MONTH OF MARCH 2020...

CLIMATE NORMAL PERIOD 1981 TO 2010
CLIMATE RECORD PERIOD 1910 TO 2020

WEATHER         OBSERVED          NORMAL  DEPART  LAST YEAR`S
                 VALUE   DATE(S)  VALUE   FROM    VALUE
                                          NORMAL
.............................................................
TEMPERATURE (F)
RECORD
 HIGH              91   03/17/1945
 LOW               14   03/03/1980
HIGHEST            90   03/28                         81
LOWEST             26   03/01                         25
AVG. MAXIMUM     69.3              66.4     2.9     63.7
AVG. MINIMUM     49.8              42.2     7.6     41.3
MEAN             59.6              54.3     5.3     52.5
DAYS MAX >= 90      1                                  0
DAYS MAX <= 32      0                                  0
DAYS MIN <= 32      3                                  3
DAYS MIN <= 0       0                                  0

PRECIPITATION (INCHES)
RECORD
 MAXIMUM         8.90   1983
TOTALS           2.51              3.55   -1.04     2.66
DAYS >= .01        13                MM      MM
DAYS >= .10         7                MM      MM
DAYS >= .50         2                MM      MM
DAYS >= 1.00        0                MM      MM
GREATEST
 24 HR. TOTAL    0.98   03/24 TO 03/25

DEGREE_DAYS
HEATING TOTAL     223               344    -121      388
 SINCE 7/1       2052              2569    -517     2377
COOLING TOTAL      59                12      47        7
 SINCE 1/1         79                16      63       16
..............................................................

WIND (MPH)
AVERAGE WIND SPEED              8.2
HIGHEST WIND SPEED/DIRECTION    31/290    DATE  03/11
HIGHEST GUST SPEED/DIRECTION    41/290    DATE  03/11

SKY COVER
POSSIBLE SUNSHINE (PERCENT)   MM
AVERAGE SKY COVER           0.50
NUMBER OF DAYS FAIR           12
NUMBER OF DAYS PC             12
NUMBER OF DAYS CLOUDY          7

AVERAGE RH (PERCENT)     66

WEATHER CONDITIONS. NUMBER OF DAYS WITH
THUNDERSTORM              0     MIXED PRECIP               0
HEAVY RAIN                2     RAIN                       2
LIGHT RAIN                13    FREEZING RAIN              0
LT FREEZING RAIN          0     HAIL                       0
HEAVY SNOW                0     SNOW                       0
LIGHT SNOW                0     SLEET                      0
FOG                       18    FOG W/VIS <= 1/4 MILE      1
HAZE                      2

-  INDICATES NEGATIVE NUMBERS.
R  INDICATES RECORD WAS SET OR TIED.
MM INDICATES DATA IS MISSING.
T  INDICATES TRACE AMOUNT.

&&

A RECORD HIGH MINIMUM TEMPERATURE OF 65 DEGREES WAS SET AT
THE FAYETTEVILLE REGIONAL AIRPORT ON MARCH 13TH. THIS BROKE THE OLD
RECORD OF 63 DEGREES SET IN 2006.

A RECORD HIGH TEMPERATURE OF 90 DEGREES WAS SET AT THE
FAYETTEVILLE REGIONAL AIRPORT ON MARCH 28TH. THIS BROKE THE OLD
RECORD OF 87 DEGREES LAST SET IN 2012.

A RECORD HIGH MINIMUM TEMPERATURE OF 66 DEGREES WAS SET AT
THE FAYETTEVILLE REGIONAL AIRPORT ON MARCH 28TH. THIS BROKE THE OLD
RECORD OF 65 DEGREES SET IN 1921.

A RECORD HIGH TEMPERATURE OF 88 DEGREES WAS SET AT THE
FAYETTEVILLE REGIONAL AIRPORT ON MARCH 29TH. THIS BROKE THE OLD
RECORD OF 87 DEGREES LAST SET IN 2012.

A RECORD HIGH MINIMUM TEMPERATURE OF 67 DEGREES WAS SET AT
THE FAYETTEVILLE REGIONAL AIRPORT ON MARCH 29TH.  THIS BROKE THE OLD
RECORD OF 65 DEGREES SET IN 1924.

$$



USA.gov is the U.S. government's official web portal to all federal, state and local government web resources and services.
  • National Weather Service
  • WSO Pago Pago Weather Service Office
  • Pago Pago, AS
  • (684) 699-9130
  • Page Author: PPG Webmaster
  • Incorrect Region Format!
  • Web Master's E-mail:
  • Page last modified: Mar 10th, 2020 21:02 UTC