000
CXUS53 KFGF 022339
CLMFGF

CLIMATE REPORT
NATIONAL WEATHER SERVICE GRAND FORKS
639 PM CDT THU APR 2 2020

...PRELIMINARY REPORT...

...................................

...THE GRAND FORKS UNIV. (NWS) ND CLIMATE SUMMARY FOR THE MONTH OF MARCH 2020...

CLIMATE NORMAL PERIOD 1981 TO 2010
CLIMATE RECORD PERIOD 1893 TO 2020

WEATHER         OBSERVED          NORMAL  DEPART   LAST YEAR`S
                VALUE   DATE(S)   VALUE   FROM     VALUE DATE(S)
                                          NORMAL
................................................................
TEMPERATURE (F)
RECORD
 HIGH             83   03/22/1910
                       03/20/1910
                       03/18/1910
 LOW             -36   03/10/1948
HIGHEST           52   03/30         35      17       49  03/27
LOWEST            -2   03/20         18     -20      -15  03/03
                       03/21
AVG. MAXIMUM    34.1               34.6    -0.5     28.5
AVG. MINIMUM    16.8               17.6    -0.8     10.9
MEAN            25.5               26.1    -0.6     19.7
DAYS MAX >= 90     0                0.0     0.0        0
DAYS MAX <= 32    11               11.8    -0.8       16
DAYS MIN <= 32    30               28.2     1.8       31
DAYS MIN <= 0      2                3.4    -1.4        9

PRECIPITATION (INCHES)
RECORD
 MAXIMUM        2.76   1942
 MINIMUM        0.01   1969
TOTALS          0.38               1.02   -0.64     1.21
DAILY AVG.      0.01               0.03   -0.02     0.04
DAYS >= .01        5                6.4    -1.4        5
DAYS >= .10        2                3.1    -1.1        3
DAYS >= .50        0                0.6    -0.6        1
DAYS >= 1.00       0                0.0     0.0        0
GREATEST
 24 HR. TOTAL   0.21   03/18 TO 03/18               0.61

SNOWFALL (INCHES)
RECORDS
 TOTAL          19.2   2013
TOTALS           7.0                6.4     0.6     12.9
SINCE 7/1       59.9               41.7    18.2       MM
SNOWDEPTH AVG.    11                                  16
DAYS >= 1.0        3                1.9     1.1
GREATEST
 SNOW DEPTH       15                                  23  03/15
 24 HR TOTAL      MM

DEGREE DAYS
HEATING TOTAL   1218               1206      12
 SINCE 7/1      8255               8166      89
COOLING TOTAL      0                  0       0
 SINCE 1/1         0                  0       0
................................................................

SKY COVER
POSSIBLE SUNSHINE (PERCENT)   MM
AVERAGE SKY COVER             MM
NUMBER OF DAYS FAIR            0
NUMBER OF DAYS PC              0
NUMBER OF DAYS CLOUDY          0


WEATHER CONDITIONS. NUMBER OF DAYS WITH
THUNDERSTORM              0     MIXED PRECIP               0
HEAVY RAIN                0     RAIN                       0
LIGHT RAIN                1     FREEZING RAIN              0
LT FREEZING RAIN          0     HAIL                       0
HEAVY SNOW                0     SNOW                       1
LIGHT SNOW                6     SLEET                      0
FOG                       3     FOG W/VIS <= 1/4 MILE      0
HAZE                      0

-  INDICATES NEGATIVE NUMBERS.
R  INDICATES RECORD WAS SET OR TIED.
MM INDICATES DATA IS MISSING.
T  INDICATES TRACE AMOUNT.

&&

REMARKS...

THE NATIONAL WEATHER SERVICE/GRAND FORKS UNIVERSITY HAD NEAR NORMAL
TEMPERATURES AND WAS DRIER THAN NORMAL. THE AVERAGE TEMPERATURE WAS
25.5 DEGREES OR 0.6 DEGREE BELOW NORMAL. NO DAILY RECORD
TEMPERATURES OCCURRED IN MARCH.

MARCH WAS A DRY MONTH WITH 0.38 INCHES OF PRECIPITATION AND WAS
0.64 INCHES BELOW NORMAL. NO DAILY PRECIPITATION RECORDS OCCURRED
IN MARCH.

MARCH HAD 7.0 INCHES OF SNOW AND WAS NEAR NORMAL. NORMAL IS
6.4 INCHES. NO DAILY SNOWFALL RECORDS OCCURRED IN MARCH.

REMEMBER THIS DATA IS PROVISIONAL AND SUBJECT TO CHANGE. THE FINAL
AND OFFICIAL RECORDS WILL BE AVAILABLE FROM THE NATIONAL CENTERS FOR
ENVIRONMENTAL INFORMATION.

$$



USA.gov is the U.S. government's official web portal to all federal, state and local government web resources and services.
  • National Weather Service
  • WSO Pago Pago Weather Service Office
  • Pago Pago, AS
  • (684) 699-9130
  • Page Author: PPG Webmaster
  • Incorrect Region Format!
  • Web Master's E-mail:
  • Page last modified: Mar 10th, 2020 21:02 UTC