000
CXUS55 KFGZ 012226
CLMFLG


CLIMATE REPORT
NATIONAL WEATHER SERVICE FLAGSTAFF, AZ
325 PM MST WED APR 1 2020

...................................

...THE FLAGSTAFF AZ AIRPORT CLIMATE SUMMARY FOR THE MONTH OF MARCH 2020...

CLIMATE NORMAL PERIOD 1981 TO 2010
CLIMATE RECORD PERIOD 1898 TO 2020

WEATHER         OBSERVED          NORMAL  DEPART  LAST YEAR`S
                 VALUE   DATE(S)  VALUE   FROM    VALUE  DATE(S)
                                          NORMAL
................................................................
TEMPERATURE (F)
RECORD
 HIGH              73   03/17/2007
                        03/26/1988
                        03/31/1966
 LOW              -16   03/04/1966
HIGHEST            64   03/31                         63  03/25
LOWEST             14   03/28                          7  03/14
AVG. MAXIMUM     48.1              50.4    -2.3     49.7
AVG. MINIMUM     26.1              23.6     2.5     25.2
MEAN             37.1              37.0     0.1     37.5
DAYS MAX >= 90      0               0.0     0.0        0
DAYS MAX <= 32      1               0.9     0.1        1
DAYS MIN <= 32     28              28.7    -0.7       28
DAYS MIN <= 0       0               0.1    -0.1        0

PRECIPITATION (INCHES)
RECORD
 MAXIMUM         6.75   1970
 MINIMUM            T   1972
TOTALS           4.27              2.12    2.15     2.59
DAILY AVG.       0.14              0.07    0.07     0.08
DAYS >= .01         9               8.2     0.8        9
DAYS >= .10         7               5.4     1.6        6
DAYS >= .50         5               1.2     3.8        2
DAYS >= 1.00        1               0.2     0.8        0
GREATEST
 24 HR. TOTAL    1.00   03/18 TO 03/18              0.70

SNOWFALL (INCHES)
RECORDS
 TOTAL           79.4   1991
TOTALS           16.6              20.7             13.5
SINCE 7/1        70.1              93.9   -23.8    117.2
SNOWDEPTH AVG.      1                 5      -4        1
GREATEST
 SNOW DEPTH         9   03/19                          9  03/01
 24 HR TOTAL      7.6   03/19 TO 03/19               6.9

DEGREE_DAYS
HEATING TOTAL     856               868     -12      847
 SINCE 7/1       5538              5707    -169     5721
COOLING TOTAL       0                 0       0        0
 SINCE 1/1          0                 0       0        0
.................................................................

WIND (MPH)
AVERAGE WIND SPEED              8.4
HIGHEST WIND SPEED/DIRECTION    37/220    DATE  03/26
HIGHEST GUST SPEED/DIRECTION    44/220    DATE  03/26

SKY COVER
POSSIBLE SUNSHINE (PERCENT)   MM
AVERAGE SKY COVER           0.40
NUMBER OF DAYS FAIR           18
NUMBER OF DAYS PC              6
NUMBER OF DAYS CLOUDY          7

AVERAGE RH (PERCENT)     67

WEATHER CONDITIONS. NUMBER OF DAYS WITH
  0
  3
  0
  0
  4
  0
  7
HAZE                      2

-  INDICATES NEGATIVE NUMBERS.
R  INDICATES RECORD WAS SET OR TIED.
MM INDICATES DATA IS MISSING.
T  INDICATES TRACE AMOUNT.

$$



USA.gov is the U.S. government's official web portal to all federal, state and local government web resources and services.
  • National Weather Service
  • WSO Pago Pago Weather Service Office
  • Pago Pago, AS
  • (684) 699-9130
  • Page Author: PPG Webmaster
  • Incorrect Region Format!
  • Web Master's E-mail:
  • Page last modified: Mar 10th, 2020 21:02 UTC