000
CXUS52 KMFL 011343
CLMFLL


CLIMATE REPORT
NATIONAL WEATHER SERVICE MIAMI, FL
939 AM EDT WED APR 1 2020

...................................

...THE FORT LAUDERDALE CLIMATE SUMMARY FOR THE MONTH OF MARCH 2020...

CLIMATE NORMAL PERIOD 1981 TO 2010
CLIMATE RECORD PERIOD 1912 TO 2020

WEATHER         OBSERVED          NORMAL  DEPART  LAST YEAR`S
                 VALUE   DATE(S)  VALUE   FROM    VALUE
                                          NORMAL
.............................................................
TEMPERATURE (F)
RECORD
 HIGH              94   03/24/1948
 LOW               32   03/03/1980
                        03/02/1920
HIGHEST            91   03/31                         89
LOWEST             52   03/01                         52
AVG. MAXIMUM     82.2              79.8     2.4     80.7
AVG. MINIMUM     70.2              66.0     4.2     66.8
MEAN             76.2              72.9     3.3     73.8
DAYS MAX >= 90      2                                  0
DAYS MAX <= 32      0                                  0
DAYS MIN <= 32      0                                  0
DAYS MIN <= 0       0                                  0

PRECIPITATION (INCHES)
RECORD
 MAXIMUM        12.31   1970
 MINIMUM         0.03   2006
TOTALS           0.20              3.36   -3.16     2.50
DAILY AVG.       0.01              0.11   -0.10     0.08
DAYS >= .01         5                                  6
DAYS >= .10         0                                  4
DAYS >= .50         0                                  1
DAYS >= 1.00        0                                  1
GREATEST
 24 HR. TOTAL    0.06   03/12 TO 03/12              1.82

DEGREE_DAYS
HEATING TOTAL       1                 9      -8        4
 SINCE 7/1         70               111     -41       72
COOLING TOTAL     356               254     102      285
 SINCE 1/1        764               610     154      720
..............................................................

WIND (MPH)
AVERAGE WIND SPEED              11.6
HIGHEST WIND SPEED/DIRECTION    31/100    DATE  03/09
HIGHEST GUST SPEED/DIRECTION    38/080    DATE  03/09

SKY COVER
POSSIBLE SUNSHINE (PERCENT)   MM
AVERAGE SKY COVER           0.40
NUMBER OF DAYS FAIR            9
NUMBER OF DAYS PC             20
NUMBER OF DAYS CLOUDY          2

AVERAGE RH (PERCENT)     67

WEATHER CONDITIONS. NUMBER OF DAYS WITH
THUNDERSTORM              0     MIXED PRECIP                0
HEAVY RAIN                0     RAIN                        1
LIGHT RAIN                7     FREEZING RAIN               0
LT FREEZING RAIN          0     HAIL                        0
HEAVY SNOW                0     SNOW                        0
LIGHT SNOW                0     SLEET                       0
FOG                       1     FOG W/VIS <= 1/4 MILE       0
HAZE                      0

-  INDICATES NEGATIVE NUMBERS.
R  INDICATES RECORD WAS SET OR TIED.
MM INDICATES DATA IS MISSING.
T  INDICATES TRACE AMOUNT.

$$




USA.gov is the U.S. government's official web portal to all federal, state and local government web resources and services.
  • National Weather Service
  • WSO Pago Pago Weather Service Office
  • Pago Pago, AS
  • (684) 699-9130
  • Page Author: PPG Webmaster
  • Incorrect Region Format!
  • Web Master's E-mail:
  • Page last modified: Mar 10th, 2020 21:02 UTC