000
CXUS52 KILM 031332
CLMFLO


CLIMATE REPORT
NATIONAL WEATHER SERVICE WILMINGTON NC
822 AM EST TUE MAR 3 2020

...................................

...THE FLORENCE SOUTH  CAROLINA CLIMATE SUMMARY FOR THE SEASON, FROM
12/1/2019 TO 2/29/2020...

CLIMATE NORMAL PERIOD 1981 TO 2010
CLIMATE RECORD PERIOD 1948 TO 2020

WEATHER         OBSERVED          NORMAL  DEPART  LAST YEAR`S
                 VALUE   DATE(S)  VALUE   FROM    VALUE
                                          NORMAL
.............................................................
TEMPERATURE (F)
RECORD
 HIGH              86   12/03/1991
 LOW                0   01/21/1985
HIGHEST            83   02/13        MM      MM       83
LOWEST             23   02/22        MM      MM       23
AVG. MAXIMUM     62.8              57.5     5.3     60.9
AVG. MINIMUM     42.6              36.2     6.4     40.5
MEAN             52.7              46.8     5.9     50.7
DAYS MAX >= 90      0               0.0     0.0        0
DAYS MAX <= 32      0               0.7    -0.7        0
DAYS MIN <= 32     13              32.4   -19.4       23
DAYS MIN <= 0       0               0.0     0.0        0

PRECIPITATION (INCHES)
TOTALS          16.30              9.16    7.14    11.12
DAILY AVG.       0.18              0.10    0.08     0.12
DAYS >= .01        36              26.7     9.3       36
DAYS >= .10        23              17.8     5.2       22
DAYS >= .50        10               6.4     3.6        8
DAYS >= 1.00        5               2.1     2.9        4
GREATEST
 24 HR. TOTAL    2.69   MM                          1.32

DEGREE_DAYS
HEATING TOTAL    1154              1645    -491     1291
 SINCE 7/1       1581              2080    -499     1746
COOLING TOTAL      55                10      45       20
 SINCE 1/1         49                 6      43       14
..............................................................

WIND (MPH)
AVERAGE WIND SPEED              7.8
RESULTANT WIND SPEED/DIRECTION   1/300
HIGHEST WIND SPEED/DIRECTION    36/250    DATE  02/07
HIGHEST GUST SPEED/DIRECTION    49/250    DATE  02/07

SKY COVER
POSSIBLE SUNSHINE (PERCENT)   MM
AVERAGE SKY COVER           0.40
NUMBER OF DAYS FAIR           46
NUMBER OF DAYS PC             24
NUMBER OF DAYS CLOUDY         21

AVERAGE RH (PERCENT)     65

WEATHER CONDITIONS. NUMBER OF DAYS WITH
THUNDERSTORM              4     MIXED PRECIP               M
HEAVY RAIN               13     RAIN                      23
LIGHT RAIN               42     FREEZING RAIN              0
LT FREEZING RAIN          0     HAIL                       M
HEAVY SNOW                0     SNOW                       0
LIGHT SNOW                0     SLEET                      M
FOG                      49     FOG W/VIS <= 1/4 MILE     12
HAZE                     10

-  INDICATES NEGATIVE NUMBERS.
R  INDICATES RECORD WAS SET OR TIED.
MM INDICATES DATA IS MISSING.
T  INDICATES TRACE AMOUNT.

$$



USA.gov is the U.S. government's official web portal to all federal, state and local government web resources and services.
  • National Weather Service
  • WSO Pago Pago Weather Service Office
  • Pago Pago, AS
  • (684) 699-9130
  • Page Author: PPG Webmaster
  • Incorrect Region Format!
  • Web Master's E-mail:
  • Page last modified: Mar 10th, 2020 21:02 UTC