000
CXUS52 KILM 031203
CLMFLO

CLIMATE REPORT
NATIONAL WEATHER SERVICE WILMINGTON NC
803 AM EDT SAT OCT 03 2020

...................................

...THE FLORENCE SOUTH  CAROLINA CLIMATE SUMMARY FOR THE MONTH OF SEPTEMBER 2020...

CLIMATE NORMAL PERIOD 1981 TO 2010
CLIMATE RECORD PERIOD 1948 TO 2020

WEATHER         OBSERVED          NORMAL  DEPART   LAST YEAR`S
                VALUE   DATE(S)   VALUE   FROM     VALUE DATE(S)
                                          NORMAL
................................................................
TEMPERATURE (F)
RECORD
 HIGH            101   09/06/1954
 LOW              41   09/30/1967
                       09/25/1950
HIGHEST           95   09/02         MM      MM       96  09/29
                       09/04
LOWEST            48   09/23         MM      MM       56  09/20
AVG. MAXIMUM    82.4               84.2    -1.8     89.7
AVG. MINIMUM    65.8               64.3     1.5     68.0
MEAN            74.1               74.2    -0.1     78.8
DAYS MAX >= 90     6                5.5     0.5       21
DAYS MAX <= 32     0                0.0     0.0        0
DAYS MIN <= 32     0                0.0     0.0        0
DAYS MIN <= 0      0                0.0     0.0        0

PRECIPITATION (INCHES)
RECORD
 MAXIMUM       11.34   2008
 MINIMUM        0.01   1981
TOTALS          6.95               3.67    3.28     3.67
DAILY AVG.      0.23               0.12    0.11
DAYS >= .01       12                8.3     3.7
DAYS >= .10        8                5.4     2.6
DAYS >= .50        3                2.3     0.7
DAYS >= 1.00       3                1.1     1.9
GREATEST
 24 HR. TOTAL   2.68   09/16 TO 09/17


DEGREE DAYS
HEATING TOTAL     11                  9       2        0
 SINCE 7/1        11                  7       4
COOLING TOTAL    291                286       5      422
 SINCE 1/1      2235               1956     279

FREEZE DATES
RECORD
 EARLIEST     10/14/1988
 LATEST       04/20/1983
EARLIEST                        MM
LATEST                          03/29
................................................................

WIND (MPH)
AVERAGE WIND SPEED              6.7
RESULTANT WIND SPEED/DIRECTION   4/040
HIGHEST WIND SPEED/DIRECTION    25/030    DATE  09/14
                                25/320          09/29
HIGHEST GUST SPEED/DIRECTION    37/330    DATE  09/29

SKY COVER
AVERAGE SKY COVER           0.42

AVERAGE RH (PERCENT)     75

WEATHER CONDITIONS. NUMBER OF DAYS WITH
THUNDERSTORM              4     MIXED PRECIP              MM
HEAVY RAIN                6     RAIN                       7
LIGHT RAIN               12     FREEZING RAIN              0
LT FREEZING RAIN          0     HAIL                      MM
HEAVY SNOW                0     SNOW                       0
LIGHT SNOW                0     SLEET                     MM
FOG                      15     FOG W/VIS <= 1/4 MILE      2
HAZE                      2

-  INDICATES NEGATIVE NUMBERS.
R  INDICATES RECORD WAS SET OR TIED.
MM INDICATES DATA IS MISSING.
T  INDICATES TRACE AMOUNT.

$$



USA.gov is the U.S. government's official web portal to all federal, state and local government web resources and services.
  • National Weather Service
  • WSO Pago Pago Weather Service Office
  • Pago Pago, AS
  • (684) 699-9130
  • Page Author: PPG Webmaster
  • Incorrect Region Format!
  • Web Master's E-mail:
  • Page last modified: Mar 10th, 2020 21:02 UTC