000
CXUS52 KTBW 021230
CLMFMY


CLIMATE REPORT
NATIONAL WEATHER SERVICE TAMPA BAY FL
730 AM EST MON MAR 2 2020

...................................

...THE FORT MYERS CLIMATE SUMMARY FOR THE MONTH OF FEBRUARY 2020...

CLIMATE NORMAL PERIOD 1981 TO 2010
CLIMATE RECORD PERIOD 1902 TO 2020

WEATHER         OBSERVED          NORMAL  DEPART  LAST YEAR`S
                 VALUE   DATE(S)  VALUE   FROM    VALUE  DATE(S)
                                          NORMAL
................................................................
TEMPERATURE (F)
ALL-TIME FEBRUARY RECORD
 HIGH              92   02/25/1962
 LOW               27   02/04/1917

FEBRUARY 2020
HIGHEST            88   02/18        MM      MM       89  02/19
LOWEST             46   02/28        MM      MM       48  02/14
AVG. MAXIMUM     80.2              77.2     3.0     82.2
AVG. MINIMUM     59.8              55.9     3.9     63.5
MEAN             70.0              66.6     3.4     72.9
DAYS MAX >= 90      0               0.1    -0.1        0
DAYS MAX <= 32      0               0.0     0.0        0
DAYS MIN <= 32      0               0.0     0.0        0
DAYS MIN <= 0       0               0.0     0.0        0

PRECIPITATION (INCHES)
ALL-TIME FEBRUARY RECORD
 MAXIMUM        10.82   1983
 MINIMUM            T   2001
                        1944
                        1911

FEBRUARY 2020
TOTALS           1.35              2.15   -0.80     2.46
DAILY AVG.       0.05                MM      MM     0.09
DAYS >= .01         4               5.2    -1.2        5
DAYS >= .10         3               3.0     0.0        4
DAYS >= .50         1               1.4    -0.4        2
DAYS >= 1.00        0               0.7    -0.7        1
GREATEST
 24 HR. TOTAL    0.77   02/07 TO 02/07

DEGREE_DAYS
HEATING TOTAL      35                59     -24        2
 SINCE 7/1        102               261    -159      180
COOLING TOTAL     185               102      83      231
 SINCE 1/1        337               190     147      301
.................................................................

WIND (MPH)
AVERAGE WIND SPEED              8.4
HIGHEST WIND SPEED/DIRECTION    28/330    DATE  02/26
HIGHEST GUST SPEED/DIRECTION    44/330    DATE  02/29

SKY COVER (DOES NOT INCLUDE ANY CLOUDS ABOVE 12000 FEET)
POSSIBLE SUNSHINE (PERCENT)   MM
AVERAGE SKY COVER           0.30
NUMBER OF DAYS FAIR           13
NUMBER OF DAYS PC             13
NUMBER OF DAYS CLOUDY          3

AVERAGE RH (PERCENT)     71

WEATHER CONDITIONS. NUMBER OF DAYS WITH
THUNDERSTORM              0     MIXED PRECIP                0
HEAVY RAIN                1     RAIN                        4
LIGHT RAIN                7     FREEZING RAIN               0
LT FREEZING RAIN          0     HAIL                        0
HEAVY SNOW                0     SNOW                        0
LIGHT SNOW                0     SLEET                       0
FOG                       8     FOG W/VIS <= 1/4 MILE       1
HAZE                      4
.................................................................

REMARKS
THE FEBRUARY 2020 MONTHLY AVERAGE TEMPERATURE OF 70.0 DEGREES
RANKS AS THE 18TH WARMEST FEBRUARY SINCE RECORDS BEGAN IN 1902.
THE WARMEST FEBRUARY HAD AN AVERAGE TEMPERATURE OF 74.9 DEGREES
WHICH OCCURRED IN 2018 AND THE COOLEST FEBRUARY HAD AN AVERAGE
TEMPERATURE OF 55.5 DEGREES IN 1958.

THE FEBRUARY 2020 MONTHLY RAINFALL TOTAL OF 1.35 INCHES RANKS
AS THE 71ST WETTEST/49TH DRIEST FEBRUARY SINCE RECORDS BEGAN
IN 1902.

-  INDICATES NEGATIVE NUMBERS.
R  INDICATES RECORD WAS SET OR TIED.
MM INDICATES DATA IS MISSING.
T  INDICATES TRACE AMOUNT.

$$



USA.gov is the U.S. government's official web portal to all federal, state and local government web resources and services.
  • National Weather Service
  • WSO Pago Pago Weather Service Office
  • Pago Pago, AS
  • (684) 699-9130
  • Page Author: PPG Webmaster
  • Incorrect Region Format!
  • Web Master's E-mail:
  • Page last modified: Mar 10th, 2020 21:02 UTC