000
CXUS53 KDTX 041637 RRA
CLMFNT

CLIMATE REPORT
NATIONAL WEATHER SERVICE DETROIT/PONTIAC MI
1236 PM EDT SAT APR 04 2020

...................................

...THE FLINT MI CLIMATE SUMMARY FOR THE MONTH OF MARCH 2020...

CLIMATE NORMAL PERIOD 1981 TO 2010
CLIMATE RECORD PERIOD 1921 TO 2020

WEATHER         OBSERVED          NORMAL  DEPART   LAST YEAR`S
                VALUE   DATE(S)   VALUE   FROM     VALUE
                                          NORMAL
..............................................................
TEMPERATURE (F)
RECORD
 HIGH             86   03/21/2012
 LOW             -16   03/03/2014
HIGHEST           64   03/20         MM      MM
LOWEST            18   03/22         MM      MM
AVG. MAXIMUM    49.9               43.5     6.4
AVG. MINIMUM    31.1               24.8     6.3
MEAN            40.5               34.1     6.4
DAYS MAX >= 90     0                0.0     0.0
DAYS MAX <= 32     0                4.6    -4.6
DAYS MIN <= 32    22               24.1    -2.1
DAYS MIN <= 0      0                0.3    -0.3

PRECIPITATION (INCHES)
RECORD
 MAXIMUM        4.33   2016
 MINIMUM        0.25   1958
TOTALS          2.41               1.91    0.50
DAILY AVG.      0.08               0.06    0.02
DAYS >= .01       14               11.3     2.7
DAYS >= .10        4                5.0    -1.0
DAYS >= .50        1                0.8     0.2
DAYS >= 1.00       1                0.2     0.8
GREATEST
 24 HR. TOTAL   1.61   03/28 TO 03/29
 STORM TOTAL    1.28
 (MM/DD(HH))

SNOWFALL (INCHES)
RECORDS
 TOTAL          19.4   1965
TOTALS           2.8                6.5    -3.7
 LIQUID EQUIV   0.30               0.60   -0.30
SINCE 7/1       52.5               45.1     7.4
 LIQUID 7/1     5.25
DAYS >= TRACE      6                6.2    -0.2
DAYS >= 1.0        1                2.2    -1.2
GREATEST
 SNOW DEPTH        4
 24 HR TOTAL      MM
 STORM TOTAL     1.7
 (MM/DD(HH))

DEGREE DAYS
HEATING TOTAL    752                957    -205
 SINCE 7/1      5158               6044    -886
COOLING TOTAL      0                  0       0
 SINCE 1/1         0                  0       0

FREEZE DATES
RECORD
 EARLIEST     MM
 LATEST       MM
EARLIEST                        10/14
LATEST                          04/21
..............................................................

WIND (MPH)
AVERAGE WIND SPEED              9.8
HIGHEST WIND SPEED/DIRECTION    33/280    DATE  03/13
HIGHEST GUST SPEED/DIRECTION    44/240    DATE  03/29

SKY COVER
POSSIBLE SUNSHINE (PERCENT)   MM
AVERAGE SKY COVER           0.61
NUMBER OF DAYS FAIR            6
NUMBER OF DAYS PC             12
NUMBER OF DAYS CLOUDY         13

AVERAGE RH (PERCENT)     65

WEATHER CONDITIONS. NUMBER OF DAYS WITH
THUNDERSTORM              2     MIXED PRECIP               0
HEAVY RAIN                2     RAIN                       3
LIGHT RAIN               16     FREEZING RAIN              0
LT FREEZING RAIN          0     HAIL                       0
HEAVY SNOW                0     SNOW                       0
LIGHT SNOW                6     SLEET                      0
FOG                      13     FOG W/VIS <= 1/4 MILE      0
HAZE                     10

-  INDICATES NEGATIVE NUMBERS.
R  INDICATES RECORD WAS SET OR TIED.
MM INDICATES DATA IS MISSING.
T  INDICATES TRACE AMOUNT.

$$


USA.gov is the U.S. government's official web portal to all federal, state and local government web resources and services.
  • National Weather Service
  • WSO Pago Pago Weather Service Office
  • Pago Pago, AS
  • (684) 699-9130
  • Page Author: PPG Webmaster
  • Incorrect Region Format!
  • Web Master's E-mail:
  • Page last modified: Mar 10th, 2020 21:02 UTC