000
CXUS52 KMLB 011730
CLMFPR

CLIMATE REPORT
NATIONAL WEATHER SERVICE MELBOURNE FL
1230 PM EST SUN MAR 01 2020

...................................

...THE FORT PIERCE CLIMATE SUMMARY FOR THE MONTH OF FEBRUARY 2020...

CLIMATE NORMAL PERIOD 1981 TO 2010
CLIMATE RECORD PERIOD 1901 TO 2020

WEATHER         OBSERVED          NORMAL  DEPART   LAST YEAR`S
                VALUE   DATE(S)   VALUE   FROM     VALUE
                                          NORMAL
..............................................................
TEMPERATURE (F)
MONTHLY RECORD
 WARMEST        73.3   1949
 COLDEST        55.1   1958
DAILY RECORD
 HIGH             90   02/24/2012
                       02/27/2007
                       02/15/1935
 LOW              25   02/05/1996
                       02/24/1989
FEBRUARY 2020
HIGHEST           88   02/06                          89
                       02/13
                       02/26
LOWEST            39   02/29                          49
AVG. MAXIMUM    78.0               75.3     2.7     80.1
AVG. MINIMUM    56.6               52.9     3.7     60.1
MEAN            67.3               64.1     3.2     70.1
DAYS MAX >= 90     0                0.0     0.0        0
DAYS MAX <= 32     0                0.0     0.0        0
DAYS MIN <= 32     0                0.1    -0.1        0
DAYS MIN <= 0      0                0.0     0.0        0

PRECIPITATION (INCHES)
MONTHLY RECORD
 MAXIMUM       10.19   1903
 MINIMUM           T   1905
DAILY RECORD
 MAXIMUM        4.50   02/23/1903
FEBRUARY 2020
TOTALS          1.72               2.75   -1.03     1.17
DAYS >= .01        7                                   4
DAYS >= .10        3                                   3
DAYS >= .50        2                                   1
DAYS >= 1.00       0                                   0
GREATEST
 24 HR. TOTAL   0.57   02/01 TO 02/01

SNOWFALL (INCHES)
TOTALS           0.0                0.0     0.0      0.0
SINCE 7/1        0.0                0.0     0.0      0.0
DAYS >= TRACE      0                                   0

DEGREE DAYS
HEATING TOTAL     68                 96     -28        7
 SINCE 7/1       228                385    -157      256
COOLING TOTAL    140                 70      70      158
 SINCE 1/1       267                127     140      207
..............................................................

WIND (MPH)
AVERAGE WIND SPEED              8.1
HIGHEST WIND SPEED/DIRECTION    29/300    DATE  02/07
HIGHEST GUST SPEED/DIRECTION    44/280    DATE  02/07

SKY COVER
POSSIBLE SUNSHINE (PERCENT)   MM
AVERAGE SKY COVER           0.34
NUMBER OF DAYS FAIR           16
NUMBER OF DAYS PC             11
NUMBER OF DAYS CLOUDY          2

AVERAGE RH (PERCENT)     71

WEATHER CONDITIONS. NUMBER OF DAYS WITH
THUNDERSTORM              1     MIXED PRECIP               0
HEAVY RAIN                3     RAIN                       4
LIGHT RAIN               11     LT FREEZING RAIN           0
HAIL                      0     LIGHT SNOW                 0
SLEET                     0     FOG                       13
FOG W/VIS <= 1/4 MILE     4     HAZE                       3

-  INDICATES NEGATIVE NUMBERS.
R  INDICATES RECORD WAS SET OR TIED.
MM INDICATES DATA IS MISSING.
T  INDICATES TRACE AMOUNT.

$$



USA.gov is the U.S. government's official web portal to all federal, state and local government web resources and services.
  • National Weather Service
  • WSO Pago Pago Weather Service Office
  • Pago Pago, AS
  • (684) 699-9130
  • Page Author: PPG Webmaster
  • Incorrect Region Format!
  • Web Master's E-mail:
  • Page last modified: Mar 10th, 2020 21:02 UTC