000
CXUS52 KMLB 011926
CLMFPR

CLIMATE REPORT
NATIONAL WEATHER SERVICE MELBOURNE FL
326 PM EDT THU OCT 01 2020

...................................

...THE FORT PIERCE CLIMATE SUMMARY FOR THE MONTH OF SEPTEMBER 2020...

CLIMATE NORMAL PERIOD 1981 TO 2010
CLIMATE RECORD PERIOD 1901 TO 2020

WEATHER         OBSERVED          NORMAL  DEPART   LAST YEAR`S
                VALUE   DATE(S)   VALUE   FROM     VALUE
                                          NORMAL
..............................................................
TEMPERATURE (F)
MONTHLY RECORD
 HOTTEST        82.6   1930
 COOLEST        78.0   1903
DAILY RECORD
 HIGH             99   09/01/1998
                       09/26/1959
                       09/14/1944
 LOW              59   09/29/1998
SEPTEMBER 2020
HIGHEST           92   09/17                          95
                       09/18
LOWEST            70   09/30                          66
AVG. MAXIMUM    87.7               88.2    -0.5     88.3
AVG. MINIMUM    74.1               73.1     1.0     74.6
MEAN            80.9               80.6     0.3     81.5
DAYS MAX >= 90     6                6.0     0.0        7
DAYS MAX <= 32     0                0.0     0.0        0
DAYS MIN <= 32     0                0.0     0.0        0
DAYS MIN <= 0      0                0.0     0.0        0

PRECIPITATION (INCHES)
MONTHLY RECORD
 MAXIMUM       19.90   1963
 MINIMUM        0.75   1921
DAILY RECORD
 MAXIMUM       13.08   09/12/2017
SEPTEMBER 2020
TOTALS          4.96               7.30   -2.34     3.63
DAYS >= .01       16                                  16
DAYS >= .10       13                                   6
DAYS >= .50        3                                   2
DAYS >= 1.00       0                                   1
GREATEST
 24 HR. TOTAL   1.10   09/12 TO 09/13

SNOWFALL (INCHES)
TOTALS           0.0                 MM      MM      0.0
SINCE 7/1        0.0                0.0     0.0       MM
DAYS >= TRACE      0                                   0

DEGREE DAYS
HEATING TOTAL      0                  0       0        0
 SINCE 7/1         0                  0       0        0
COOLING TOTAL    483                469      14      503
 SINCE 1/1      3276               2738     538     3054
..............................................................

WIND (MPH)
AVERAGE WIND SPEED              6.4
HIGHEST WIND SPEED/DIRECTION    30/120    DATE  09/12
HIGHEST GUST SPEED/DIRECTION    39/130    DATE  09/12
                                39/240          09/18

SKY COVER
POSSIBLE SUNSHINE (PERCENT)   MM
AVERAGE SKY COVER           0.32
NUMBER OF DAYS FAIR           22
NUMBER OF DAYS PC              4
NUMBER OF DAYS CLOUDY          4

AVERAGE RH (PERCENT)     83

WEATHER CONDITIONS. NUMBER OF DAYS WITH
THUNDERSTORM              9     MIXED PRECIP               0
HEAVY RAIN               11     RAIN                       9
LIGHT RAIN               18     LT FREEZING RAIN           0
HAIL                      0     LIGHT SNOW                 0
SLEET                     0     FOG                       22
FOG W/VIS <= 1/4 MILE     0     HAZE                       3

-  INDICATES NEGATIVE NUMBERS.
R  INDICATES RECORD WAS SET OR TIED.
MM INDICATES DATA IS MISSING.
T  INDICATES TRACE AMOUNT.

$$



USA.gov is the U.S. government's official web portal to all federal, state and local government web resources and services.
  • National Weather Service
  • WSO Pago Pago Weather Service Office
  • Pago Pago, AS
  • (684) 699-9130
  • Page Author: PPG Webmaster
  • Incorrect Region Format!
  • Web Master's E-mail:
  • Page last modified: Mar 10th, 2020 21:02 UTC