000
CXUS51 KCAR 012142
CLMFVE


CLIMATE REPORT
NATIONAL WEATHER SERVICE CARIBOU, ME
441 PM EST SUN MAR 1 2020

...................................

...THE FRENCHVILLE ME CLIMATE SUMMARY FOR THE MONTH OF FEBRUARY 2020...

CLIMATE NORMAL PERIOD 1981 TO 2010
CLIMATE RECORD PERIOD 9999 TO 9999

WEATHER         OBSERVED          NORMAL  DEPART  LAST YEAR`S
                 VALUE   DATE(S)  VALUE   FROM    VALUE  DATE(S)
                                          NORMAL
................................................................
TEMPERATURE (F)
RECORD
 HIGH              MM   MM
 LOW               MM   MM
HIGHEST            48   02/24        MM      MM       41  02/05
LOWEST            -14   02/15        MM      MM      -11  02/18
AVG. MAXIMUM     25.1              21.4     3.7     19.9
AVG. MINIMUM      6.8               4.6     2.2      4.4
MEAN             15.9              13.0     2.9     12.1
DAYS MAX >= 90      0               0.0     0.0        0
DAYS MAX <= 32     24              24.0     0.0       26
DAYS MIN <= 32     29              27.8     1.2       28
DAYS MIN <= 0       9              10.6    -1.6       11

PRECIPITATION (INCHES)
RECORD
 MAXIMUM           MM   MM
 MINIMUM           MM   MM
TOTALS           0.92              0.81    0.11     0.93
DAILY AVG.       0.03                MM      MM     0.03
DAYS >= .01         8                MM      MM       10
DAYS >= .10         2                MM      MM        6
DAYS >= .50         0                MM      MM        0
DAYS >= 1.00        0                MM      MM        0
GREATEST
 24 HR. TOTAL    0.41   02/27 TO 02/27           02/13 TO 02/13
                                                          02/13 TO 02/13EATHER         OBSERVED          NORMAL  DEPART  LAST YEAR`S
                                                          02/13 TO 02/13EATHER         OBSERVED          NORMAL  DEPART  LAST YEAR`S
 STORM TOTAL       MM                                 MM
 (MM/DD(HH))            MM                    02/13(00) TO 02/13(00)
                                                 02/13(00) TO 02/13(00)3EATHER         OBSERVED          NORMAL  DEPART  LAST YEAR`S
                                                 02/13(00) TO 02/13(00)3EATHER         OBSERVED          NORMAL  DEPART  LAST YEAR`S

SNOWFALL (INCHES)
TOTALS             MM                MM      MM       MM
SINCE 7/1          MM                MM      MM       MM
SNOWDEPTH AVG.     MM                MM      MM       MM
DAYS >= 1.0         0                MM      MM        0
GREATEST
 SNOW DEPTH        MM                                 MM  MM
 24 HR TOTAL       MM                                 MM

DEGREE_DAYS
HEATING TOTAL    1416              1456     -40     1472
 SINCE 7/1       6695              7047    -352     6779
.................................................................

WIND (MPH)
AVERAGE WIND SPEED              9.5
HIGHEST WIND SPEED/DIRECTION    30/290    DATE  02/19
HIGHEST GUST SPEED/DIRECTION    40/090    DATE  02/27

SKY COVER
POSSIBLE SUNSHINE (PERCENT)   MM
AVERAGE SKY COVER           0.50
NUMBER OF DAYS FAIR           11
NUMBER OF DAYS PC              7
NUMBER OF DAYS CLOUDY         11

AVERAGE RH (PERCENT)     70

WEATHER CONDITIONS. NUMBER OF DAYS WITH
  0
  0
  0
  0
  5
  0
  3
HAZE                      6

-  INDICATES NEGATIVE NUMBERS.
R  INDICATES RECORD WAS SET OR TIED.
MM INDICATES DATA IS MISSING.
T  INDICATES TRACE AMOUNT.

$$


USA.gov is the U.S. government's official web portal to all federal, state and local government web resources and services.
  • National Weather Service
  • WSO Pago Pago Weather Service Office
  • Pago Pago, AS
  • (684) 699-9130
  • Page Author: PPG Webmaster
  • Incorrect Region Format!
  • Web Master's E-mail:
  • Page last modified: Mar 10th, 2020 21:02 UTC