000
CXUS53 KUNR 011601
CLMGCC


CLIMATE REPORT
NATIONAL WEATHER SERVICE RAPID CITY SD
1000 AM MDT WED APR 1 2020

...................................

...THE GILLETTE AIRPORT WY CLIMATE SUMMARY FOR THE MONTH OF MARCH 2020...

CLIMATE NORMAL PERIOD 1981 TO 2010
CLIMATE RECORD PERIOD 9999 TO 9999

WEATHER         OBSERVED          NORMAL  DEPART  LAST YEAR`S
                 VALUE   DATE(S)  VALUE   FROM    VALUE  DATE(S)
                                          NORMAL
................................................................
TEMPERATURE (F)
HIGHEST            66   03/07                         62  03/26
LOWEST             12   03/20                        -19  03/03
AVG. MAXIMUM     48.2              47.0     1.2     39.3
AVG. MINIMUM     24.7              22.4     2.3     18.8
MEAN             36.5              34.7     1.8     29.0
DAYS MAX >= 90      0                                  0
DAYS MAX <= 32      5                                 10
DAYS MIN <= 32     26                                 28
DAYS MIN <= 0       0                                  4

PRECIPITATION (INCHES)
TOTALS           0.33              0.96   -0.63     0.47
DAILY AVG.       0.01              0.03   -0.02     0.02
DAYS >= .01         7                                  6
DAYS >= .10         0                                  2
DAYS >= .50         0                                  0
DAYS >= 1.00        0                                  0
GREATEST
 24 HR. TOTAL    0.08   03/13 TO 03/13              0.18

DEGREE_DAYS
HEATING TOTAL     849               939     -90     1107
 SINCE 7/1       6242              6347    -105     6839
COOLING TOTAL       0                 0       0        0
 SINCE 1/1          0                 0       0        0
.................................................................

WIND (MPH)
AVERAGE WIND SPEED              12.2
HIGHEST WIND SPEED/DIRECTION    38/150    DATE  03/14
HIGHEST GUST SPEED/DIRECTION    51/010    DATE  03/04

AVERAGE RH (PERCENT)     66

WEATHER CONDITIONS. NUMBER OF DAYS WITH
THUNDERSTORM              0     MIXED PRECIP               0
HEAVY RAIN                1     RAIN                       0
LIGHT RAIN                2     FREEZING RAIN              0
LT FREEZING RAIN          1     HAIL                       0
HEAVY SNOW                0     SNOW                       0
LIGHT SNOW                9     SLEET                      0
FOG                      16     FOG W/VIS <= 1/4 MILE      1
HAZE                      2

-  INDICATES NEGATIVE NUMBERS.
R  INDICATES RECORD WAS SET OR TIED.
MM INDICATES DATA IS MISSING.
T  INDICATES TRACE AMOUNT.

$$



USA.gov is the U.S. government's official web portal to all federal, state and local government web resources and services.
  • National Weather Service
  • WSO Pago Pago Weather Service Office
  • Pago Pago, AS
  • (684) 699-9130
  • Page Author: PPG Webmaster
  • Incorrect Region Format!
  • Web Master's E-mail:
  • Page last modified: Mar 10th, 2020 21:02 UTC