000
CXUS53 KDDC 011816
CLMGCK


CLIMATE REPORT
NATIONAL WEATHER SERVICE DODGE CITY KS
106 PM CDT WED APR 1 2020

...................................

...THE GARDEN CITY REGIONAL ARPT KS CLIMATE SUMMARY FOR THE MONTH OF MARCH 2020...

CLIMATE NORMAL PERIOD 1981 TO 2010
CLIMATE RECORD PERIOD 1948 TO 2020

WEATHER         OBSERVED          NORMAL  DEPART  LAST YEAR`S
                 VALUE   DATE(S)  VALUE   FROM    VALUE  DATE(S)
                                          NORMAL
................................................................
TEMPERATURE (F)
RECORD
 HIGH              93   03/19/2017
                        03/10/1989
                        03/19/1972
 LOW              -22   03/11/1948
HIGHEST            83   03/25        MM      MM       80  03/27
LOWEST             20   03/21        MM      MM       -3  03/05
AVG. MAXIMUM     60.2              57.8     2.4     49.3
AVG. MINIMUM     33.0              29.4     3.6     25.1
MEAN             46.6              43.6     3.0     37.2
DAYS MAX >= 90      0               0.0     0.0        0
DAYS MAX <= 32      0               1.5    -1.5        4
DAYS MIN <= 32     16              18.9    -2.9       24
DAYS MIN <= 0       0               0.1    -0.1        2

PRECIPITATION (INCHES)
RECORD
 MAXIMUM         7.25   1973
 MINIMUM            T   2016
TOTALS           0.16              1.46   -1.30     1.61
DAYS >= .01         3               5.3    -2.3        6
DAYS >= .10         0               2.7    -2.7        3
DAYS >= .50         0               0.8    -0.8        2
DAYS >= 1.00        0               0.2    -0.2        0
GREATEST
 24 HR. TOTAL    0.09   03/13 TO 03/13           03/22 TO 03/22

DEGREE_DAYS
HEATING TOTAL     566               664     -98      855
 SINCE 7/1       4588              4688    -100     5316
COOLING TOTAL       0                 0       0        0
 SINCE 1/1          0                 0       0        0
.................................................................

WIND (MPH)
AVERAGE WIND SPEED              13.4
HIGHEST WIND SPEED/DIRECTION    45/310    DATE  03/28
HIGHEST GUST SPEED/DIRECTION    61/010    DATE  03/27

SKY COVER
POSSIBLE SUNSHINE (PERCENT)   MM
AVERAGE SKY COVER           0.40
NUMBER OF DAYS FAIR           16
NUMBER OF DAYS PC              9
NUMBER OF DAYS CLOUDY          6


WEATHER CONDITIONS. NUMBER OF DAYS WITH
THUNDERSTORM              1     MIXED PRECIP                0
HEAVY RAIN                0     RAIN                        2
LIGHT RAIN                5     FREEZING RAIN               0
LT FREEZING RAIN          0     HAIL                        0
HEAVY SNOW                0     SNOW                        0
LIGHT SNOW                2     SLEET                       0
FOG                      14     FOG W/VIS <= 1/4 MILE       9
HAZE                      0     BLOWING SNOW                0
TORNADO                   0

-  INDICATES NEGATIVE NUMBERS.
R  INDICATES RECORD WAS SET OR TIED.
MM INDICATES DATA IS MISSING.
T  INDICATES TRACE AMOUNT.

$$



USA.gov is the U.S. government's official web portal to all federal, state and local government web resources and services.
  • National Weather Service
  • WSO Pago Pago Weather Service Office
  • Pago Pago, AS
  • (684) 699-9130
  • Page Author: PPG Webmaster
  • Incorrect Region Format!
  • Web Master's E-mail:
  • Page last modified: Mar 10th, 2020 21:02 UTC