000
CXUS51 KPHI 011645
CLMGED

CLIMATE REPORT
NATIONAL WEATHER SERVICE MOUNT HOLLY NJ
1145 AM EST SUN MAR 01 2020

...................................

...THE GEORGETOWN DE CLIMATE SUMMARY FOR THE MONTH OF FEBRUARY 2020...

CLIMATE NORMAL PERIOD: 1981 TO 2010
CLIMATE RECORD PERIOD: 1948 TO 2020

WEATHER         OBSERVED          NORMAL  DEPART   LAST YEAR`S
                VALUE   DATE(S)   VALUE   FROM     VALUE
                                          NORMAL
..............................................................
TEMPERATURE (F)
RECORD
 HIGH             77   02/21/2018
                       02/25/2017
                       07/09/1936
 LOW              -8   02/06/1996
                       02/11/1979
HIGHEST           69                 MM      MM       71
LOWEST            17                 MM      MM        8
AVG. MAXIMUM    53.1               46.7     6.4     50.6
AVG. MINIMUM    33.9               28.3     5.6     32.5
MEAN            43.5               37.5     6.0     41.6
DAYS MAX >= 90     0                0.0     0.0        0
DAYS MAX <= 32     0                1.3    -1.3        1
DAYS MIN <= 32    14               20.7    -6.7       13
DAYS MIN <= 0      0                0.0     0.0        0

PRECIPITATION (INCHES)
RECORD
 MAXIMUM          MM   MM
 MINIMUM          MM   MM
TOTALS          3.29               2.79    0.50     3.11
DAILY AVG.      0.11                NAN     NAN     0.11
DAYS >= .01       14                9.0     5.0       11
DAYS >= .10        7                5.1     1.9        7
DAYS >= .50        2                1.6     0.4        2
DAYS >= 1.00       1                0.4     0.6        0
GREATEST
 24 HR. TOTAL   1.07   02/06 TO 02/06               0.74


DEGREE DAYS
HEATING TOTAL    618                770    -152      647
 SINCE 7/1      2771               3329    -558     2837
COOLING TOTAL      0                  0       0        0
 SINCE 1/1         0                  0       0        0
..............................................................

WIND (MPH)
AVERAGE WIND SPEED              7.0
HIGHEST WIND SPEED/DIRECTION    37/220    DATE  02/07
HIGHEST GUST SPEED/DIRECTION    52/240    DATE  02/07

SKY COVER
POSSIBLE SUNSHINE (PERCENT)   MM
AVERAGE SKY COVER           0.41
NUMBER OF DAYS FAIR           13
NUMBER OF DAYS PC             10
NUMBER OF DAYS CLOUDY          6

AVERAGE RH (PERCENT)     69

WEATHER CONDITIONS. NUMBER OF DAYS WITH
THUNDERSTORM              0     MIXED PRECIP               0
HEAVY RAIN                2     RAIN                       5
LIGHT RAIN               17     FREEZING RAIN              0
LT FREEZING RAIN          0     HEAVY SNOW                 0
SNOW                      0     LIGHT SNOW                 0
SLEET                     0     FOG                       13
FOG W/VIS <= 1/4 MILE     0     HAZE                       0

-  INDICATES NEGATIVE NUMBERS.
R  INDICATES RECORD WAS SET OR TIED.
MM INDICATES DATA IS MISSING.
T  INDICATES TRACE AMOUNT.

$$


USA.gov is the U.S. government's official web portal to all federal, state and local government web resources and services.
  • National Weather Service
  • WSO Pago Pago Weather Service Office
  • Pago Pago, AS
  • (684) 699-9130
  • Page Author: PPG Webmaster
  • Incorrect Region Format!
  • Web Master's E-mail:
  • Page last modified: Mar 10th, 2020 21:02 UTC