000
CXUS53 KIND 011507
CLMGEZ

CLIMATE REPORT
NATIONAL WEATHER SERVICE INDIANAPOLIS IN
1107 AM EDT WED APR 01 2020

...................................

...THE SHELBYVILLE IN CLIMATE SUMMARY FOR THE MONTH OF MARCH 2020...

CLIMATE NORMAL PERIOD 1981 TO 2010
CLIMATE RECORD PERIOD 9999 TO 9999

WEATHER         OBSERVED          NORMAL  DEPART   LAST YEAR`S
                VALUE   DATE(S)   VALUE   FROM     VALUE DATE(S)
                                          NORMAL
................................................................
TEMPERATURE (F)
HIGHEST           73   03/28                          71  03/28
                                                          03/13
LOWEST            23R  03/07                           5  03/04
AVG. MAXIMUM    56.4               51.7     4.7     48.1
AVG. MINIMUM    38.6               31.9     6.7     28.9
MEAN            47.5               41.8     5.7     38.5
DAYS MAX >= 90     0                0.0     0.0        0
DAYS MAX <= 32     0                1.3    -1.3        4
DAYS MIN <= 32     7               16.6    -9.6       21
DAYS MIN <= 0      0                0.0     0.0        0

PRECIPITATION (INCHES)
TOTALS          5.57               3.43    2.14     3.81
DAILY AVG.      0.18               0.11    0.07     0.12
DAYS >= .01       18                 MM      MM       13
DAYS >= .10       11                 MM      MM        6
DAYS >= .50        4                 MM      MM        3
DAYS >= 1.00       1                 MM      MM        1
GREATEST
 24 HR. TOTAL   2.13   03/19 TO 03/20


DEGREE DAYS
HEATING TOTAL    535                720    -185      814
 SINCE 7/1      4173               4884    -711     4797
COOLING TOTAL      1                  1       0        0
 SINCE 1/1         1                  1       0        0
................................................................

WIND (MPH)
AVERAGE WIND SPEED              10.2
HIGHEST WIND SPEED/DIRECTION    35/250    DATE  03/29
HIGHEST GUST SPEED/DIRECTION    48/250    DATE  03/29

SKY COVER
POSSIBLE SUNSHINE (PERCENT)   MM
AVERAGE SKY COVER           0.60
NUMBER OF DAYS FAIR            8
NUMBER OF DAYS PC             11
NUMBER OF DAYS CLOUDY         12

AVERAGE RH (PERCENT)     69

WEATHER CONDITIONS. NUMBER OF DAYS WITH
THUNDERSTORM              4     MIXED PRECIP               0
HEAVY RAIN                5     RAIN                       9
LIGHT RAIN               17     FREEZING RAIN              0
LT FREEZING RAIN          0     HAIL                       0
HEAVY SNOW                0     SNOW                       0
LIGHT SNOW                2     SLEET                      0
FOG                      15     FOG W/VIS <= 1/4 MILE      2
HAZE                     11

-  INDICATES NEGATIVE NUMBERS.
R  INDICATES RECORD WAS SET OR TIED.
MM INDICATES DATA IS MISSING.
T  INDICATES TRACE AMOUNT.

$$


USA.gov is the U.S. government's official web portal to all federal, state and local government web resources and services.
  • National Weather Service
  • WSO Pago Pago Weather Service Office
  • Pago Pago, AS
  • (684) 699-9130
  • Page Author: PPG Webmaster
  • Incorrect Region Format!
  • Web Master's E-mail:
  • Page last modified: Mar 10th, 2020 21:02 UTC