000
CXUS53 KFGF 011944
CLMGFK

CLIMATE REPORT
NATIONAL WEATHER SERVICE GRAND FORKS
842 AM CDT THU OCT 01 2020

...................................

...THE GRAND FORKS INTL AP ND CLIMATE SUMMARY FOR THE MONTH OF SEPTEMBER 2020...

CLIMATE NORMAL PERIOD 1981 TO 2010
CLIMATE RECORD PERIOD 1941 TO 2020

WEATHER         OBSERVED          NORMAL  DEPART   LAST YEAR`S
                VALUE   DATE(S)   VALUE   FROM     VALUE DATE(S)
                                          NORMAL
................................................................
TEMPERATURE (F)
RECORD
 HIGH            103   09/02/1983
 LOW              18   09/28/1942
HIGHEST           86   09/22         69      17       90  09/20
LOWEST            31   09/08         44     -13       40  09/04
                       09/09
                                                          09/30
AVG. MAXIMUM    69.8               69.6     0.2     68.8
AVG. MINIMUM    44.0               44.2    -0.2     49.8
MEAN            56.9               56.9     0.0     59.3
DAYS MAX >= 90     0                0.7    -0.7        1
DAYS MAX <= 32     0                0.0     0.0        0
DAYS MIN <= 32     2                2.0     0.0        0
DAYS MIN <= 0      0                0.0     0.0        0

PRECIPITATION (INCHES)
RECORD
 MAXIMUM        8.14   2019
 MINIMUM        0.20   2012
TOTALS          0.30               2.05   -1.75     8.14
DAILY AVG.      0.01               0.07   -0.06     0.27
DAYS >= .01        6                8.3    -2.3       11
DAYS >= .10        1                4.4    -3.4        7
DAYS >= .50        0                1.2    -1.2        5
DAYS >= 1.00       0                0.5    -0.5        3
GREATEST
 24 HR. TOTAL   0.12   09/02 TO 09/02

SNOWFALL (INCHES)
RECORDS
 TOTAL           0.2   1991
TOTALS           0.0                  T     0.0      0.0
SINCE 7/1        0.0                  T     0.0       MM
SNOWDEPTH AVG.     0                                   0
DAYS >= 1.0        0                0.0     0.0        0
GREATEST
 SNOW DEPTH        0                                   0  MM
 24 HR TOTAL      MM

DEGREE DAYS
HEATING TOTAL    238                269     -31      211
 SINCE 7/1       257                350     -93      261
COOLING TOTAL      4                 26     -22       47
 SINCE 1/1       541                378     163      432
................................................................

WIND (MPH)
AVERAGE WIND SPEED              10.7
HIGHEST WIND SPEED/DIRECTION    43/310    DATE  09/02
HIGHEST GUST SPEED/DIRECTION    53/320    DATE  09/02

SKY COVER
POSSIBLE SUNSHINE (PERCENT)   MM
AVERAGE SKY COVER           0.47
NUMBER OF DAYS FAIR            8
NUMBER OF DAYS PC             20
NUMBER OF DAYS CLOUDY          2

AVERAGE RH (PERCENT)     62

WEATHER CONDITIONS. NUMBER OF DAYS WITH
THUNDERSTORM              2     MIXED PRECIP               0
HEAVY RAIN                0     RAIN                       1
LIGHT RAIN                8     FREEZING RAIN              0
LT FREEZING RAIN          0     HAIL                       0
HEAVY SNOW                0     SNOW                       0
LIGHT SNOW                0     SLEET                      0
FOG                       4     FOG W/VIS <= 1/4 MILE      1
HAZE                      1

-  INDICATES NEGATIVE NUMBERS.
R  INDICATES RECORD WAS SET OR TIED.
MM INDICATES DATA IS MISSING.
T  INDICATES TRACE AMOUNT.

&&

THE MONTH OF SEPTEMBER AT THE GRAND FORKS INTERNATIONAL AIRPORT WAS
NORMAL. THE AVERAGE TEMPERATURE WAS 56.9 DEGREES WHICH MATCHES THE
NORMAL OF 56.9 DEGREES. THE FIRST HALF OF THE MONTH STARTED SLIGHTLY
COOLER, WITH ABOVE NORMAL TEMPERATURES DURING THE REST OF THE MONTH.

PRECIPITATION FOR THE MONTH WAS MUCH BELOW NORMAL. TOTAL RAINFALL
WAS 0.30 INCHES WHICH WAS 1.75 INCHES BELOW NORMAL. THIS MAKES THE
MONTHLY TOTAL THE THIRD LOWEST ON RECORD.

REMEMBER...THIS DATA IS PROVISIONAL AND SUBJECT TO CHANGE. THE FINAL
AND OFFICIAL RECORDS WILL BE AVAILABLE FROM THE NATIONAL CENTERS FOR
ENVIRONMENTAL INFORMATION.

$$



USA.gov is the U.S. government's official web portal to all federal, state and local government web resources and services.
  • National Weather Service
  • WSO Pago Pago Weather Service Office
  • Pago Pago, AS
  • (684) 699-9130
  • Page Author: PPG Webmaster
  • Incorrect Region Format!
  • Web Master's E-mail:
  • Page last modified: Mar 10th, 2020 21:02 UTC