000
CXUS53 KFGF 011820 CCA
CLMGFK

CLIMATE REPORT...CORRECTED
NATIONAL WEATHER SERVICE GRAND FORKS
922 AM CST SUN MAR 01 2020

...................................

...THE GRAND FORKS INTL AP ND CLIMATE SUMMARY FOR THE MONTH OF FEBRUARY 2020...

CLIMATE NORMAL PERIOD 1981 TO 2010
CLIMATE RECORD PERIOD 1941 TO 2020

WEATHER         OBSERVED          NORMAL  DEPART   LAST YEAR`S
                VALUE   DATE(S)   VALUE   FROM     VALUE DATE(S)
                                          NORMAL
................................................................
TEMPERATURE (F)
RECORD
 HIGH             67   02/22/2000
 LOW             -40   02/01/1996
HIGHEST           41   02/01         22      19       20  02/20
LOWEST           -28   02/13          4     -32      -29  02/08
AVG. MAXIMUM    21.8               21.9    -0.1      6.9
AVG. MINIMUM    -1.9                2.1    -4.0    -12.0
MEAN            10.0               12.0    -2.0     -2.6
DAYS MAX >= 90     0                0.0     0.0        0
DAYS MAX <= 32    23               20.7     2.3       28
DAYS MIN <= 32    29               27.7     1.3       28
DAYS MIN <= 0     16               13.1     2.9       26

PRECIPITATION (INCHES)
RECORD
 MAXIMUM        0.99   2019
 MINIMUM        0.03   2002
TOTALS          0.12               0.52   -0.40     0.99
DAILY AVG.      0.00                NAN     NAN     0.04
DAYS >= .01        6                6.6    -0.6       13
DAYS >= .10        0                1.5    -1.5        3
DAYS >= .50        0                0.1    -0.1        0
DAYS >= 1.00       0                0.0     0.0        0
GREATEST
 24 HR. TOTAL   0.07   02/14 TO 02/14

SNOWFALL (INCHES)
RECORDS
 TOTAL          23.2   2019
TOTALS           2.6                6.6    -4.0     23.2
SINCE 7/1       55.1               37.2    17.9     48.6
SNOWDEPTH AVG.    13                                  13
DAYS >= 1.0        1                2.1    -1.1        9
GREATEST
 SNOW DEPTH       16   02/14                          20  02/26
                                                          02/25
                                                          02/24
 24 HR TOTAL     1.2   02/14 TO 02/14

DEGREE DAYS
HEATING TOTAL   1589               1484     105     1883
 SINCE 7/1      7247               7245       2     7905
COOLING TOTAL      0                  0       0        0
 SINCE 1/1         0                  0       0        0
................................................................

WIND (MPH)
AVERAGE WIND SPEED              11.2
HIGHEST WIND SPEED/DIRECTION    46/360    DATE  02/12
HIGHEST GUST SPEED/DIRECTION    61/350    DATE  02/12

SKY COVER
POSSIBLE SUNSHINE (PERCENT)   MM
AVERAGE SKY COVER           0.46
NUMBER OF DAYS FAIR           10
NUMBER OF DAYS PC             12
NUMBER OF DAYS CLOUDY          7

AVERAGE RH (PERCENT)     77

WEATHER CONDITIONS. NUMBER OF DAYS WITH
THUNDERSTORM              0     MIXED PRECIP               0
HEAVY RAIN                0     RAIN                       0
LIGHT RAIN                0     FREEZING RAIN              0
LT FREEZING RAIN          0     HAIL                       0
HEAVY SNOW                0     SNOW                       0
LIGHT SNOW               11     SLEET                      0
FOG                      10     FOG W/VIS <= 1/4 MILE      1
HAZE                      4

-  INDICATES NEGATIVE NUMBERS.
R  INDICATES RECORD WAS SET OR TIED.
MM INDICATES DATA IS MISSING.
T  INDICATES TRACE AMOUNT.

&&

AT THE GRAND FORKS AIRPORT, FEBRUARY 2020 TEMPERATURES WERE SLIGHTLY
BELOW NORMAL (-2.0 DEGREES) AND THE PRECIPITATION AMOUNT WAS MUCH
BELOW NORMAL (-0.40 INCHES). NO DAILY OR MONTHLY TEMPERATURE,
PRECIPITATION, OR SNOWFALL RECORDS WERE SET.

REMEMBER THIS DATA IS PROVISIONAL AND SUBJECT TO CHANGE. THE FINAL
AND OFFICIAL RECORDS WILL BE AVAILABLE FROM THE NATIONAL CENTERS FOR
ENVIRONMENTAL INFORMATION.

$$
GUST


USA.gov is the U.S. government's official web portal to all federal, state and local government web resources and services.
  • National Weather Service
  • WSO Pago Pago Weather Service Office
  • Pago Pago, AS
  • (684) 699-9130
  • Page Author: PPG Webmaster
  • Incorrect Region Format!
  • Web Master's E-mail:
  • Page last modified: Mar 10th, 2020 21:02 UTC