000
CXUS51 KALY 010638
CLMGFL


CLIMATE REPORT
NATIONAL WEATHER SERVICE ALBANY NY
237 AM EDT WED APR 1 2020

...................................

...THE GLENS FALLS NY CLIMATE SUMMARY FOR THE MONTH OF MARCH 2020...

CLIMATE NORMAL PERIOD 1981 TO 2010
CLIMATE RECORD PERIOD 1893 TO 2020

WEATHER         OBSERVED          NORMAL  DEPART  LAST YEAR`S
                 VALUE   DATE(S)  VALUE   FROM    VALUE  DATE(S)
                                          NORMAL
................................................................
TEMPERATURE (F)
RECORD
 HIGH              86   10/07/5881
                        10/07/5881
                        10/07/5881
 LOW              -19   03/07/2007
HIGHEST            68   03/09                         67  03/30
LOWEST              5   03/01                         -5  03/06
AVG. MAXIMUM     47.2              42.4     4.8     42.1
AVG. MINIMUM     26.3              20.3     6.0     19.5
MEAN             36.7              31.3     5.4     30.8
DAYS MAX >= 90      0               0.0     0.0        0
DAYS MAX <= 32      0               4.4    -4.4        3
DAYS MIN <= 32     25              26.9    -1.9       24
DAYS MIN <= 0       0               1.8    -1.8        4

PRECIPITATION (INCHES)
RECORD
 MAXIMUM         8.29   1913
 MINIMUM         0.04   1915
TOTALS           2.80              2.94   -0.14     1.22
DAILY AVG.       0.09                               0.04
DAYS >= .01        11              10.7     0.3        8
DAYS >= .10         7               6.4     0.6        5
DAYS >= .50         2               1.9     0.1        1
DAYS >= 1.00        0               0.5    -0.5        0
GREATEST
 24 HR. TOTAL    0.96   03/13 TO 03/13

DEGREE_DAYS
HEATING TOTAL     870              1043    -173     1052
 SINCE 7/1       6145              6663    -518     6388
COOLING TOTAL       0                 0       0        0
 SINCE 1/1          0                 0       0        0
.................................................................

WIND (MPH)
AVERAGE WIND SPEED              5.8
HIGHEST WIND SPEED/DIRECTION    26/300    DATE  03/13
HIGHEST GUST SPEED/DIRECTION    41/290    DATE  03/13

SKY COVER
AVERAGE SKY COVER           0.50

AVERAGE RH (PERCENT)     64

-  INDICATES NEGATIVE NUMBERS.
R  INDICATES RECORD WAS SET OR TIED.
MM INDICATES DATA IS MISSING.
T  INDICATES TRACE AMOUNT.

$$



USA.gov is the U.S. government's official web portal to all federal, state and local government web resources and services.
  • National Weather Service
  • WSO Pago Pago Weather Service Office
  • Pago Pago, AS
  • (684) 699-9130
  • Page Author: PPG Webmaster
  • Incorrect Region Format!
  • Web Master's E-mail:
  • Page last modified: Mar 10th, 2020 21:02 UTC