000
CXUS55 KGGW 021111
CLMGGW

GGWCLMWRK 000
TTAA00 KGGW 021048


CLIMATE REPORT
NATIONAL WEATHER SERVICE GLASGOW MT
448 AM MDT THU APR 2 2020

...................................

...THE GLASGOW CLIMATE SUMMARY FOR THE MONTH OF MARCH 2020...

CLIMATE NORMAL PERIOD 1981 TO 2010
CLIMATE RECORD PERIOD 1893 TO 2020

WEATHER         OBSERVED          NORMAL  DEPART  LAST YEAR`S
                 VALUE   DATE(S)  VALUE   FROM    VALUE  DATE(S)
                                          NORMAL
................................................................
TEMPERATURE (F)
RECORD
 HIGH              81   03/22/1928
 LOW              -45   03/12/1897
HIGHEST            63   03/30                         58  03/26
LOWEST              9   03/16                        -25  03/03
                                                          03/02
AVG. MAXIMUM     42.9              42.4     0.5     32.8
AVG. MINIMUM     23.9              20.9     3.0     12.4
MEAN             33.4              31.7     1.7     22.6
DAYS MAX >= 90      0                                  0
DAYS MAX <= 32      7                                 11
DAYS MIN <= 32     28                                 28
DAYS MIN <= 0       0                                  6

PRECIPITATION (INCHES)
RECORD
 MAXIMUM         4.25   1898
 MINIMUM            T   1901
TOTALS           0.40              0.42   -0.02     0.19
DAILY AVG.       0.01              0.01    0.00     0.01
DAYS >= .01        10                                  2
DAYS >= .10         2                                  1
DAYS >= .50         0                                  0
DAYS >= 1.00        0                                  0
GREATEST
 24 HR. TOTAL    0.13   03/25 TO 03/25

SNOWFALL (INCHES)
RECORDS
 TOTAL           25.0   1897
 SNOW DEPTH        21   03/04/2004
                        03/03/2004
TOTALS            5.6               4.7     0.9      0.1
 LIQUID EQUIV    0.56              0.50    0.06     0.01
SINCE 7/1        33.5              31.7     1.8     45.4
 LIQUID 7/1      3.35              3.20    0.15     4.54
SNOWDEPTH AVG.      0                                  4
DAYS >= TRACE      12                                  3
DAYS >= 1.0         2                                  0
GREATEST
 SNOW DEPTH         1   03/26                          8  03/03
                        03/19                             03/02
                        03/17                             03/01
 24 HR TOTAL      1.8   03/25 TO 03/25

DEGREE_DAYS
HEATING TOTAL     970              1034     -64     1305
 SINCE 7/1       7063              7404    -341     7868
COOLING TOTAL       0                 0       0        0
 SINCE 1/1          0                 0       0        0
.................................................................

WIND (MPH)
AVERAGE WIND SPEED              11.6
RESULTANT WIND SPEED/DIRECTION   1/005
HIGHEST WIND SPEED/DIRECTION    43/300    DATE  03/04
HIGHEST GUST SPEED/DIRECTION    54/280    DATE  03/04

SKY COVER
POSSIBLE SUNSHINE (PERCENT)   MM
AVERAGE SKY COVER           0.40
NUMBER OF DAYS FAIR           15
NUMBER OF DAYS PC             12
NUMBER OF DAYS CLOUDY          4

AVERAGE RH (PERCENT)     63

WEATHER CONDITIONS. NUMBER OF DAYS WITH
  0
  0
  0
  0
  3
  0
  1
HAZE                      4

-  INDICATES NEGATIVE NUMBERS.
R  INDICATES RECORD WAS SET OR TIED.
MM INDICATES DATA IS MISSING.
T  INDICATES TRACE AMOUNT.

$$
&&

MARCH WAS SLIGHTLY WARMER THAN NORMAL AND SLIGHTLY DRIER THAN NORMAL.

A COLDER PERIOD OCCURRED ON THE 14TH THROUGH THE 16TH WHEN HIGH
TEMPERATURES WERE ONLY IN THE 20S. THE WARMEST DAY WAS ON THE 30TH
WHEN THE HIGH TEMPERATURE WAS 63 DEGREES. THE COLDEST DAY WAS ON THE
16TH WHEN THE LOW WAS 9 DEGREES.

THERE WERE SEVERAL DAYS WITH LIGHT PRECIPITATION AMOUNTS, BUT A
COUPLE OF PERIODS STAND OUT. A TOTAL OF 0.12 INCHES FELL ON THE 14TH
AND 0.13 INCHES FELL ON THE 25TH. IN EACH CASE, 1.8 INCHES OF SNOW
FELL. 5.6 INCHES OF SNOWFALL FELL DURING THE ENTIRE MONTH, 4.7
INCHES IS NORMAL.

WINDS WERE PARTICULARLY STRONG DURING THE FIRST HALF OF THE MONTH
WITH PEAK WIND SPEEDS AS HIGH AS 54 MPH ON THE 4TH.

LOOKING AHEAD TO APRIL, NORMAL HIGHS START IN THE LOWER 50S AND END
WITH HIGHS IN THE MID 60S. NORMAL LOWS START OUT IN THE UPPER 20S
AND END IN THE MID 30S. NORMAL PRECIPITATION FOR THE MONTH IS 0.81
INCHES.


$$


USA.gov is the U.S. government's official web portal to all federal, state and local government web resources and services.
  • National Weather Service
  • WSO Pago Pago Weather Service Office
  • Pago Pago, AS
  • (684) 699-9130
  • Page Author: PPG Webmaster
  • Incorrect Region Format!
  • Web Master's E-mail:
  • Page last modified: Mar 10th, 2020 21:02 UTC