000
CXUS55 KGJT 011205
CLMGJT


CLIMATE REPORT
NATIONAL WEATHER SERVICE GRAND JUNCTION CO
542 AM MDT WED APR 1 2020

...................................

...THE GRAND JUNCTION CO CLIMATE SUMMARY FOR THE MONTH OF MARCH 2020...

CLIMATE NORMAL PERIOD 1981 TO 2010
CLIMATE RECORD PERIOD 1893 TO 2020

WEATHER         OBSERVED          NORMAL  DEPART  LAST YEAR`S
                 VALUE   DATE(S)  VALUE   FROM    VALUE  DATE(S)
                                          NORMAL
................................................................
TEMPERATURE (F)
RECORD
 HIGH              81   03/20/2004
                        03/26/1971
                        03/19/1907
 LOW                5   03/11/1948
                        03/05/1939
HIGHEST            70   03/07        60      10       70  03/27
LOWEST             25   03/03        27      -2       24  03/15
AVG. MAXIMUM     57.9              56.5     1.4     53.9
AVG. MINIMUM     34.9              31.4     3.5     33.5
MEAN             46.4              43.9     2.5     43.7
DAYS MAX >= 90      0               0.0     0.0        0
DAYS MAX <= 32      0               0.1    -0.1        0
DAYS MIN <= 32     10              17.1    -7.1       13
DAYS MIN <= 0       0               0.0     0.0        0

PRECIPITATION (INCHES)
RECORD
 MAXIMUM         2.36   1912
 MINIMUM         0.02   2004
                        1972
                        1971
TOTALS           1.45              0.92    0.53     2.29
DAILY AVG.       0.05              0.03    0.02     0.07
DAYS >= .01        10               7.3     2.7       11
DAYS >= .10         3               3.2    -0.2        6
DAYS >= .50         1               0.2     0.8        1
DAYS >= 1.00        0               0.0     0.0        0
GREATEST
 24 HR. TOTAL    0.90   03/19 TO 03/19              0.64

SNOWFALL (INCHES)
RECORDS
 TOTAL           15.9   1918
TOTALS            1.7               2.6    -0.9      0.0
SINCE 7/1        13.1              18.1    -5.0     17.4
SNOWDEPTH AVG.      0                MM      MM        0
DAYS >= 1.0         1               0.9     0.1        0
GREATEST
 SNOW DEPTH         T   03/28                          0
 24 HR TOTAL      1.0   03/19 TO 03/19               0.0

DEGREE_DAYS
HEATING TOTAL     568               653     -85      653
 SINCE 7/1       5073              5032      41     5108
COOLING TOTAL       0                 0       0        0
 SINCE 1/1          0                 0       0        0
.................................................................

WIND (MPH)
AVERAGE WIND SPEED              7.5
HIGHEST WIND SPEED/DIRECTION    33/300    DATE  03/13
HIGHEST GUST SPEED/DIRECTION    41/300    DATE  03/13

SKY COVER
POSSIBLE SUNSHINE (PERCENT)   MM
AVERAGE SKY COVER           0.40
NUMBER OF DAYS FAIR           10
NUMBER OF DAYS PC             15
NUMBER OF DAYS CLOUDY          6

AVERAGE RH (PERCENT)     51

WEATHER CONDITIONS. NUMBER OF DAYS WITH
THUNDERSTORM              2     MIXED PRECIP                0
HEAVY RAIN                1     RAIN                        5
LIGHT RAIN               14     FREEZING RAIN               0
LT FREEZING RAIN          0     HAIL                        1
HEAVY SNOW                1     SNOW                        2
LIGHT SNOW                2     SLEET                       0
FOG                       5     FOG W/VIS <= 1/4 MILE       1
HAZE                      4

-  INDICATES NEGATIVE NUMBERS.
R  INDICATES RECORD WAS SET OR TIED.
MM INDICATES DATA IS MISSING.
T  INDICATES TRACE AMOUNT.

$$





USA.gov is the U.S. government's official web portal to all federal, state and local government web resources and services.
  • National Weather Service
  • WSO Pago Pago Weather Service Office
  • Pago Pago, AS
  • (684) 699-9130
  • Page Author: PPG Webmaster
  • Incorrect Region Format!
  • Web Master's E-mail:
  • Page last modified: Mar 10th, 2020 21:02 UTC