000
CXUS53 KGLD 060452
CLMGLD

CLIMATE REPORT
NATIONAL WEATHER SERVICE GOODLAND
1045 PM MDT SUN APR 5 2020

...................................

...THE GOODLAND KS CLIMATE SUMMARY FOR THE MONTH OF MARCH 2020...

CLIMATE NORMAL PERIOD 1981 TO 2010
CLIMATE RECORD PERIOD 1895 TO 2020

WEATHER         OBSERVED          NORMAL  DEPART  LAST YEAR`S
                 VALUE   DATE(S)  VALUE   FROM    VALUE  DATE(S)
                                          NORMAL
................................................................
TEMPERATURE (F)
RECORD
 HIGH              90   03/20/1907
                        03/19/1907
 LOW              -20   03/03/1960
                        03/11/1948
                        03/10/1948
HIGHEST            76   03/25        79      -3       78  03/27
                        03/08
LOWEST             16   03/20         9       7      -10  03/04
AVG. MAXIMUM     57.6              54.6     3.0     48.0
AVG. MINIMUM     30.1              26.5     3.6     23.0
MEAN             43.9              40.5     3.4     35.5
DAYS MAX >= 90      0               0.0     0.0        0
DAYS MAX <= 32      1               2.0    -1.0        4
DAYS MIN <= 32     21              22.8    -1.8       25
DAYS MIN <= 0       0               0.4    -0.4        2

PRECIPITATION (INCHES)
RECORD
 MAXIMUM         3.60   1981
 MINIMUM         0.00   1911
TOTALS           1.01              1.07   -0.06     1.17
DAILY AVG.       0.03              0.03    0.00     0.04
DAYS >= .01        10               6.0     4.0       10
DAYS >= .10         5               2.6     2.4        5
DAYS >= .50         0               0.6    -0.6        0
DAYS >= 1.00        0               0.1    -0.1        0
GREATEST
 24 HR. TOTAL    0.25   03/28 TO 03/28              0.27

SNOWFALL (INCHES)
RECORDS
 TOTAL           32.0   1912
TOTALS            0.7               6.8    -6.1      4.6
SINCE 7/1        23.1              30.8    -7.7     27.0
SNOWDEPTH AVG.      0                MM      MM        1
DAYS >= 1.0         0               2.0    -2.0        2
GREATEST
 SNOW DEPTH         0                                  4  03/03
 24 HR TOTAL      0.7   03/13 TO 03/13           03/02 TO 03/02

DEGREE_DAYS
HEATING TOTAL     644               758    -114      904
 SINCE 7/1       4880              5175    -295     5451
COOLING TOTAL       0                 0       0        0
 SINCE 1/1          0                 0       0        0
.................................................................

WIND (MPH)
AVERAGE WIND SPEED              12.4
HIGHEST WIND SPEED/DIRECTION    41/330    DATE  03/28
HIGHEST GUST SPEED/DIRECTION    61/350    DATE  03/19

SKY COVER
AVERAGE SKY COVER           0.40

AVERAGE RH (PERCENT)     63


-  INDICATES NEGATIVE NUMBERS.
R  INDICATES RECORD WAS SET OR TIED.
MM INDICATES DATA IS MISSING.
T  INDICATES TRACE AMOUNT.

$$



USA.gov is the U.S. government's official web portal to all federal, state and local government web resources and services.
  • National Weather Service
  • WSO Pago Pago Weather Service Office
  • Pago Pago, AS
  • (684) 699-9130
  • Page Author: PPG Webmaster
  • Incorrect Region Format!
  • Web Master's E-mail:
  • Page last modified: Mar 10th, 2020 21:02 UTC