000
CXUS52 KJAX 011330
CLMGNV

CLIMATE REPORT
NATIONAL WEATHER SERVICE JACKSONVILLE FL
930 AM EDT WED APR 01 2020

...................................

...THE GAINESVILLE CLIMATE SUMMARY FOR THE MONTH OF MARCH 2020...

CLIMATE NORMAL PERIOD: 1981 TO 2010
CLIMATE RECORD PERIOD: 1890 TO 2020

WEATHER         OBSERVED          NORMAL  DEPART   LAST YEAR`S
                VALUE   DATE(S)   VALUE   FROM     VALUE DATE(S)
                                          NORMAL
................................................................
TEMPERATURE (F)
RECORD
 HIGH             96   03/31/1907
 LOW              22   03/03/1980
HIGHEST           93   03/28         86       7       88  03/15
                                                          03/10
LOWEST            31   03/01         32      -1       33  03/07
AVG. MAXIMUM    82.7               74.6     8.1     78.6
AVG. MINIMUM    55.2               50.0     5.2     53.5
MEAN            69.0               62.3     6.7     66.1
DAYS MAX >= 90     2                0.0     2.0        0
DAYS MIN <= 32     1                1.0     0.0        0

PRECIPITATION (INCHES)
RECORD
 MAXIMUM       11.13   1996
 MINIMUM           T   1945
TOTALS          0.64               4.33   -3.69     1.87
DAILY AVG.      0.02               0.14   -0.12     0.06
DAYS >= .01        2                8.0    -6.0        8
DAYS >= .10        1                5.0    -4.0        4
DAYS >= .50        1                2.0    -1.0        1
DAYS >= 1.00       0                1.0    -1.0        0
GREATEST
 24 HR. TOTAL   0.59   03/31 TO 03/31

SNOWFALL (INCHES)
RECORDS
 TOTAL             T   1991
TOTALS           0.0                0.0     0.0      0.0

DEGREE DAYS
HEATING TOTAL     55                137     -82       65
 SINCE 7/1       801               1172    -371      747
COOLING TOTAL    185                 54     131      106
 SINCE 1/1       281                 86     195      261
................................................................

WIND (MPH)
AVERAGE WIND SPEED              6.0
HIGHEST WIND SPEED/DIRECTION    30/230    DATE  03/05
                                30/250          03/31
HIGHEST GUST SPEED/DIRECTION    40/240    DATE  03/05
                                40/250          03/31

SKY COVER
AVERAGE SKY COVER           0.29

AVERAGE RH (PERCENT)     71

WEATHER CONDITIONS. NUMBER OF DAYS WITH
THUNDERSTORM              1     MIXED PRECIP               0
HEAVY RAIN                2     RAIN                       2
LIGHT RAIN                4     FREEZING RAIN              0
LT FREEZING RAIN          0     HAIL                       0
HEAVY SNOW                0     SNOW                       0
LIGHT SNOW                0     SLEET                      0
FOG                      16     FOG W/VIS <= 1/4 MILE     10
HAZE                      0

-  INDICATES NEGATIVE NUMBERS.
R  INDICATES RECORD WAS SET OR TIED.
MM INDICATES DATA IS MISSING.
T  INDICATES TRACE AMOUNT.

$$



USA.gov is the U.S. government's official web portal to all federal, state and local government web resources and services.
  • National Weather Service
  • WSO Pago Pago Weather Service Office
  • Pago Pago, AS
  • (684) 699-9130
  • Page Author: PPG Webmaster
  • Incorrect Region Format!
  • Web Master's E-mail:
  • Page last modified: Mar 10th, 2020 21:02 UTC