000
CXUS55 KMSO 061640
CLMGPI

CLIMATE REPORT
NATIONAL WEATHER SERVICE MISSOULA MT
1040 AM MDT MON APR 06 2020

...................................

...THE KALISPELL MT CLIMATE SUMMARY FOR THE MONTH OF MARCH 2020...

CLIMATE NORMAL PERIOD 1981 TO 2010
CLIMATE RECORD PERIOD 1894 TO 2020

WEATHER         OBSERVED          NORMAL  DEPART   LAST YEAR`S
                VALUE   DATE(S)   VALUE   FROM     VALUE
                                          NORMAL
..............................................................
TEMPERATURE (F)
RECORD
 HIGH             73   03/30/2004
 LOW             -29   03/03/1960
HIGHEST           58   03/21         MM      MM       54
LOWEST             6   03/15         MM      MM      -21
AVG. MAXIMUM    46.1               45.6     0.5     40.3
AVG. MINIMUM    23.0               25.1    -2.1     13.0
MEAN            34.6               35.4    -0.8
DAYS MAX >= 90     0                0.0     0.0        0
DAYS MAX <= 32     3                2.0     1.0        7
DAYS MIN <= 32    27               26.1     0.9       31
DAYS MIN <= 0      0                0.4    -0.4        5

PRECIPITATION (INCHES)
RECORD
 MAXIMUM        2.96   1987
 MINIMUM        0.08   1994
TOTALS          0.30               1.09   -0.79
DAILY AVG.      0.01               0.04   -0.03     0.02
DAYS >= .01       10               11.8    -1.8        7
DAYS >= .10        0                4.0    -4.0        3
DAYS >= .50        0                0.2    -0.2        0
DAYS >= 1.00       0                0.0     0.0        0
GREATEST
 24 HR. TOTAL   0.10   03/29 TO 03/30               0.16

SNOWFALL (INCHES)
TOTALS           1.0                5.7    -4.7      6.1
SINCE 7/1       35.3               53.0   -17.7       MM
DAYS >= TRACE      9                5.2     3.8        6
DAYS >= 1.0        1                2.2    -1.2        3
GREATEST
 SNOW DEPTH        1
 24 HR TOTAL      MM                                 2.0

DEGREE DAYS
HEATING TOTAL    938                919      19
 SINCE 7/1      6413               6771    -358
COOLING TOTAL      0                  0       0
 SINCE 1/1         0                  0       0
..............................................................

WIND (MPH)
AVERAGE WIND SPEED              8.4
HIGHEST WIND SPEED/DIRECTION    36/030    DATE  03/13
HIGHEST GUST SPEED/DIRECTION    49/230    DATE  03/04

SKY COVER
POSSIBLE SUNSHINE (PERCENT)   MM
AVERAGE SKY COVER           0.54
NUMBER OF DAYS FAIR            8
NUMBER OF DAYS PC             14
NUMBER OF DAYS CLOUDY          9

AVERAGE RH (PERCENT)     59

WEATHER CONDITIONS. NUMBER OF DAYS WITH
THUNDERSTORM              0     MIXED PRECIP               0
HEAVY RAIN                0     RAIN                       1
LIGHT RAIN                7     FREEZING RAIN              0
LT FREEZING RAIN          0     HAIL                       0
HEAVY SNOW                0     SNOW                       1
LIGHT SNOW                8     SLEET                      0
FOG                       3     FOG W/VIS <= 1/4 MILE      0
HAZE                      5

-  INDICATES NEGATIVE NUMBERS.
R  INDICATES RECORD WAS SET OR TIED.
MM INDICATES DATA IS MISSING.
T  INDICATES TRACE AMOUNT.

$$



USA.gov is the U.S. government's official web portal to all federal, state and local government web resources and services.
  • National Weather Service
  • WSO Pago Pago Weather Service Office
  • Pago Pago, AS
  • (684) 699-9130
  • Page Author: PPG Webmaster
  • Incorrect Region Format!
  • Web Master's E-mail:
  • Page last modified: Mar 10th, 2020 21:02 UTC