000
CXUS53 KGRB 010826
CLMGRB

CLIMATE REPORT
NATIONAL WEATHER SERVICE GREEN BAY
326 AM CDT THU OCT 01 2020

...................................

...THE GREEN BAY WI CLIMATE SUMMARY FOR THE MONTH OF SEPTEMBER 2020...

CLIMATE NORMAL PERIOD: 1981 TO 2010
CLIMATE RECORD PERIOD: 1886 TO 2020

WEATHER         OBSERVED          NORMAL  DEPART   LAST YEAR`S
                VALUE   DATE(S)   VALUE   FROM     VALUE DATE(S)
                                          NORMAL
................................................................
TEMPERATURE (F)
RECORD
 HIGH             97   09/10/1931
 LOW              24   09/29/1949
HIGHEST           83   09/23         86      -3       84  09/30
LOWEST            33   09/19         33       0       47  09/05
AVG. MAXIMUM    70.1               69.9     0.2     72.5
AVG. MINIMUM    49.2               48.5     0.7     56.1
MEAN            59.7               59.2     0.5     64.3
DAYS MAX >= 90     0                0.0     0.0        0
DAYS MAX <= 32     0                0.0     0.0        0
DAYS MIN <= 32     0                0.6    -0.6        0
DAYS MIN <= 0      0                0.0     0.0        0

PRECIPITATION (INCHES)
RECORD
 MAXIMUM        9.37   2019
 MINIMUM        0.28   1976
TOTALS          2.36               3.04   -0.68     9.37
DAYS >= .01       13                9.7     3.3       15
DAYS >= .10        5                5.9    -0.9       11
DAYS >= .50        2                2.0     0.0        6
DAYS >= 1.00       0                0.7    -0.7        4
GREATEST
 24 HR. TOTAL   0.93   09/11 TO 09/12

SNOWFALL (INCHES)
RECORDS
 TOTAL             T   1999
TOTALS           0.0                0.0     0.0      0.0
SINCE 7/1        0.0                0.0     0.0       MM
SNOWDEPTH AVG.     0                                   0
DAYS >= 1.0        0                0.0     0.0        0
GREATEST
 SNOW DEPTH        0                                   0  MM
 24 HR TOTAL      MM

DEGREE DAYS
HEATING TOTAL    174                207     -33       73
 SINCE 7/1       192                270     -78       97
COOLING TOTAL     19                 33     -14       63
 SINCE 1/1       668                395     273      534
................................................................

WIND (MPH)
AVERAGE WIND SPEED              7.7
HIGHEST WIND SPEED/DIRECTION    30/290    DATE  09/03
HIGHEST GUST SPEED/DIRECTION    43/310    DATE  09/03

SKY COVER
POSSIBLE SUNSHINE (PERCENT)   MM
AVERAGE SKY COVER           0.35
NUMBER OF DAYS FAIR           16
NUMBER OF DAYS PC             10
NUMBER OF DAYS CLOUDY          4

AVERAGE RH (PERCENT)     71

WEATHER CONDITIONS. NUMBER OF DAYS WITH
THUNDERSTORM              1     MIXED PRECIP               0
HEAVY RAIN                2     RAIN                       5
LIGHT RAIN               19     FREEZING RAIN              0
LT FREEZING RAIN          0     HAIL                       0
HEAVY SNOW                0     SNOW                       0
LIGHT SNOW                0     SLEET                      0
FOG                      11     FOG W/VIS <= 1/4 MILE      3
HAZE                      5

-  INDICATES NEGATIVE NUMBERS.
R  INDICATES RECORD WAS SET OR TIED.
MM INDICATES DATA IS MISSING.
T  INDICATES TRACE AMOUNT.

$$



USA.gov is the U.S. government's official web portal to all federal, state and local government web resources and services.
  • National Weather Service
  • WSO Pago Pago Weather Service Office
  • Pago Pago, AS
  • (684) 699-9130
  • Page Author: PPG Webmaster
  • Incorrect Region Format!
  • Web Master's E-mail:
  • Page last modified: Mar 10th, 2020 21:02 UTC