000
CXUS53 KGRB 011054
CLMGRB


CLIMATE REPORT
NATIONAL WEATHER SERVICE GREEN BAY
451 AM CST SUN MAR 1 2020

...................................

...THE GREEN BAY WI CLIMATE SUMMARY FOR THE MONTH OF FEBRUARY 2020...

CLIMATE NORMAL PERIOD 1981 TO 2010
CLIMATE RECORD PERIOD 1886 TO 2020

WEATHER         OBSERVED          NORMAL  DEPART  LAST YEAR`S
                 VALUE   DATE(S)  VALUE   FROM    VALUE  DATE(S)
                                          NORMAL
................................................................
TEMPERATURE (F)
RECORD
 HIGH              65   02/22/2017
 LOW              -33   02/10/1899
HIGHEST            47   02/02        43       4       42  02/14
LOWEST            -13   02/14       -12      -1      -10  02/01
AVG. MAXIMUM     29.4              28.2     1.2     27.4
AVG. MINIMUM     11.1              12.4    -1.3     10.0
MEAN             20.3              20.3     0.0     18.7
DAYS MAX >= 90      0               0.0     0.0        0
DAYS MAX <= 32     18              17.6     0.4       21
DAYS MIN <= 32     29              26.8     2.2       28
DAYS MIN <= 0       5               5.2    -0.2        7

PRECIPITATION (INCHES)
RECORD
 MAXIMUM         4.54   1922
 MINIMUM         0.04   1969
TOTALS           1.04              1.11   -0.07     3.13
DAILY AVG.       0.04                MM      MM     0.11
DAYS >= .01         7               8.4    -1.4       15
DAYS >= .10         3               3.0     0.0        9
DAYS >= .50         0               0.4    -0.4        2
DAYS >= 1.00        0               0.1    -0.1        0
GREATEST
 24 HR. TOTAL    0.47   02/09 TO 02/09

SNOWFALL (INCHES)
RECORDS
 TOTAL           30.2   1890
TOTALS           14.9               9.9     5.0     28.4
SINCE 7/1        57.7              40.2    17.5     63.0
SNOWDEPTH AVG.      8                MM      MM        9
DAYS >= 1.0         4               3.1     0.9        8
GREATEST
 SNOW DEPTH        13   02/19                         14  02/12
                        02/18
 24 HR TOTAL      5.8   02/09 TO 02/09

DEGREE_DAYS
HEATING TOTAL    1291              1251      40     1289
 SINCE 7/1       5327              5880    -553     5626
COOLING TOTAL       0                 0       0        0
 SINCE 1/1          0                 0       0        0
.................................................................

WIND (MPH)
AVERAGE WIND SPEED              9.1
HIGHEST WIND SPEED/DIRECTION    31/040    DATE  02/12
HIGHEST GUST SPEED/DIRECTION    41/040    DATE  02/12

SKY COVER
POSSIBLE SUNSHINE (PERCENT)   MM
AVERAGE SKY COVER           0.30
NUMBER OF DAYS FAIR           15
NUMBER OF DAYS PC              7
NUMBER OF DAYS CLOUDY          7

AVERAGE RH (PERCENT)     65


-  INDICATES NEGATIVE NUMBERS.
R  INDICATES RECORD WAS SET OR TIED.
MM INDICATES DATA IS MISSING.
T  INDICATES TRACE AMOUNT.

$$



USA.gov is the U.S. government's official web portal to all federal, state and local government web resources and services.
  • National Weather Service
  • WSO Pago Pago Weather Service Office
  • Pago Pago, AS
  • (684) 699-9130
  • Page Author: PPG Webmaster
  • Incorrect Region Format!
  • Web Master's E-mail:
  • Page last modified: Mar 10th, 2020 21:02 UTC