000
CXUS53 KGID 011633
CLMGRI


CLIMATE REPORT
NATIONAL WEATHER SERVICE HASTINGS NE
1131 AM CDT THU OCT 1 2020

...................................

...THE GRAND ISLAND NE CLIMATE SUMMARY FOR THE MONTH OF SEPTEMBER 2020...

CLIMATE NORMAL PERIOD 1981 TO 2010
CLIMATE RECORD PERIOD 1895 TO 2020

WEATHER         OBSERVED          NORMAL  DEPART  LAST YEAR`S
                 VALUE   DATE(S)  VALUE   FROM    VALUE  DATE(S)
                                          NORMAL
................................................................
TEMPERATURE (F)
RECORD
 HIGH             109   09/06/1931
 LOW               20   09/30/1920
HIGHEST            98   09/05        95       3       95  09/30
LOWEST             36   09/29        35       1       46  09/26
AVG. MAXIMUM     78.7              78.0     0.7     83.5
AVG. MINIMUM     51.6              52.3    -0.7     60.9
MEAN             65.2              65.1     0.1     72.2
DAYS MAX >= 90      3               3.7    -0.7        6
DAYS MAX <= 32      0               0.0     0.0        0
DAYS MIN <= 32      0               0.4    -0.4        0
DAYS MIN <= 0       0               0.0     0.0        0

PRECIPITATION (INCHES)
RECORD
 MAXIMUM         9.00   1965
 MINIMUM         0.01   1998
TOTALS           1.24              2.23   -0.99     1.37
DAILY AVG.       0.04              0.07   -0.03     0.05
DAYS >= .01         3               7.0    -4.0        6
DAYS >= .10         2               4.3    -2.3        4
DAYS >= .50         2               1.4     0.6        1
DAYS >= 1.00        0               0.5    -0.5        0
GREATEST
 24 HR. TOTAL    0.69   09/08 TO 09/08

SNOWFALL (INCHES)
RECORDS
 TOTAL            3.8   1985
TOTALS              T               0.1    -0.1      0.0
SINCE 7/1           T               0.1    -0.1      0.0
SNOWDEPTH AVG.      0                MM      MM        0
DAYS >= 1.0         0               0.0     0.0        0
GREATEST
 SNOW DEPTH         0   MM                             0  MM
 24 HR TOTAL        T   09/08 TO 09/08

DEGREE_DAYS
HEATING TOTAL      98               105      -7       11
 SINCE 7/1         98               115     -17       12
COOLING TOTAL     112               109       3      232
 SINCE 1/1       1268              1023     245     1153
.................................................................

WIND (MPH)
AVERAGE WIND SPEED              10.2
HIGHEST WIND SPEED/DIRECTION    36/340    DATE  09/28
HIGHEST GUST SPEED/DIRECTION    51/360    DATE  09/30

SKY COVER
POSSIBLE SUNSHINE (PERCENT)   MM
NUMBER OF DAYS FAIR           23
NUMBER OF DAYS PC              3
NUMBER OF DAYS CLOUDY          4

AVERAGE RH (PERCENT)     60

WEATHER CONDITIONS. NUMBER OF DAYS WITH
THUNDERSTORM              2     MIXED PRECIP               0
HEAVY RAIN                0     RAIN                       1
LIGHT RAIN                6     FREEZING RAIN              0
LT FREEZING RAIN          0     HAIL                       1
HEAVY SNOW                0     SNOW                       0
LIGHT SNOW                0     SLEET                      0
FOG                      12     FOG W/VIS <= 1/4 MILE      1
HAZE                     14

-  INDICATES NEGATIVE NUMBERS.
R  INDICATES RECORD WAS SET OR TIED.
MM INDICATES DATA IS MISSING.
T  INDICATES TRACE AMOUNT.

$$


USA.gov is the U.S. government's official web portal to all federal, state and local government web resources and services.
  • National Weather Service
  • WSO Pago Pago Weather Service Office
  • Pago Pago, AS
  • (684) 699-9130
  • Page Author: PPG Webmaster
  • Incorrect Region Format!
  • Web Master's E-mail:
  • Page last modified: Mar 10th, 2020 21:02 UTC