000
CXUS53 KGID 011549
CLMGRI


CLIMATE REPORT
NATIONAL WEATHER SERVICE HASTINGS NE
1048 AM CDT WED APR 1 2020

...................................

...THE GRAND ISLAND NE CLIMATE SUMMARY FOR THE MONTH OF MARCH 2020...

CLIMATE NORMAL PERIOD 1981 TO 2010
CLIMATE RECORD PERIOD 1895 TO 2020

WEATHER         OBSERVED          NORMAL  DEPART  LAST YEAR`S
                 VALUE   DATE(S)  VALUE   FROM    VALUE  DATE(S)
                                          NORMAL
................................................................
TEMPERATURE (F)
RECORD
 HIGH              90   03/16/2015
                        03/29/1986
                        03/31/1978
 LOW              -21   03/04/1960
HIGHEST            74   03/08        77      -3       76  03/27
LOWEST             15   03/20         7       8      -10  03/04
AVG. MAXIMUM     53.5              51.1     2.4     43.8
AVG. MINIMUM     32.5              27.6     4.9     24.4
MEAN             43.0              39.4     3.6     34.1
DAYS MAX >= 90      0               0.1    -0.1        0
DAYS MAX <= 32      1               2.9    -1.9        8
DAYS MIN <= 32     17              21.1    -4.1       22
DAYS MIN <= 0       0               0.5    -0.5        2

PRECIPITATION (INCHES)
RECORD
 MAXIMUM         6.63   1987
 MINIMUM            T   1907
TOTALS           2.86              1.80    1.06     3.67
DAILY AVG.       0.09              0.06    0.03     0.12
DAYS >= .01        12               7.1     4.9       12
DAYS >= .10         6               3.8     2.2        6
DAYS >= .50         2               1.2     0.8        2
DAYS >= 1.00        0               0.4    -0.4        1
GREATEST
 24 HR. TOTAL    0.99   03/28 TO 03/28

SNOWFALL (INCHES)
RECORDS
 TOTAL           23.5   1915
TOTALS            4.5               5.4    -0.9      8.2
SINCE 7/1        27.4              27.5    -0.1     34.3
SNOWDEPTH AVG.      0                MM      MM        2
DAYS >= 1.0         2               1.1     0.9        4
GREATEST
 SNOW DEPTH         3   03/14                          7  03/07
 24 HR TOTAL      2.2   03/13 TO 03/13

DEGREE_DAYS
HEATING TOTAL     674               796    -122      949
 SINCE 7/1       5157              5557    -400     5970
COOLING TOTAL       0                 0       0        0
 SINCE 1/1          0                 0       0        0
.................................................................

WIND (MPH)
AVERAGE WIND SPEED              12.6
HIGHEST WIND SPEED/DIRECTION    41/350    DATE  03/20
HIGHEST GUST SPEED/DIRECTION    54/360    DATE  03/19

SKY COVER
POSSIBLE SUNSHINE (PERCENT)   MM
NUMBER OF DAYS FAIR           11
NUMBER OF DAYS PC              8
NUMBER OF DAYS CLOUDY         12

AVERAGE RH (PERCENT)     68

WEATHER CONDITIONS. NUMBER OF DAYS WITH
THUNDERSTORM              1     MIXED PRECIP               0
HEAVY RAIN                3     RAIN                       3
LIGHT RAIN               11     FREEZING RAIN              0
LT FREEZING RAIN          1     HAIL                       0
HEAVY SNOW                1     SNOW                       2
LIGHT SNOW                5     SLEET                      0
FOG                      18     FOG W/VIS <= 1/4 MILE      9
HAZE                      0

-  INDICATES NEGATIVE NUMBERS.
R  INDICATES RECORD WAS SET OR TIED.
MM INDICATES DATA IS MISSING.
T  INDICATES TRACE AMOUNT.

$$


USA.gov is the U.S. government's official web portal to all federal, state and local government web resources and services.
  • National Weather Service
  • WSO Pago Pago Weather Service Office
  • Pago Pago, AS
  • (684) 699-9130
  • Page Author: PPG Webmaster
  • Incorrect Region Format!
  • Web Master's E-mail:
  • Page last modified: Mar 10th, 2020 21:02 UTC