000
CXUS53 KGRR 011110
CLMGRR


CLIMATE REPORT
NATIONAL WEATHER SERVICE GRAND RAPIDS, MI
557 AM EST SUN MAR 1 2020

...................................

...THE GRAND RAPIDS MI (ASOS) CLIMATE SUMMARY FOR THE MONTH OF FEBRUARY 2020...

CLIMATE NORMAL PERIOD 1981 TO 2010
CLIMATE RECORD PERIOD 1892 TO 2020

WEATHER         OBSERVED          NORMAL  DEPART  LAST YEAR`S
                 VALUE   DATE(S)  VALUE   FROM    VALUE  DATE(S)
                                          NORMAL
................................................................
TEMPERATURE (F)
RECORD
 HIGH              69   02/11/1999
 LOW              -24   02/14/1899
                        02/13/1899
HIGHEST            51   02/03        50       1       48  02/04
LOWEST              4   02/15        -3       7       -2  02/01
                        02/14
AVG. MAXIMUM     33.8              33.7     0.1     32.7
AVG. MINIMUM     21.2              19.9     1.3     18.4
MEAN             27.5              26.8     0.7     25.6
DAYS MAX >= 90      0               0.0     0.0        0
DAYS MAX <= 32     13              12.5     0.5       14
DAYS MIN <= 32     28              24.7     3.3       26
DAYS MIN <= 0       0               1.0    -1.0        1

PRECIPITATION (INCHES)
RECORD
 MAXIMUM         5.77   1898
 MINIMUM         0.21   1907
TOTALS           1.20              1.79   -0.59     3.43
DAILY AVG.       0.04                MM      MM     0.12
DAYS >= .01        13              12.2     0.8       20
DAYS >= .10         5               4.8     0.2       11
DAYS >= .50         0               0.8    -0.8        2
DAYS >= 1.00        0               0.2    -0.2        0
GREATEST
 24 HR. TOTAL    0.29   02/09 TO 02/09

SNOWFALL (INCHES)
RECORDS
 TOTAL           41.6   2008
 24 HR TOTAL     11.3   02/03/2007 TO 02/03/2007
 SNOW DEPTH        24   02/18/2014
TOTALS           15.9              14.8     1.1     20.4
SINCE 7/1        48.5              64.8   -16.3     68.5
SNOWDEPTH AVG.      1                MM      MM        4
DAYS >= TRACE      19              10.7     8.3       18
DAYS >= 1.0         7               4.6     2.4        9
GREATEST
 SNOW DEPTH         4   02/14                         12  02/01
                        02/10
 24 HR TOTAL      3.6   02/09 TO 02/09

DEGREE_DAYS
HEATING TOTAL    1081              1070      11     1099
 SINCE 7/1       4517              4812    -295     4904
COOLING TOTAL       0                 0       0        0
 SINCE 1/1          0                 0       0        0

FREEZE DATES
RECORD
 EARLIEST     09/03/1946
 LATEST       06/04/1945
EARLIEST                        10/13
LATEST                          05/02
.................................................................

WIND (MPH)
AVERAGE WIND SPEED              10.8
RESULTANT WIND SPEED/DIRECTION   4/272
HIGHEST WIND SPEED/DIRECTION    30/270    DATE  02/02
HIGHEST GUST SPEED/DIRECTION    44/270    DATE  02/02

SKY COVER
POSSIBLE SUNSHINE (PERCENT)   37
AVERAGE SKY COVER           0.70
NUMBER OF DAYS FAIR            5
NUMBER OF DAYS PC              8
NUMBER OF DAYS CLOUDY         16

AVERAGE RH (PERCENT)     70

WEATHER CONDITIONS. NUMBER OF DAYS WITH
THUNDERSTORM              0     MIXED PRECIP                0
HEAVY RAIN                0     RAIN                        1
LIGHT RAIN                4     FREEZING RAIN               0
LT FREEZING RAIN          2     HAIL                        1
HEAVY SNOW                2     SNOW                        5
LIGHT SNOW               17     SLEET                       1
FOG                      17     FOG W/VIS <= 1/4 MILE       2
HAZE                      9     BLOWING SNOW                0
TORNADO                   0

-  INDICATES NEGATIVE NUMBERS.
R  INDICATES RECORD WAS SET OR TIED.
MM INDICATES DATA IS MISSING.
T  INDICATES TRACE AMOUNT.

$$




USA.gov is the U.S. government's official web portal to all federal, state and local government web resources and services.
  • National Weather Service
  • WSO Pago Pago Weather Service Office
  • Pago Pago, AS
  • (684) 699-9130
  • Page Author: PPG Webmaster
  • Incorrect Region Format!
  • Web Master's E-mail:
  • Page last modified: Mar 10th, 2020 21:02 UTC