000
CXUS52 KRAH 011419
CLMGSO


CLIMATE REPORT
NATIONAL WEATHER SERVICE RALEIGH NC
1019 AM EDT WED APR 1 2020

...................................

...THE PIEDMONT TRIAD INTL AIRPORT NC CLIMATE SUMMARY FOR THE MONTH OF MARCH 2020...

CLIMATE NORMAL PERIOD 1981 TO 2010
CLIMATE RECORD PERIOD 1903 TO 2020

WEATHER         OBSERVED          NORMAL  DEPART  LAST YEAR`S
                 VALUE   DATE(S)  VALUE   FROM    VALUE
                                          NORMAL
.............................................................
TEMPERATURE (F)
RECORD
 HIGH              93   03/30/1907
 LOW                5   03/06/1960
HIGHEST            88   03/28                         76
LOWEST             22   03/01                         24
AVG. MAXIMUM     65.5              60.9     4.6     58.4
AVG. MINIMUM     46.1              39.1     7.0     37.7
MEAN             55.8              50.0     5.8     48.1
DAYS MAX >= 90      0                                  0
DAYS MAX <= 32      0                                  0
DAYS MIN <= 32      3                                  8
DAYS MIN <= 0       0                                  0

PRECIPITATION (INCHES)
RECORD
 MAXIMUM         8.76   1975
TOTALS           2.69              3.73   -1.04     3.19
DAYS >= .01        12              10.4     1.6
DAYS >= .10         8               6.5     1.5
DAYS >= .50         1               2.5    -1.5
DAYS >= 1.00        0               0.8    -0.8
GREATEST
 24 HR. TOTAL    1.35   03/24 TO 03/25

SNOWFALL (INCHES)
RECORDS
 TOTAL           21.3   1960
                        0
                        -26215
 SNOW DEPTH        14   03/10/1960
TOTALS            0.0               0.8    -0.8        T
SINCE 7/1         2.0
SNOWDEPTH AVG.      0
DAYS >= TRACE       0
DAYS >= 1.0         0               0.3    -0.3        0

DEGREE_DAYS
HEATING TOTAL     308               470    -162      517
 SINCE 7/1       2770              3325    -555     3227
COOLING TOTAL      31                 5      26        0
 SINCE 1/1         32                 5      27        6
..............................................................

WIND (MPH)
AVERAGE WIND SPEED              8.7
HIGHEST WIND SPEED/DIRECTION    33/320    DATE  03/06
HIGHEST GUST SPEED/DIRECTION    43/310    DATE  03/06

SKY COVER
POSSIBLE SUNSHINE (PERCENT)   MM
AVERAGE SKY COVER           0.80
NUMBER OF DAYS FAIR            1
NUMBER OF DAYS PC              7
NUMBER OF DAYS CLOUDY         23

AVERAGE RH (PERCENT)     65

WEATHER CONDITIONS. NUMBER OF DAYS WITH
THUNDERSTORM              1     MIXED PRECIP               0
HEAVY RAIN                2     RAIN                       4
LIGHT RAIN                13    FREEZING RAIN              0
LT FREEZING RAIN          0     HAIL                       0
HEAVY SNOW                0     SNOW                       0
LIGHT SNOW                0     SLEET                      0
FOG                       13    FOG W/VIS <= 1/4 MILE      2
HAZE                      3

-  INDICATES NEGATIVE NUMBERS.
R  INDICATES RECORD WAS SET OR TIED.
MM INDICATES DATA IS MISSING.
T  INDICATES TRACE AMOUNT.

&&

A RECORD HIGH TEMPERATURE OF 88 DEGREES WAS SET AT PIEDMONT
TRIAD INTERNATIONAL AIRPORT MARCH 28TH. THIS BROKE THE OLD RECORD OF
87 SET IN 1907.

A RECORD HIGH MINIMUM TEMPERATURE OF 63 DEGREES WAS SET AT
THE PIEDMONT TRIAD INTERNATIONAL AIRPORT ON MARCH 29TH. THIS BROKE
THE OLD RECORD OF 61 DEGREES SET IN 1989.

$$




USA.gov is the U.S. government's official web portal to all federal, state and local government web resources and services.
  • National Weather Service
  • WSO Pago Pago Weather Service Office
  • Pago Pago, AS
  • (684) 699-9130
  • Page Author: PPG Webmaster
  • Incorrect Region Format!
  • Web Master's E-mail:
  • Page last modified: Mar 10th, 2020 21:02 UTC