000
CXUS54 KAMA 011800
CLMGUY

CLIMATE REPORT
NATIONAL WEATHER SERVICE AMARILLO
100 PM CDT WED APR 01 2020

...................................

...THE GUYMON CLIMATE SUMMARY FOR THE MONTH OF MARCH 2020...

CLIMATE NORMAL PERIOD: 1981 TO 2010
CLIMATE RECORD PERIOD: 1998 TO 2020

WEATHER         OBSERVED          NORMAL  DEPART   LAST YEAR`S
                VALUE   DATE(S)   VALUE   FROM     VALUE DATE(S)
                                          NORMAL
................................................................
TEMPERATURE (F)
HIGHEST           89   03/26                          84  03/27
LOWEST            24   03/06                           9  03/05
AVG. MAXIMUM    65.8               61.1     4.7     57.5
AVG. MINIMUM    37.0               31.5     5.5     30.6
MEAN            51.4               46.3     5.1     44.0
DAYS MAX >= 90     0                0.2    -0.2        0
DAYS MAX <= 32     0                0.7    -0.7        3
DAYS MIN <= 32     9               16.2    -7.2       19
DAYS MIN <= 0      0                0.0     0.0        0

PRECIPITATION (INCHES)
TOTALS          0.97               1.43   -0.46     1.87
DAILY AVG.      0.03               0.05   -0.02     0.06
DAYS >= .01        6                 MM      MM       11
DAYS >= .10        2                 MM      MM        4
DAYS >= .50        0                 MM      MM        1
DAYS >= 1.00       0                 MM      MM        0
GREATEST
 24 HR. TOTAL   0.41   03/30 TO 03/30

SNOWFALL (INCHES)
TOTALS            MM                 MM      MM       MM
SINCE 7/1         MM                 MM      MM       MM
DAYS >= TRACE     MM                 MM      MM
DAYS >= 1.0       MM                 MM      MM        0
GREATEST
 SNOW DEPTH       MM
 24 HR TOTAL      MM

DEGREE DAYS
HEATING TOTAL    418                581    -163      642
 SINCE 7/1      3791               4048    -257     4220
COOLING TOTAL      4                  2       2        2
 SINCE 1/1         4                  2       2        2
................................................................

WIND (MPH)
AVERAGE WIND SPEED              13.1
HIGHEST WIND SPEED/DIRECTION    46/220    DATE  03/19
HIGHEST GUST SPEED/DIRECTION    58/230    DATE  03/19

SKY COVER
POSSIBLE SUNSHINE (PERCENT)   MM
NUMBER OF DAYS FAIR           23
NUMBER OF DAYS PC              4
NUMBER OF DAYS CLOUDY          4

AVERAGE RH (PERCENT)     56

WEATHER CONDITIONS. NUMBER OF DAYS WITH
THUNDERSTORM              1     MIXED PRECIP               0
HEAVY RAIN                1     RAIN                       2
LIGHT RAIN                7     FREEZING RAIN              0
LT FREEZING RAIN          0     HEAVY SNOW                 0
SNOW                      0     LIGHT SNOW                 0
SLEET                     0     FOG                        9
FOG W/VIS <= 1/4 MILE     2     HAZE                       0

-  INDICATES NEGATIVE NUMBERS.
R  INDICATES RECORD WAS SET OR TIED.
MM INDICATES DATA IS MISSING.
T  INDICATES TRACE AMOUNT.

$$



USA.gov is the U.S. government's official web portal to all federal, state and local government web resources and services.
  • National Weather Service
  • WSO Pago Pago Weather Service Office
  • Pago Pago, AS
  • (684) 699-9130
  • Page Author: PPG Webmaster
  • Incorrect Region Format!
  • Web Master's E-mail:
  • Page last modified: Mar 10th, 2020 21:02 UTC