000
CXUS54 KJAN 011626
CLMGWO


CLIMATE REPORT
NATIONAL WEATHER SERVICE JACKSON MS
1047 AM CDT WED APR 1 2020

...................................

...THE GREENWOOD CLIMATE SUMMARY FOR THE MONTH OF MARCH 2020...

CLIMATE NORMAL PERIOD 1981 TO 2010
CLIMATE RECORD PERIOD 1948 TO 2020

WEATHER         OBSERVED          NORMAL  DEPART  LAST YEAR`S
                 VALUE   DATE(S)  VALUE   FROM    VALUE  DATE(S)
                                          NORMAL
................................................................
TEMPERATURE (F)
RECORD
 HIGH              88   03/26/2020
                        03/23/1995
                        03/31/1963
 LOW               15   03/09/1996
                        03/03/1980
HIGHEST            88R  03/26        MM      MM       79  03/30
LOWEST             33   03/07        MM      MM       23  03/06
AVG. MAXIMUM     73.1              67.0     6.1     64.9
AVG. MINIMUM     54.1              44.0    10.1     41.9
MEAN             63.6              55.5     8.1     53.4
DAYS MAX >= 90      0               0.0     0.0        0
DAYS MAX <= 32      0               0.0     0.0        0
DAYS MIN <= 32      0               3.7    -3.7        5
DAYS MIN <= 0       0               0.0     0.0        0

PRECIPITATION (INCHES)
RECORD
 MAXIMUM        16.84   1973
 MINIMUM         0.33   2007
TOTALS           6.92              4.31    2.61     3.17
DAILY AVG.       0.22              0.14    0.08     0.10
DAYS >= .01        15               9.8     5.2        9
DAYS >= .10        11               6.7     4.3        6
DAYS >= .50         4               2.8     1.2        2
DAYS >= 1.00        3               1.4     1.6        0
GREATEST
 24 HR. TOTAL    1.41   03/23 TO 03/23              0.95

SNOWFALL (INCHES)
TOTALS            0.0

DEGREE_DAYS
HEATING TOTAL     104               316    -212      362
 SINCE 7/1       2005              2547    -542     2355
COOLING TOTAL      70                21      49        9
 SINCE 1/1         75                26      49       24
.................................................................

WIND (MPH)
AVERAGE WIND SPEED              8.2
HIGHEST WIND SPEED/DIRECTION    28/210    DATE  03/28
HIGHEST GUST SPEED/DIRECTION    37/210    DATE  03/28

SKY COVER
POSSIBLE SUNSHINE (PERCENT)   MM
AVERAGE SKY COVER           0.50
NUMBER OF DAYS FAIR            9
NUMBER OF DAYS PC             12
NUMBER OF DAYS CLOUDY         10

AVERAGE RH (PERCENT)     73

WEATHER CONDITIONS. NUMBER OF DAYS WITH
THUNDERSTORM             5   MIXED PRECIP               0
HEAVY RAIN               7   RAIN                      11
LIGHT RAIN              19   FREEZING RAIN              0
LT FREEZING RAIN         0   HAIL                       0
HEAVY SNOW               0   SNOW                       0
LIGHT SNOW               0   SLEET                      0
FOG                     14   FOG W/VIS <= 1/4 MILE      0
HAZE                     1

-  INDICATES NEGATIVE NUMBERS.
R  INDICATES RECORD WAS SET OR TIED.
MM INDICATES DATA IS MISSING.
T  INDICATES TRACE AMOUNT.

$$




USA.gov is the U.S. government's official web portal to all federal, state and local government web resources and services.
  • National Weather Service
  • WSO Pago Pago Weather Service Office
  • Pago Pago, AS
  • (684) 699-9130
  • Page Author: PPG Webmaster
  • Incorrect Region Format!
  • Web Master's E-mail:
  • Page last modified: Mar 10th, 2020 21:02 UTC