000
CXUS54 KJAN 010837
CLMHBG


CLIMATE REPORT
NATIONAL WEATHER SERVICE JACKSON MS
215 AM CST SUN MAR 1 2020

...................................

...THE HATTIESBURG CLIMATE SUMMARY FOR THE MONTH OF FEBRUARY 2020...

CLIMATE NORMAL PERIOD 1981 TO 2010
CLIMATE RECORD PERIOD 1893 TO 2020

WEATHER         OBSERVED          NORMAL  DEPART  LAST YEAR`S
                 VALUE   DATE(S)  VALUE   FROM    VALUE  DATE(S)
                                          NORMAL
................................................................
TEMPERATURE (F)
RECORD
 HIGH              85   02/22/2018
                        02/28/1948
                        08/30/2000
 LOW                7   02/03/1951
HIGHEST            78   02/18        MM      MM       82  02/07
                        02/11
                        02/10
LOWEST             29   02/28        MM      MM       35  02/13
                        02/22
AVG. MAXIMUM     66.4              63.4     3.0     69.4
AVG. MINIMUM     44.1              40.2     3.9     50.9
MEAN             55.2              51.8     3.4     60.1
DAYS MAX >= 90      0               0.0     0.0        0
DAYS MAX <= 32      0               0.0     0.0        0
DAYS MIN <= 32      6               5.8     0.2        0
DAYS MIN <= 0       0               0.0     0.0        0

PRECIPITATION (INCHES)
RECORD
 MAXIMUM        17.59   1961
 MINIMUM         0.72   2000
TOTALS           4.55              5.39   -0.84     6.01
DAILY AVG.       0.16                MM      MM     0.21
DAYS >= .01        13                MM      MM       14
DAYS >= .10         8                MM      MM        6
DAYS >= .50         3                MM      MM        4
DAYS >= 1.00        1                MM      MM        3
GREATEST
 24 HR. TOTAL    1.40   02/06 TO 02/06              1.74

SNOWFALL (INCHES)
TOTALS            0.0
SINCE 7/1         0.0
DAYS >= TRACE       0
DAYS >= 1.0         0
GREATEST
 24 HR TOTAL      0.0   02/29 TO 02/29

DEGREE_DAYS
HEATING TOTAL     302               379     -77      172
 SINCE 7/1       1419              1688    -269     1417
COOLING TOTAL      24                 9      15       41
 SINCE 1/1         33                16      17       41
.................................................................

WIND (MPH)
AVERAGE WIND SPEED              6.4
HIGHEST WIND SPEED/DIRECTION    33/310    DATE  02/26
HIGHEST GUST SPEED/DIRECTION    45/310    DATE  02/26

SKY COVER
POSSIBLE SUNSHINE (PERCENT)   MM
AVERAGE SKY COVER           0.50
NUMBER OF DAYS FAIR           11
NUMBER OF DAYS PC              8
NUMBER OF DAYS CLOUDY         10

AVERAGE RH (PERCENT)     73

WEATHER CONDITIONS. NUMBER OF DAYS WITH
THUNDERSTORM             3   MIXED PRECIP               0
HEAVY RAIN               6   RAIN                       9
LIGHT RAIN              15   FREEZING RAIN              0
LT FREEZING RAIN         0   HAIL                       0
HEAVY SNOW               0   SNOW                       0
LIGHT SNOW               0   SLEET                      0
FOG                     15   FOG W/VIS <= 1/4 MILE      4
HAZE                     2

-  INDICATES NEGATIVE NUMBERS.
R  INDICATES RECORD WAS SET OR TIED.
MM INDICATES DATA IS MISSING.
T  INDICATES TRACE AMOUNT.

$$




USA.gov is the U.S. government's official web portal to all federal, state and local government web resources and services.
  • National Weather Service
  • WSO Pago Pago Weather Service Office
  • Pago Pago, AS
  • (684) 699-9130
  • Page Author: PPG Webmaster
  • Incorrect Region Format!
  • Web Master's E-mail:
  • Page last modified: Mar 10th, 2020 21:02 UTC