000
CXUS56 KPQR 011832 AAA
CLMHIO

CLIMATE REPORT...CORRECTED
NATIONAL WEATHER SERVICE PORTLAND OREGON
1012 AM PST SUN MAR 1 2020

...................................

...THE HILLSBORO OR CLIMATE SUMMARY FOR THE MONTH OF FEBRUARY 2020...

CLIMATE NORMAL PERIOD 1981 TO 2010
CLIMATE RECORD PERIOD 1929 TO 2020

WEATHER         OBSERVED          NORMAL  DEPART  LAST YEAR`S
                 VALUE   DATE(S)  VALUE   FROM    VALUE  DATE(S)
                                          NORMAL
................................................................
TEMPERATURE (F)
HIGHEST            64                                 53  02/02
LOWEST             24                                 21  02/07
                                                          02/06
AVG. MAXIMUM     51.3              50.9     0.4     42.9
AVG. MINIMUM     32.2              33.8    -1.6     31.0
MEAN             41.7              42.3    -0.6     36.9
DAYS MAX >= 90      0               0.0     0.0        0
DAYS MAX <= 32      0               0.0     0.0        0
DAYS MIN <= 32     19              11.3     7.7       16
DAYS MIN <= 0       0               0.0     0.0        0

PRECIPITATION (INCHES)
RECORD
 MAXIMUM        10.31   1999
 MINIMUM         0.38   1964
TOTALS           1.49              4.41   -2.92     4.96
DAYS >= .01        12                MM      MM       21
DAYS >= .10         5                MM      MM       12
DAYS >= .50         1                MM      MM        2
DAYS >= 1.00        0                MM      MM        1
GREATEST
 24 HR. TOTAL    0.57   02/15 TO 02/15

DEGREE_DAYS
HEATING TOTAL     665               634      31      780
 SINCE 7/1       3306              3548    -242     3358
COOLING TOTAL       0                 0       0        0
 SINCE 1/1          0                 0       0        0
.................................................................

WIND (MPH)
AVERAGE WIND SPEED              4.4
RESULTANT WIND SPEED/DIRECTION   1/202
HIGHEST WIND SPEED/DIRECTION    29/270    DATE  02/23
HIGHEST GUST SPEED/DIRECTION    40/260    DATE  02/23

SKY COVER
POSSIBLE SUNSHINE (PERCENT)   MM
AVERAGE SKY COVER           0.60

AVERAGE RH (PERCENT)     79

WEATHER CONDITIONS. NUMBER OF DAYS WITH
THUNDERSTORMS             0     MIXED PRECIP                0
HEAVY RAIN                0     RAIN                        3
LIGHT RAIN               15     FREEZING RAIN               0
LT FREEZING RAIN          0     HAIL                        0
HEAVY SNOW                0     SNOW                        0
LIGHT SNOW                1     SLEET                       0
FOG                      22     FOG W/VIS <= 1/4 MILE      11
HAZE                      4


-  INDICATES NEGATIVE NUMBERS.
R  INDICATES RECORD WAS SET OR TIED.
MM INDICATES DATA IS MISSING.
T  INDICATES TRACE AMOUNT.

$$



USA.gov is the U.S. government's official web portal to all federal, state and local government web resources and services.
  • National Weather Service
  • WSO Pago Pago Weather Service Office
  • Pago Pago, AS
  • (684) 699-9130
  • Page Author: PPG Webmaster
  • Incorrect Region Format!
  • Web Master's E-mail:
  • Page last modified: Mar 10th, 2020 21:02 UTC