000
CXUS53 KGLD 031635 RRA
CLMHLC

CLIMATE REPORT
NATIONAL WEATHER SERVICE GOODLAND
929 AM MST TUE MAR 3 2020

...................................

...THE HILL CITY CLIMATE SUMMARY FOR THE MONTH OF FEBRUARY 2020...

CLIMATE NORMAL PERIOD 1981 TO 2010
CLIMATE RECORD PERIOD 1896 TO 2020

WEATHER         OBSERVED          NORMAL  DEPART  LAST YEAR`S
                 VALUE   DATE(S)  VALUE   FROM    VALUE  DATE(S)
                                          NORMAL
................................................................
TEMPERATURE (F)
RECORD
 HIGH              86   02/28/2006
 LOW              -19   02/01/1951
HIGHEST            83   02/02        73      10       65  02/03
LOWEST              4   02/20         0       4       -4  02/08
AVG. MAXIMUM     48.4              46.0     2.4     34.6
AVG. MINIMUM     21.0              19.8     1.2     14.1
MEAN             34.7              32.9     1.8     24.3
DAYS MAX >= 90      0               0.0     0.0        0
DAYS MAX <= 32      2               4.4    -2.4       14
DAYS MIN <= 32     27              25.4     1.6       28
DAYS MIN <= 0       0               1.3    -1.3        1

PRECIPITATION (INCHES)
RECORD
 MAXIMUM         3.19   1919
 MINIMUM         0.00   2006
TOTALS           0.68              0.52    0.16     0.16
DAILY AVG.       0.02                MM      MM     0.01
DAYS >= .01         4                MM      MM        5
DAYS >= .10         2                MM      MM        0
DAYS >= .50         1                MM      MM        0
DAYS >= 1.00        0                MM      MM        0
GREATEST
 24 HR. TOTAL    0.52   02/23 TO 02/23              0.05


.................................................................



-  INDICATES NEGATIVE NUMBERS.
R  INDICATES RECORD WAS SET OR TIED.
MM INDICATES DATA IS MISSING.
T  INDICATES TRACE AMOUNT.

$$


USA.gov is the U.S. government's official web portal to all federal, state and local government web resources and services.
  • National Weather Service
  • WSO Pago Pago Weather Service Office
  • Pago Pago, AS
  • (684) 699-9130
  • Page Author: PPG Webmaster
  • Incorrect Region Format!
  • Web Master's E-mail:
  • Page last modified: Mar 10th, 2020 21:02 UTC