000
CXHW50 PHFO 011625
CLMHNL


CLIMATE REPORT
NATIONAL WEATHER SERVICE HONOLULU HI
625 AM HST SUN MAR 1 2020

...................................

...THE HONOLULU HI CLIMATE SUMMARY FOR THE MONTH OF FEBRUARY 2020...

CLIMATE NORMAL PERIOD 1981 TO 2010
CLIMATE RECORD PERIOD 1940 TO 2020

WEATHER         OBSERVED          NORMAL  DEPART  LAST YEAR`S
                 VALUE   DATE(S)  VALUE   FROM    VALUE  DATE(S)
                                          NORMAL
................................................................
TEMPERATURE (F)
RECORD
 HIGH              88   02/11/1984
 LOW               53   02/12/1983
                        02/09/1981
                        02/02/1976
HIGHEST            87   02/13        81       6       84  02/07
LOWEST             60   02/08        65      -5       61  02/14
                                                          02/13
                                                          02/11
AVG. MAXIMUM     81.6              80.2     1.4     79.6
AVG. MINIMUM     68.2              66.1     2.1     64.7
MEAN             74.9              73.1     1.8     72.1
DAYS MAX >= 90      0               0.0     0.0        0
DAYS MAX <= 32      0               0.0     0.0        0
DAYS MIN <= 32      0               0.0     0.0        0
DAYS MIN <= 0       0               0.0     0.0        0

PRECIPITATION (INCHES)
RECORD
 MAXIMUM        13.68   1955
 MINIMUM         0.06   1983
TOTALS           0.88              1.99   -1.11     2.17
DAILY AVG.       0.03                MM      MM     0.08
DAYS >= .01        10               7.4     2.6       16
DAYS >= .10         4               2.8     1.2        9
DAYS >= .50         0               1.1    -1.1        1
DAYS >= 1.00        0               0.4    -0.4        0
GREATEST
 24 HR. TOTAL    0.37   02/05 TO 02/05              0.53

SNOWFALL (INCHES)
RECORDS
 TOTAL            0.0   5
                        0
                        -26215
TOTALS            0.0               0.0     0.0      0.0
SINCE 7/1         0.0               0.0     0.0      0.0
SNOWDEPTH AVG.     MM                MM      MM       MM
DAYS >= 1.0         0               0.0     0.0        0
GREATEST
 SNOW DEPTH        MM                                 MM  MM
 24 HR TOTAL      0.0   02/29 TO 02/29               0.0

DEGREE_DAYS
HEATING TOTAL       0                 0       0        0
 SINCE 7/1          0                 0       0        0
COOLING TOTAL     296               228      68      200
 SINCE 1/1        635               490     145      532
.................................................................

WIND (MPH)
AVERAGE WIND SPEED              11.9
HIGHEST WIND SPEED/DIRECTION    33/060    DATE  02/29
HIGHEST GUST SPEED/DIRECTION    46/070    DATE  02/29

SKY COVER
POSSIBLE SUNSHINE (PERCENT)   MM
AVERAGE SKY COVER             MM
NUMBER OF DAYS FAIR            0
NUMBER OF DAYS PC              0
NUMBER OF DAYS CLOUDY          0

AVERAGE RH (PERCENT)     MM

WEATHER CONDITIONS. NUMBER OF DAYS WITH
THUNDERSTORM              0     MIXED PRECIP               0
HEAVY RAIN                0     RAIN                       0
LIGHT RAIN                0     FREEZING RAIN              0
LT FREEZING RAIN          0     HAIL                       0
HEAVY SNOW                0     SNOW                       0
LIGHT SNOW                0     SLEET                      0
FOG                       1     FOG W/VIS <= 1/4 MILE      0
HAZE                      0

-  INDICATES NEGATIVE NUMBERS.
R  INDICATES RECORD WAS SET OR TIED.
MM INDICATES DATA IS MISSING.
T  INDICATES TRACE AMOUNT.

$$


USA.gov is the U.S. government's official web portal to all federal, state and local government web resources and services.
  • National Weather Service
  • WSO Pago Pago Weather Service Office
  • Pago Pago, AS
  • (684) 699-9130
  • Page Author: PPG Webmaster
  • Incorrect Region Format!
  • Web Master's E-mail:
  • Page last modified: Mar 10th, 2020 21:02 UTC