000
CXUS53 KFSD 011614
CLMHON

CLIMATE REPORT
NATIONAL WEATHER SERVICE SIOUX FALLS SD
1008 AM CST SUN MAR 01 2020

...................................

...THE HURON CLIMATE SUMMARY FOR THE MONTH OF FEBRUARY 2020...

CLIMATE NORMAL PERIOD: 1981 TO 2010
CLIMATE RECORD PERIOD: 1881 TO 2020

WEATHER         OBSERVED          NORMAL  DEPART   LAST YEAR`S
                VALUE   DATE(S)   VALUE   FROM     VALUE DATE(S)
                                          NORMAL
................................................................
TEMPERATURE (F)
RECORD
 HIGH             71   02/25/1958
 LOW             -41   02/09/1994
HIGHEST           45   02/02         MM      MM       29  02/01
LOWEST           -23   02/13         MM      MM      -19  02/08
AVG. MAXIMUM    29.7               31.8    -2.1     13.5
AVG. MINIMUM     9.5               11.4    -1.9     -3.6
MEAN            19.6               21.6    -2.0      5.0
DAYS MAX >= 90     0                0.0     0.0        0
DAYS MAX <= 32    17               13.7     3.3       28
DAYS MIN <= 32    29               26.8     2.2       28
DAYS MIN <= 0      6                6.6    -0.6       20

PRECIPITATION (INCHES)
RECORD
 MAXIMUM        3.87   1962
 MINIMUM        0.03   1968
TOTALS          0.90               0.60    0.30     1.09
DAILY AVG.      0.03                NAN     NAN     0.04
DAYS >= .01        6                6.3    -0.3       12
DAYS >= .10        2                1.9     0.1        3
DAYS >= .50        1                0.1     0.9        0
DAYS >= 1.00       0                0.0     0.0        0
GREATEST
 24 HR. TOTAL   0.75   02/08 TO 02/09

SNOWFALL (INCHES)
RECORDS
 TOTAL          39.9   1962
TOTALS          12.3                7.4     4.9     16.3
SINCE 7/1       47.1               31.0    16.1       MM
SNOWDEPTH AVG.     7                                   6
DAYS >= 1.0        3                2.2     0.8        6
GREATEST
 SNOW DEPTH       17                                  11  02/23
 24 HR TOTAL    10.4   02/08 TO 02/09

DEGREE DAYS
HEATING TOTAL   1312               1215      97     1673
 SINCE 7/1      5873               5908     -35     6416
COOLING TOTAL      0                  0       0        0
 SINCE 1/1         0                  0       0        0
................................................................

WIND (MPH)
AVERAGE WIND SPEED              10.0
HIGHEST WIND SPEED/DIRECTION    37/350    DATE  02/12
HIGHEST GUST SPEED/DIRECTION    49/010    DATE  02/12

SKY COVER
POSSIBLE SUNSHINE (PERCENT)   MM
AVERAGE SKY COVER           0.38
NUMBER OF DAYS FAIR           16
NUMBER OF DAYS PC              9
NUMBER OF DAYS CLOUDY          4

AVERAGE RH (PERCENT)     80

WEATHER CONDITIONS. NUMBER OF DAYS WITH
THUNDERSTORM              0     MIXED PRECIP               0
HEAVY RAIN                0     RAIN                       0
LIGHT RAIN                0     FREEZING RAIN              0
LT FREEZING RAIN          0     HAIL                       0
HEAVY SNOW                2     SNOW                       3
LIGHT SNOW                8     SLEET                      0
FOG                      14     FOG W/VIS <= 1/4 MILE      4
HAZE                      0

-  INDICATES NEGATIVE NUMBERS.
R  INDICATES RECORD WAS SET OR TIED.
MM INDICATES DATA IS MISSING.
T  INDICATES TRACE AMOUNT.

$$


USA.gov is the U.S. government's official web portal to all federal, state and local government web resources and services.
  • National Weather Service
  • WSO Pago Pago Weather Service Office
  • Pago Pago, AS
  • (684) 699-9130
  • Page Author: PPG Webmaster
  • Incorrect Region Format!
  • Web Master's E-mail:
  • Page last modified: Mar 10th, 2020 21:02 UTC